{"id":33731,"date":"2007-03-28T12:24:10","date_gmt":"2007-03-28T10:24:10","guid":{"rendered":"http:\/\/www.libraria-occitana.org\/?post_type=product&#038;p=33731\/"},"modified":"2026-04-28T00:51:22","modified_gmt":"2026-04-27T22:51:22","slug":"les-souterrains-de-limoges","status":"publish","type":"product","link":"https:\/\/www.libraria-occitana.org\/en\/product\/les-souterrains-de-limoges\/","title":{"rendered":"Les souterrains de Limoges"},"content":{"rendered":"<p>En l&#8217;an 1680, le trouble envahit l&#8217;abbaye de Saint-Martin-l\u00e8s-Limoges. Le fr\u00e8re Martial, jeune moine avide de science, a-t-il conclu un pacte avec les forces diaboliques ? Est-il l&#8217;auteur de la s\u00e9rie de meurtres perp\u00e9tr\u00e9s dans la contr\u00e9e par une \u00e9trange cr\u00e9ature ? L&#8217;enqu\u00eate de deux fr\u00e8res feuillants les m\u00e8ne au c\u0153ur des souterrains de Limoges.<\/p>\n<p>Le c\u00e9l\u00e8bre d\u00e9dale, \u00e9l\u00e9ment de l&#8217;histoire et de l&#8217;imaginaire de la cit\u00e9 limousine, s&#8217;anime de toute une vie fabuleuse et inqui\u00e9tante.<\/p>\n<p>Magie, loup-garou, empoisonnement, adult\u00e8re, passion destructrice sur fond d&#8217;histoire de France : \u00e0 un rythme effr\u00e9n\u00e9, tous les ingr\u00e9dients du roman-feuilleton s&#8217;encha\u00eenent pour le plus grand plaisir du lecteur.<\/p>\n<p>Ce roman-feuilleton a paru dans les colonnes de <em>L&#8217;Ordre<\/em> entre d\u00e9cembre 1845 et mars 1846. Red\u00e9couvert r\u00e9cemment, il est publi\u00e9 ici pour la premi\u00e8re fois.<\/p>\n<p><em>Note historique<\/em>&#8230; par St\u00e9phane Capot, conservateur des Archives municipales de Limoges.<\/p>\n","protected":false},"excerpt":{"rendered":"<p>En l&#8217;an 1680, le trouble envahit l&#8217;abbaye de Saint-Martin-l\u00e8s-Limoges. Le fr\u00e8re Martial, jeune moine avide de science, a-t-il conclu un pacte avec les forces diaboliques ? Est-il l&#8217;auteur de la s\u00e9rie de meurtres perp\u00e9tr\u00e9s dans la contr\u00e9e par une \u00e9trange cr\u00e9ature ? L&#8217;enqu\u00eate de deux fr\u00e8res feuillants les m\u00e8ne au c\u0153ur des souterrains de Limoges. [&hellip;]<\/p>\n","protected":false},"featured_media":37377,"template":"","meta":{"_acf_changed":false,"_genesis_hide_title":false,"_genesis_hide_breadcrumbs":false,"_genesis_hide_singular_image":false,"_genesis_hide_footer_widgets":false,"_genesis_custom_body_class":"","_genesis_custom_post_class":"","_genesis_layout":""},"product_brand":[],"product_cat":[7132,7174,7182],"product_tag":[],"class_list":{"0":"post-33731","1":"product","2":"type-product","3":"status-publish","4":"has-post-thumbnail","6":"product_cat-books","7":"product_cat-literature-en","8":"product_cat-novels-short-stories-en","9":"pa_auteur-m-aug-en","10":"pa_editeur-les-ardents-editeurs-en","11":"pa_langue-francais-en","12":"entry","14":"first","15":"instock","16":"shipping-taxable","17":"purchasable","18":"product-type-simple"},"acf":[],"_links":{"self":[{"href":"https:\/\/www.libraria-occitana.org\/en\/wp-json\/wp\/v2\/product\/33731","targetHints":{"allow":["GET"]}}],"collection":[{"href":"https:\/\/www.libraria-occitana.org\/en\/wp-json\/wp\/v2\/product"}],"about":[{"href":"https:\/\/www.libraria-occitana.org\/en\/wp-json\/wp\/v2\/types\/product"}],"wp:featuredmedia":[{"embeddable":true,"href":"https:\/\/www.libraria-occitana.org\/en\/wp-json\/wp\/v2\/media\/37377"}],"wp:attachment":[{"href":"https:\/\/www.libraria-occitana.org\/en\/wp-json\/wp\/v2\/media?parent=33731"}],"wp:term":[{"taxonomy":"product_brand","embeddable":true,"href":"https:\/\/www.libraria-occitana.org\/en\/wp-json\/wp\/v2\/product_brand?post=33731"},{"taxonomy":"product_cat","embeddable":true,"href":"https:\/\/www.libraria-occitana.org\/en\/wp-json\/wp\/v2\/product_cat?post=33731"},{"taxonomy":"product_tag","embeddable":true,"href":"https:\/\/www.libraria-occitana.org\/en\/wp-json\/wp\/v2\/product_tag?post=33731"}],"curies":[{"name":"wp","href":"https:\/\/api.w.org\/{rel}","templated":true}]}}

<p>En l&#8217;an 1680, le trouble envahit l&#8217;abbaye de Saint-Martin-lès-Limoges. Le frère Martial, jeune moine avide de science, a-t-il conclu un pacte avec les forces diaboliques ? Est-il l&#8217;auteur de la série de meurtres perpétrés dans la contrée par une étrange créature ? L&#8217;enquête de deux frères feuillants les mène au cœur des souterrains de Limoges.</p>
<p>Le célèbre dédale, élément de l&#8217;histoire et de l&#8217;imaginaire de la cité limousine, s&#8217;anime de toute une vie fabuleuse et inquiétante.</p>
<p>Magie, loup-garou, empoisonnement, adultère, passion destructrice sur fond d&#8217;histoire de France : à un rythme effréné, tous les ingrédients du roman-feuilleton s&#8217;enchaînent pour le plus grand plaisir du lecteur.</p>
<p>Ce roman-feuilleton a paru dans les colonnes de <em>L&#8217;Ordre</em> entre décembre 1845 et mars 1846. Redécouvert récemment, il est publié ici pour la première fois.</p>
<p><em>Note historique</em>&#8230; par Stéphane Capot, conservateur des Archives municipales de Limoges.</p>

<p>En l&#8217;an 1680, le trouble envahit l&#8217;abbaye de Saint-Martin-lès-Limoges. Le frère Martial, jeune moine avide de science, a-t-il conclu un pacte avec les forces diaboliques ? Est-il l&#8217;auteur de la série de meurtres perpétrés dans la contrée par une étrange créature ? L&#8217;enquête de deux frères feuillants les mène au cœur des souterrains de Limoges. [&hellip;]</p>
