{"id":33736,"date":"2024-07-15T18:27:03","date_gmt":"2024-07-15T16:27:03","guid":{"rendered":"http:\/\/www.libraria-occitana.org\/?post_type=product&#038;p=33736\/"},"modified":"2026-04-26T07:52:03","modified_gmt":"2026-04-26T05:52:03","slug":"les-wisigoths-peuple-nomade-peuple-souverain-ier-viiie-siecle","status":"publish","type":"product","link":"https:\/\/www.libraria-occitana.org\/en\/product\/les-wisigoths-peuple-nomade-peuple-souverain-ier-viiie-siecle\/","title":{"rendered":"Les wisigoths : Peuple nomade &#8211; Peuple souverain (Ier-VIIIe si\u00e8cle)"},"content":{"rendered":"<p>Les Goths ! Un peuple aujourd&#8217;hui encore m\u00e9connu, occult\u00e9 par les manuels scolaires fran\u00e7ais qui privil\u00e9gient les images d&#8217;\u00c9pinal m\u00e9rovingiennes en guise d&#8217;Histoire. Un peuple migrant &#8211; connu et d\u00e9crit par de nombreux auteurs de l&#8217;Antiquit\u00e9 tels Tacite, Pline ou Strabon &#8211; qui, parti de la Baltique au Ier si\u00e8cle, n&#8217;acheva qu&#8217;en 711, en Ib\u00e9rie, son \u00e9pop\u00e9e multi-s\u00e9culaire.<\/p>\n<p>Un peuple de guerriers pluri-ethnique &#8211; Amale, Balte &#8211; qui parvint \u00e0 se fondre assez facilement dans l&#8217;environnement de l&#8217;empire romain, tout en conservant sa propre langue, son \u00e9criture et son alphabet, sa religion, son histoire mythique&#8230;<\/p>\n<p>Un peuple nomade peu nombreux qui r\u00e9ussira sa s\u00e9dentarisation sur de nouvelles terres capables d&#8217;assurer sa subsistance et qui constituera, \u00e0 l&#8217;aube d&#8217;un \u00e2ge qui ne fut pas &#8220;moyen&#8221;, le plus vaste royaume d&#8217;Occident, avec ses rois b\u00e2tisseurs, ses coutumes, ses lois, ses forteresses&#8230; Dans cette Antiquit\u00e9 tardive, les Wisigoths maintiendront et transmettront les valeurs et la culture romaines malgr\u00e9 la disparition du si\u00e8ge imp\u00e9rial d&#8217;Occident.<\/p>\n","protected":false},"excerpt":{"rendered":"<p>Les Goths ! Un peuple aujourd&#8217;hui encore m\u00e9connu, occult\u00e9 par les manuels scolaires fran\u00e7ais qui privil\u00e9gient les images d&#8217;\u00c9pinal m\u00e9rovingiennes en guise d&#8217;Histoire. Un peuple migrant &#8211; connu et d\u00e9crit par de nombreux auteurs de l&#8217;Antiquit\u00e9 tels Tacite, Pline ou Strabon &#8211; qui, parti de la Baltique au Ier si\u00e8cle, n&#8217;acheva qu&#8217;en 711, en Ib\u00e9rie, [&hellip;]<\/p>\n","protected":false},"featured_media":60063,"template":"","meta":{"_acf_changed":false,"_genesis_hide_title":false,"_genesis_hide_breadcrumbs":false,"_genesis_hide_singular_image":false,"_genesis_hide_footer_widgets":false,"_genesis_custom_body_class":"","_genesis_custom_post_class":"","_genesis_layout":""},"product_brand":[],"product_cat":[7154,7132,7148],"product_tag":[],"class_list":{"0":"post-33736","1":"product","2":"type-product","3":"status-publish","4":"has-post-thumbnail","6":"product_cat-ancient-history-en","7":"product_cat-books","8":"product_cat-history-geography-en","9":"pa_auteur-labouysse-georges-en","10":"pa_editeur-infoc-occitania-en","11":"pa_langue-francais-en","12":"entry","14":"first","15":"outofstock","16":"shipping-taxable","17":"purchasable","18":"product-type-simple"},"acf":[],"_links":{"self":[{"href":"https:\/\/www.libraria-occitana.org\/en\/wp-json\/wp\/v2\/product\/33736","targetHints":{"allow":["GET"]}}],"collection":[{"href":"https:\/\/www.libraria-occitana.org\/en\/wp-json\/wp\/v2\/product"}],"about":[{"href":"https:\/\/www.libraria-occitana.org\/en\/wp-json\/wp\/v2\/types\/product"}],"wp:featuredmedia":[{"embeddable":true,"href":"https:\/\/www.libraria-occitana.org\/en\/wp-json\/wp\/v2\/media\/60063"}],"wp:attachment":[{"href":"https:\/\/www.libraria-occitana.org\/en\/wp-json\/wp\/v2\/media?parent=33736"}],"wp:term":[{"taxonomy":"product_brand","embeddable":true,"href":"https:\/\/www.libraria-occitana.org\/en\/wp-json\/wp\/v2\/product_brand?post=33736"},{"taxonomy":"product_cat","embeddable":true,"href":"https:\/\/www.libraria-occitana.org\/en\/wp-json\/wp\/v2\/product_cat?post=33736"},{"taxonomy":"product_tag","embeddable":true,"href":"https:\/\/www.libraria-occitana.org\/en\/wp-json\/wp\/v2\/product_tag?post=33736"}],"curies":[{"name":"wp","href":"https:\/\/api.w.org\/{rel}","templated":true}]}}

Les wisigoths : Peuple nomade &#8211; Peuple souverain (Ier-VIIIe siècle)

<p>Les Goths ! Un peuple aujourd&#8217;hui encore méconnu, occulté par les manuels scolaires français qui privilégient les images d&#8217;Épinal mérovingiennes en guise d&#8217;Histoire. Un peuple migrant &#8211; connu et décrit par de nombreux auteurs de l&#8217;Antiquité tels Tacite, Pline ou Strabon &#8211; qui, parti de la Baltique au Ier siècle, n&#8217;acheva qu&#8217;en 711, en Ibérie, son épopée multi-séculaire.</p>
<p>Un peuple de guerriers pluri-ethnique &#8211; Amale, Balte &#8211; qui parvint à se fondre assez facilement dans l&#8217;environnement de l&#8217;empire romain, tout en conservant sa propre langue, son écriture et son alphabet, sa religion, son histoire mythique&#8230;</p>
<p>Un peuple nomade peu nombreux qui réussira sa sédentarisation sur de nouvelles terres capables d&#8217;assurer sa subsistance et qui constituera, à l&#8217;aube d&#8217;un âge qui ne fut pas &#8220;moyen&#8221;, le plus vaste royaume d&#8217;Occident, avec ses rois bâtisseurs, ses coutumes, ses lois, ses forteresses&#8230; Dans cette Antiquité tardive, les Wisigoths maintiendront et transmettront les valeurs et la culture romaines malgré la disparition du siège impérial d&#8217;Occident.</p>

<p>Les Goths ! Un peuple aujourd&#8217;hui encore méconnu, occulté par les manuels scolaires français qui privilégient les images d&#8217;Épinal mérovingiennes en guise d&#8217;Histoire. Un peuple migrant &#8211; connu et décrit par de nombreux auteurs de l&#8217;Antiquité tels Tacite, Pline ou Strabon &#8211; qui, parti de la Baltique au Ier siècle, n&#8217;acheva qu&#8217;en 711, en Ibérie, [&hellip;]</p>
