{"id":33738,"date":"2026-08-31T16:55:45","date_gmt":"2026-08-31T14:55:45","guid":{"rendered":"http:\/\/www.libraria-occitana.org\/?post_type=product&#038;p=33738\/"},"modified":"2026-08-31T16:55:49","modified_gmt":"2026-08-31T14:55:49","slug":"les-cahiers-max-rouquette-2-1908-2008-numero-special-centenaire","status":"publish","type":"product","link":"https:\/\/www.libraria-occitana.org\/en\/product\/les-cahiers-max-rouquette-2-1908-2008-numero-special-centenaire\/","title":{"rendered":"LES CAHIERS MAX ROUQUETTE 2 : 1908-2008 NUMERO SPECIAL CENTENAIRE"},"content":{"rendered":"<p style=\"margin:0;\"><span style=\"font-family:'Times New Roman';font-size:12pt;\">Les cahiers Max Rouquette 2 : 1908-2008 Num\u00e9ro sp\u00e9cial centenaire<\/p>\n<p>Ensenhador :<\/p>\n<p>T\u00e9moignages<br \/>&#8211; Max Rouquette par Georges Dezeuze<br \/>&#8211; Cosmique Rouquette, par Dominique Aussenac<br \/>&#8211; Comment j&#8217;ai connu Max Rouquette, par Philippe-Jean Catinchi<br \/>&#8211; Bona F\u00e8sta, Max, par Jean-Marie Petit<br \/>&#8211; Lectura de Max Roqueta, par Yves Rouquette<br \/>&#8211; Le ciel et la terre, par Serg\u00ed Javaloy\u00e8s<br \/>&#8211; Sur le chemin si souvent crois\u00e9 de Max Rouquette, par Jean-Louis Pouliquen<br \/>&#8211; Place P\u00e9trarque, par Robert Briatte<br \/>&#8211; Max Rouquette, un grand astreignant, par Lionel Navarro<br \/>&#8211; Max Rouquette et le tambourin, par Robert Souchon<\/p>\n<p>Correspondances<br \/>&#8211; Deux lettres de Max Rouquette, par Fr\u00e9d\u00e9ric-Jacques Temple<br \/>&#8211; Po\u00e8mes crois\u00e9s : Max Rouquette et Fr\u00e9d\u00e9ric-Jacques Temple<br \/>&#8211; Max Rouquette et Bernard Manciet, par Jean-Fr\u00e9d\u00e9ric Brun<\/p>\n<p>Regards sur l&#8217;oeuvre<br \/>&#8211; D&#8217;Argelliers au jardin des plantes de Montpellier, par Philippe Gardy<br \/>&#8211; Max Rouquette et ses arbres, par Josiane Ubaud<br \/>&#8211; Dans le rythme paisible des palmes d&#8217;un jour de P\u00e2ques, par Samuel Brussell<br \/>&#8211; L&#8217;\u00e9criture comme transmigration, par Roland P\u00e9cout<br \/>&#8211; Fallait-il ? Ne fallait-il pas ? par Robert Lafont<br \/>&#8211; Max Rouquette traducteur de soi-m\u00eame, par Fran\u00e7oise Wyatt<\/p>\n<p>Nombreuses photos en noir et blanc de Andr\u00e9 Hampartzoumian, Michel Descossy, Georges Souche, Fr\u00e9d\u00e9ric Jaulmes, Josiane Ubaud&#8230;<br \/>Couverture : Photo Charles Camberoque<\/p>\n<p>Revuda Les cahiers Max Rouquette N\u00b0 2 sp\u00e9cial centenaire<br \/>Autor : Collectiu<br \/>Linga : Franc\u00e9s, occitan<br \/>Parucion : 06\/2008<br \/>Editor : Amistats Max Rouquette<br \/>Nb de pajas : 63<br \/>Format : 21 x 30 cm<br \/>P\u00e9s : 288 g<br \/><\/span><\/p>\n","protected":false},"excerpt":{"rendered":"<p>Les cahiers Max Rouquette 2 : 1908-2008 Num\u00e9ro sp\u00e9cial centenaire Ensenhador : T\u00e9moignages&#8211; Max Rouquette par Georges Dezeuze&#8211; Cosmique Rouquette, par Dominique Aussenac&#8211; Comment j&#8217;ai connu Max Rouquette, par Philippe-Jean Catinchi&#8211; Bona F\u00e8sta, Max, par Jean-Marie Petit&#8211; Lectura de Max Roqueta, par Yves Rouquette&#8211; Le ciel et la terre, par Serg\u00ed Javaloy\u00e8s&#8211; Sur le chemin [&hellip;]<\/p>\n","protected":false},"featured_media":0,"template":"","meta":{"_acf_changed":false,"_genesis_hide_title":false,"_genesis_hide_breadcrumbs":false,"_genesis_hide_singular_image":false,"_genesis_hide_footer_widgets":false,"_genesis_custom_body_class":"","_genesis_custom_post_class":"","_genesis_layout":""},"product_brand":[],"product_cat":[7188,7132,7174,16135],"product_tag":[],"class_list":["post-33738","product","type-product","status-publish","product_cat-arts-studies-en","product_cat-books","product_cat-literature-en","product_cat-non-classe-en","pa_auteur-collectiu-en-2","entry","first","instock","purchasable","product-type-simple"],"acf":[],"_links":{"self":[{"href":"https:\/\/www.libraria-occitana.org\/en\/wp-json\/wp\/v2\/product\/33738","targetHints":{"allow":["GET"]}}],"collection":[{"href":"https:\/\/www.libraria-occitana.org\/en\/wp-json\/wp\/v2\/product"}],"about":[{"href":"https:\/\/www.libraria-occitana.org\/en\/wp-json\/wp\/v2\/types\/product"}],"wp:attachment":[{"href":"https:\/\/www.libraria-occitana.org\/en\/wp-json\/wp\/v2\/media?parent=33738"}],"wp:term":[{"taxonomy":"product_brand","embeddable":true,"href":"https:\/\/www.libraria-occitana.org\/en\/wp-json\/wp\/v2\/product_brand?post=33738"},{"taxonomy":"product_cat","embeddable":true,"href":"https:\/\/www.libraria-occitana.org\/en\/wp-json\/wp\/v2\/product_cat?post=33738"},{"taxonomy":"product_tag","embeddable":true,"href":"https:\/\/www.libraria-occitana.org\/en\/wp-json\/wp\/v2\/product_tag?post=33738"}],"curies":[{"name":"wp","href":"https:\/\/api.w.org\/{rel}","templated":true}]}}

<p style="margin:0;"><span style="font-family:'Times New Roman';font-size:12pt;">Les cahiers Max Rouquette 2 : 1908-2008 Numéro spécial centenaire</p>
<p>Ensenhador :</p>
<p>Témoignages<br />&#8211; Max Rouquette par Georges Dezeuze<br />&#8211; Cosmique Rouquette, par Dominique Aussenac<br />&#8211; Comment j&#8217;ai connu Max Rouquette, par Philippe-Jean Catinchi<br />&#8211; Bona Fèsta, Max, par Jean-Marie Petit<br />&#8211; Lectura de Max Roqueta, par Yves Rouquette<br />&#8211; Le ciel et la terre, par Sergí Javaloyès<br />&#8211; Sur le chemin si souvent croisé de Max Rouquette, par Jean-Louis Pouliquen<br />&#8211; Place Pétrarque, par Robert Briatte<br />&#8211; Max Rouquette, un grand astreignant, par Lionel Navarro<br />&#8211; Max Rouquette et le tambourin, par Robert Souchon</p>
<p>Correspondances<br />&#8211; Deux lettres de Max Rouquette, par Frédéric-Jacques Temple<br />&#8211; Poèmes croisés : Max Rouquette et Frédéric-Jacques Temple<br />&#8211; Max Rouquette et Bernard Manciet, par Jean-Frédéric Brun</p>
<p>Regards sur l&#8217;oeuvre<br />&#8211; D&#8217;Argelliers au jardin des plantes de Montpellier, par Philippe Gardy<br />&#8211; Max Rouquette et ses arbres, par Josiane Ubaud<br />&#8211; Dans le rythme paisible des palmes d&#8217;un jour de Pâques, par Samuel Brussell<br />&#8211; L&#8217;écriture comme transmigration, par Roland Pécout<br />&#8211; Fallait-il ? Ne fallait-il pas ? par Robert Lafont<br />&#8211; Max Rouquette traducteur de soi-même, par Françoise Wyatt</p>
<p>Nombreuses photos en noir et blanc de André Hampartzoumian, Michel Descossy, Georges Souche, Frédéric Jaulmes, Josiane Ubaud&#8230;<br />Couverture : Photo Charles Camberoque</p>
<p>Revuda Les cahiers Max Rouquette N° 2 spécial centenaire<br />Autor : Collectiu<br />Linga : Francés, occitan<br />Parucion : 06/2008<br />Editor : Amistats Max Rouquette<br />Nb de pajas : 63<br />Format : 21 x 30 cm<br />Pés : 288 g<br /></span></p>

<p>Les cahiers Max Rouquette 2 : 1908-2008 Numéro spécial centenaire Ensenhador : Témoignages&#8211; Max Rouquette par Georges Dezeuze&#8211; Cosmique Rouquette, par Dominique Aussenac&#8211; Comment j&#8217;ai connu Max Rouquette, par Philippe-Jean Catinchi&#8211; Bona Fèsta, Max, par Jean-Marie Petit&#8211; Lectura de Max Roqueta, par Yves Rouquette&#8211; Le ciel et la terre, par Sergí Javaloyès&#8211; Sur le chemin [&hellip;]</p>
