{"id":33748,"date":"2023-02-04T14:19:39","date_gmt":"2023-02-04T13:19:39","guid":{"rendered":"http:\/\/www.libraria-occitana.org\/?post_type=product&#038;p=33748\/"},"modified":"2026-04-26T01:36:59","modified_gmt":"2026-04-25T23:36:59","slug":"legendari-doccitania-legendaire-doccitanie-occitanie-et-pays-catalan","status":"publish","type":"product","link":"https:\/\/www.libraria-occitana.org\/en\/product\/legendari-doccitania-legendaire-doccitanie-occitanie-et-pays-catalan\/","title":{"rendered":"Legendari d&#8217;Occit\u00e0nia &#8211; L\u00e9gendaire d&#8217;Occitanie (Occitanie et Pays Catalan)"},"content":{"rendered":"<p>D\u00e9couvrir ou red\u00e9couvrir un pays \u00e0 travers ses l\u00e9gendes\u2026<br \/>\nVoyager dans l\u2019imaginaire occitan, au plus pr\u00e8s de nos racines\u2026<\/p>\n<p>La particularit\u00e9 du recueil pr\u00e9sent\u00e9 ici est de rassembler des l\u00e9gendes issues en grande majorit\u00e9 de la tradition orale, collect\u00e9es depuis plus de 40 ans dans le cadre de l\u2019association CORDAE La Talvera ou par d\u2019autres chercheurs, dans l\u2019ensemble de la r\u00e9gion Occitanie y compris le Pays catalan.<\/p>\n<p>Vous y trouverez des r\u00e9cits se r\u00e9f\u00e9rant \u00e0 un temps mythique, o\u00f9 le Diable, les g\u00e9ants et la Vierge tour \u00e0 tour fa\u00e7onnent le paysage, des l\u00e9gendes historiques s\u2019\u00e9chelonnant des premiers si\u00e8cles jusqu\u2019\u00e0 la R\u00e9volution fran\u00e7aise, mais aussi des l\u00e9gendes plus contemporaines (du XIXe si\u00e8cle \u00e0 nos jours) peupl\u00e9es de loups, bandits et femmes sauvages\u2026<br \/>\nFlottant sans cesse entre le r\u00e9el et l\u2019imaginaire, le factuel et le fictionnel, et entre le monde des hommes et le monde des dieux, la l\u00e9gende raconte quasiment toujours l\u2019histoire ou le destin des communaut\u00e9s en rapportant des \u00e9v\u00e9nements ancr\u00e9s dans la vie locale.<\/p>\n<p><a href=\"https:\/\/www.calameo.com\/read\/00285656546fc089c4767\">Lire des extraits de l&#8217;ouvrage<\/a><\/p>\n","protected":false},"excerpt":{"rendered":"<p>D\u00e9couvrir ou red\u00e9couvrir un pays \u00e0 travers ses l\u00e9gendes\u2026 Voyager dans l\u2019imaginaire occitan, au plus pr\u00e8s de nos racines\u2026 La particularit\u00e9 du recueil pr\u00e9sent\u00e9 ici est de rassembler des l\u00e9gendes issues en grande majorit\u00e9 de la tradition orale, collect\u00e9es depuis plus de 40 ans dans le cadre de l\u2019association CORDAE La Talvera ou par d\u2019autres [&hellip;]<\/p>\n","protected":false},"featured_media":60041,"template":"","meta":{"_acf_changed":false,"_genesis_hide_title":false,"_genesis_hide_breadcrumbs":false,"_genesis_hide_singular_image":false,"_genesis_hide_footer_widgets":false,"_genesis_custom_body_class":"","_genesis_custom_post_class":"","_genesis_layout":""},"product_brand":[],"product_cat":[7132,7174,7176],"product_tag":[],"class_list":{"0":"post-33748","1":"product","2":"type-product","3":"status-publish","4":"has-post-thumbnail","6":"product_cat-books","7":"product_cat-literature-en","8":"product_cat-tales-fables-en","9":"pa_auteur-loddo-daniel-en","10":"pa_editeur-cordae-la-talvera-en","11":"pa_illustrateur-delpoux-dominique-en","12":"pa_langue-occitan-lengadocian-en","13":"pa_langue-occitan-francais-en","14":"entry","16":"first","17":"outofstock","18":"shipping-taxable","19":"purchasable","20":"product-type-simple"},"acf":[],"_links":{"self":[{"href":"https:\/\/www.libraria-occitana.org\/en\/wp-json\/wp\/v2\/product\/33748","targetHints":{"allow":["GET"]}}],"collection":[{"href":"https:\/\/www.libraria-occitana.org\/en\/wp-json\/wp\/v2\/product"}],"about":[{"href":"https:\/\/www.libraria-occitana.org\/en\/wp-json\/wp\/v2\/types\/product"}],"wp:featuredmedia":[{"embeddable":true,"href":"https:\/\/www.libraria-occitana.org\/en\/wp-json\/wp\/v2\/media\/60041"}],"wp:attachment":[{"href":"https:\/\/www.libraria-occitana.org\/en\/wp-json\/wp\/v2\/media?parent=33748"}],"wp:term":[{"taxonomy":"product_brand","embeddable":true,"href":"https:\/\/www.libraria-occitana.org\/en\/wp-json\/wp\/v2\/product_brand?post=33748"},{"taxonomy":"product_cat","embeddable":true,"href":"https:\/\/www.libraria-occitana.org\/en\/wp-json\/wp\/v2\/product_cat?post=33748"},{"taxonomy":"product_tag","embeddable":true,"href":"https:\/\/www.libraria-occitana.org\/en\/wp-json\/wp\/v2\/product_tag?post=33748"}],"curies":[{"name":"wp","href":"https:\/\/api.w.org\/{rel}","templated":true}]}}

Legendari d&#8217;Occitània &#8211; Légendaire d&#8217;Occitanie (Occitanie et Pays Catalan)

<p>Découvrir ou redécouvrir un pays à travers ses légendes…<br />
Voyager dans l’imaginaire occitan, au plus près de nos racines…</p>
<p>La particularité du recueil présenté ici est de rassembler des légendes issues en grande majorité de la tradition orale, collectées depuis plus de 40 ans dans le cadre de l’association CORDAE La Talvera ou par d’autres chercheurs, dans l’ensemble de la région Occitanie y compris le Pays catalan.</p>
<p>Vous y trouverez des récits se référant à un temps mythique, où le Diable, les géants et la Vierge tour à tour façonnent le paysage, des légendes historiques s’échelonnant des premiers siècles jusqu’à la Révolution française, mais aussi des légendes plus contemporaines (du XIXe siècle à nos jours) peuplées de loups, bandits et femmes sauvages…<br />
Flottant sans cesse entre le réel et l’imaginaire, le factuel et le fictionnel, et entre le monde des hommes et le monde des dieux, la légende raconte quasiment toujours l’histoire ou le destin des communautés en rapportant des événements ancrés dans la vie locale.</p>
<p><a href="https://www.calameo.com/read/00285656546fc089c4767">Lire des extraits de l&#8217;ouvrage</a></p>

<p>Découvrir ou redécouvrir un pays à travers ses légendes… Voyager dans l’imaginaire occitan, au plus près de nos racines… La particularité du recueil présenté ici est de rassembler des légendes issues en grande majorité de la tradition orale, collectées depuis plus de 40 ans dans le cadre de l’association CORDAE La Talvera ou par d’autres [&hellip;]</p>
