{"id":33759,"date":"2026-08-31T17:34:55","date_gmt":"2026-08-31T15:34:55","guid":{"rendered":"http:\/\/www.libraria-occitana.org\/?post_type=product&#038;p=33759\/"},"modified":"2026-08-31T17:34:58","modified_gmt":"2026-08-31T15:34:58","slug":"la-vocalite-dans-les-pays-deurope-meridionale-libre-cd","status":"publish","type":"product","link":"https:\/\/www.libraria-occitana.org\/en\/product\/la-vocalite-dans-les-pays-deurope-meridionale-libre-cd\/","title":{"rendered":"LA VOCALITE DANS LES PAYS D&#8217;EUROPE MERIDIONALE (LIBRE + CD)"},"content":{"rendered":"<p style=\"margin:0;\"><span style=\"font-family:'Times New Roman';font-size:12pt;\">Au-del\u00e0 de tout support linguistique identifiable, il est assez facile, m\u00eame pour des oreilles peu averties, de localiser plus ou moins pr\u00e9cis\u00e9ment certaines expressions vocales m\u00e9diterran\u00e9ennes. Partant de ce constat, l&#8217;un des enjeux de ce colloque \u00e9tait de tenter de d\u00e9terminer les param\u00e8tres favorisant une telle identification, et de poser la question de l&#8217;existence d&#8217;une vocalit\u00e9 particuli\u00e8re en Europe m\u00e9ridionale et dans le Bassin m\u00e9diterran\u00e9en, et qui leur soit sp\u00e9cifique.<br \/>L&#8217;un des premiers axes de ce colloque fut bien s\u00fbr la mat\u00e9rialit\u00e9 m\u00eame de la voix, le timbre et le style, notamment les notions de registration et de puissance. Mais cette approche stylistique fut compl\u00e9t\u00e9e par d&#8217;autres plus largement ethnologiques et anthropologiques, synchroniques comme diachroniques. Au total, treize ethnomusicologues ont fait part de leurs travaux sur les traditions vocales de Turquie, du Mashreq et du Maghreb, d&#8217;Espagne, d&#8217;Italie, de Roumanie, de Sardaigne, des Pays d&#8217;Oc.<br \/>Si des \u00e9tudes plus ou moins localis\u00e9es ont \u00e9t\u00e9 publi\u00e9es sur la vocalit\u00e9 de l&#8217;Europe m\u00e9ridionale et de la M\u00e9diterran\u00e9e, il manquait jusqu&#8217;ici une confrontation large et interdisciplinaire sur le sujet.<\/p>\n<p>Textes r\u00e9unis par Luc-Charles Dominique et J\u00e9r\u00f4me Cler.<br \/>Colloque international organis\u00e9 sous l&#8217;\u00e9gide du RITM <wbr>(Universit\u00e9 de Nice-Sophia-Antipolis) par Jean-Louis Leleu, Luc Charles-Domnique et J\u00e9r\u00f4me Cler.<\/p>\n<p>Complement de titre : et dans le bassin m\u00e9diterran\u00e9en &#8211; Actes du colloque de La Napoule <wbr>(06), 2 et 3 mars 2000<br \/>Autor : Collectiu<br \/>Linga : Franc\u00e9s<br \/>Parucion : 05\/2002<br \/>Editor : Modal<br \/>Colleccion : Modal Poche<br \/>Nb de pajas : 221<br \/>Format : 13,5 x 21,5 cm<br \/>P\u00e9s : 424 g<br \/>EAN 13 : 9782910432300<br \/><\/span><\/p>\n","protected":false},"excerpt":{"rendered":"<p>Au-del\u00e0 de tout support linguistique identifiable, il est assez facile, m\u00eame pour des oreilles peu averties, de localiser plus ou moins pr\u00e9cis\u00e9ment certaines expressions vocales m\u00e9diterran\u00e9ennes. Partant de ce constat, l&#8217;un des enjeux de ce colloque \u00e9tait de tenter de d\u00e9terminer les param\u00e8tres favorisant une telle identification, et de poser la question de l&#8217;existence d&#8217;une [&hellip;]<\/p>\n","protected":false},"featured_media":0,"template":"","meta":{"_acf_changed":false,"_genesis_hide_title":false,"_genesis_hide_breadcrumbs":false,"_genesis_hide_singular_image":false,"_genesis_hide_footer_widgets":false,"_genesis_custom_body_class":"","_genesis_custom_post_class":"","_genesis_layout":""},"product_brand":[],"product_cat":[7132,7194,7190,16135],"product_tag":[],"class_list":["post-33759","product","type-product","status-publish","product_cat-books","product_cat-studies-en","product_cat-music-dances-en","product_cat-non-classe-en","pa_auteur-collectiu-en-2","entry","first","outofstock","purchasable","product-type-simple"],"acf":[],"_links":{"self":[{"href":"https:\/\/www.libraria-occitana.org\/en\/wp-json\/wp\/v2\/product\/33759","targetHints":{"allow":["GET"]}}],"collection":[{"href":"https:\/\/www.libraria-occitana.org\/en\/wp-json\/wp\/v2\/product"}],"about":[{"href":"https:\/\/www.libraria-occitana.org\/en\/wp-json\/wp\/v2\/types\/product"}],"wp:attachment":[{"href":"https:\/\/www.libraria-occitana.org\/en\/wp-json\/wp\/v2\/media?parent=33759"}],"wp:term":[{"taxonomy":"product_brand","embeddable":true,"href":"https:\/\/www.libraria-occitana.org\/en\/wp-json\/wp\/v2\/product_brand?post=33759"},{"taxonomy":"product_cat","embeddable":true,"href":"https:\/\/www.libraria-occitana.org\/en\/wp-json\/wp\/v2\/product_cat?post=33759"},{"taxonomy":"product_tag","embeddable":true,"href":"https:\/\/www.libraria-occitana.org\/en\/wp-json\/wp\/v2\/product_tag?post=33759"}],"curies":[{"name":"wp","href":"https:\/\/api.w.org\/{rel}","templated":true}]}}

<p style="margin:0;"><span style="font-family:'Times New Roman';font-size:12pt;">Au-delà de tout support linguistique identifiable, il est assez facile, même pour des oreilles peu averties, de localiser plus ou moins précisément certaines expressions vocales méditerranéennes. Partant de ce constat, l&#8217;un des enjeux de ce colloque était de tenter de déterminer les paramètres favorisant une telle identification, et de poser la question de l&#8217;existence d&#8217;une vocalité particulière en Europe méridionale et dans le Bassin méditerranéen, et qui leur soit spécifique.<br />L&#8217;un des premiers axes de ce colloque fut bien sûr la matérialité même de la voix, le timbre et le style, notamment les notions de registration et de puissance. Mais cette approche stylistique fut complétée par d&#8217;autres plus largement ethnologiques et anthropologiques, synchroniques comme diachroniques. Au total, treize ethnomusicologues ont fait part de leurs travaux sur les traditions vocales de Turquie, du Mashreq et du Maghreb, d&#8217;Espagne, d&#8217;Italie, de Roumanie, de Sardaigne, des Pays d&#8217;Oc.<br />Si des études plus ou moins localisées ont été publiées sur la vocalité de l&#8217;Europe méridionale et de la Méditerranée, il manquait jusqu&#8217;ici une confrontation large et interdisciplinaire sur le sujet.</p>
<p>Textes réunis par Luc-Charles Dominique et Jérôme Cler.<br />Colloque international organisé sous l&#8217;égide du RITM <wbr>(Université de Nice-Sophia-Antipolis) par Jean-Louis Leleu, Luc Charles-Domnique et Jérôme Cler.</p>
<p>Complement de titre : et dans le bassin méditerranéen &#8211; Actes du colloque de La Napoule <wbr>(06), 2 et 3 mars 2000<br />Autor : Collectiu<br />Linga : Francés<br />Parucion : 05/2002<br />Editor : Modal<br />Colleccion : Modal Poche<br />Nb de pajas : 221<br />Format : 13,5 x 21,5 cm<br />Pés : 424 g<br />EAN 13 : 9782910432300<br /></span></p>

<p>Au-delà de tout support linguistique identifiable, il est assez facile, même pour des oreilles peu averties, de localiser plus ou moins précisément certaines expressions vocales méditerranéennes. Partant de ce constat, l&#8217;un des enjeux de ce colloque était de tenter de déterminer les paramètres favorisant une telle identification, et de poser la question de l&#8217;existence d&#8217;une [&hellip;]</p>
