{"id":33801,"date":"2026-08-31T16:20:31","date_gmt":"2026-08-31T14:20:31","guid":{"rendered":"http:\/\/www.libraria-occitana.org\/?post_type=product&#038;p=33801\/"},"modified":"2026-08-31T16:20:33","modified_gmt":"2026-08-31T14:20:33","slug":"la-polyphonie-dans-les-pyrenees-gasconnes-tradition-evolution-resilience","status":"publish","type":"product","link":"https:\/\/www.libraria-occitana.org\/en\/product\/la-polyphonie-dans-les-pyrenees-gasconnes-tradition-evolution-resilience\/","title":{"rendered":"LA POLYPHONIE DANS LES PYRENEES GASCONNES &#8211; TRADITION, EVOLUTION, RESILIENCE"},"content":{"rendered":"<p style=\"margin:0;\"><span style=\"font-family:'Times New Roman';font-size:12pt;\">Dans les Pyr\u00e9n\u00e9es gasconnes, la polyphonie s&#8217;impose \u00e0 tous, des messes dominicales jusqu&#8217;aux f\u00eates patronales. Elle est, pourtant, longtemps rest\u00e9e dans l&#8217;angle mort de la recherche ethnomusicologique comme de l&#8217;action culturelle.<br \/>Au terme de quinze ans de recherche, cet ouvrage invite \u00e0 d\u00e9couvrir une pratique sociale qui, loin de repr\u00e9senter un &#8220;loisir revivaliste&#8221;, dessine un terrain \u00e0 la fois tr\u00e8s classique et post-moderne.<br \/>De caf\u00e9 en auberge, de f\u00eate en festival, au plus pr\u00e8s des chanteurs, cette recherche s&#8217;attache \u00e0 la compr\u00e9hension des ressorts musicaux et humains de la polyphonie, ainsi qu&#8217;au sens des performances en perp\u00e9tuelle reconstruction qui disent, tour \u00e0 tour, l&#8217;humeur des communaut\u00e9s pyr\u00e9n\u00e9ennes ou l&#8217;aspiration individuelle et collective \u00e0 une forme d&#8217;absolu.<br \/>L&#8217;auteur explore, au-del\u00e0, l&#8217;histoire de cette pratique r\u00e9siliente : celle des processus de transmission des cinquante derni\u00e8res ann\u00e9es sur fond de mutation de la soci\u00e9t\u00e9 traditionnelle. L&#8217;histoire en marche qui d\u00e9roule ici, en l\u00e9ger diff\u00e9r\u00e9, un passage g\u00e9n\u00e9rationnel. Une histoire pluris\u00e9culaire croisant, au XIXe si\u00e8cle, la construction de l&#8217;imagerie pyr\u00e9n\u00e9enne romantique et la mise en place de m\u00e9canismes pr\u00e9coces de patrimonialisation.<br \/>Entre musicologie et ethnomusicologie, anthropologie et histoire, Jean-Jacques Cast\u00e9ret revisite dans cet ouvrage les notions d&#8217;oral et d&#8217;\u00e9crit, de profane et de religieux, de populaire et de savant, d\u00e9couvrant la partie pyr\u00e9n\u00e9enne d&#8217;un vaste archipel europ\u00e9en o\u00f9 faux-bourdon d&#8217;\u00e9glise, tomb\u00e9 aux oubliettes de l&#8217;histoire, et polyphonie profane se conjuguent depuis plus de cinq si\u00e8cles.<\/p>\n<p>Complement de titre : Tradition, \u00e9volution, r\u00e9silience<br \/>Autor : Cast\u00e9ret, Jean-Jacques<br \/>Linga : Franc\u00e9s<br \/>Parucion : 11\/2012<br \/>Editor : L&#8217;Harmattan<br \/>Nb de pajas : 367<br \/>Format : 15,5 x 23,5 cm<br \/>P\u00e9s : 572 g<br \/>EAN 13 : 9782336008219<br \/><\/span><\/p>\n","protected":false},"excerpt":{"rendered":"<p>Dans les Pyr\u00e9n\u00e9es gasconnes, la polyphonie s&#8217;impose \u00e0 tous, des messes dominicales jusqu&#8217;aux f\u00eates patronales. Elle est, pourtant, longtemps rest\u00e9e dans l&#8217;angle mort de la recherche ethnomusicologique comme de l&#8217;action culturelle.Au terme de quinze ans de recherche, cet ouvrage invite \u00e0 d\u00e9couvrir une pratique sociale qui, loin de repr\u00e9senter un &#8220;loisir revivaliste&#8221;, dessine un terrain [&hellip;]<\/p>\n","protected":false},"featured_media":0,"template":"","meta":{"_acf_changed":false,"_genesis_hide_title":false,"_genesis_hide_breadcrumbs":false,"_genesis_hide_singular_image":false,"_genesis_hide_footer_widgets":false,"_genesis_custom_body_class":"","_genesis_custom_post_class":"","_genesis_layout":""},"product_brand":[],"product_cat":[7132,7194,7190,16135],"product_tag":[],"class_list":["post-33801","product","type-product","status-publish","product_cat-books","product_cat-studies-en","product_cat-music-dances-en","product_cat-non-classe-en","pa_auteurs-casteret-j-j","entry","first","instock","purchasable","product-type-simple"],"acf":[],"_links":{"self":[{"href":"https:\/\/www.libraria-occitana.org\/en\/wp-json\/wp\/v2\/product\/33801","targetHints":{"allow":["GET"]}}],"collection":[{"href":"https:\/\/www.libraria-occitana.org\/en\/wp-json\/wp\/v2\/product"}],"about":[{"href":"https:\/\/www.libraria-occitana.org\/en\/wp-json\/wp\/v2\/types\/product"}],"wp:attachment":[{"href":"https:\/\/www.libraria-occitana.org\/en\/wp-json\/wp\/v2\/media?parent=33801"}],"wp:term":[{"taxonomy":"product_brand","embeddable":true,"href":"https:\/\/www.libraria-occitana.org\/en\/wp-json\/wp\/v2\/product_brand?post=33801"},{"taxonomy":"product_cat","embeddable":true,"href":"https:\/\/www.libraria-occitana.org\/en\/wp-json\/wp\/v2\/product_cat?post=33801"},{"taxonomy":"product_tag","embeddable":true,"href":"https:\/\/www.libraria-occitana.org\/en\/wp-json\/wp\/v2\/product_tag?post=33801"}],"curies":[{"name":"wp","href":"https:\/\/api.w.org\/{rel}","templated":true}]}}

<p style="margin:0;"><span style="font-family:'Times New Roman';font-size:12pt;">Dans les Pyrénées gasconnes, la polyphonie s&#8217;impose à tous, des messes dominicales jusqu&#8217;aux fêtes patronales. Elle est, pourtant, longtemps restée dans l&#8217;angle mort de la recherche ethnomusicologique comme de l&#8217;action culturelle.<br />Au terme de quinze ans de recherche, cet ouvrage invite à découvrir une pratique sociale qui, loin de représenter un &#8220;loisir revivaliste&#8221;, dessine un terrain à la fois très classique et post-moderne.<br />De café en auberge, de fête en festival, au plus près des chanteurs, cette recherche s&#8217;attache à la compréhension des ressorts musicaux et humains de la polyphonie, ainsi qu&#8217;au sens des performances en perpétuelle reconstruction qui disent, tour à tour, l&#8217;humeur des communautés pyrénéennes ou l&#8217;aspiration individuelle et collective à une forme d&#8217;absolu.<br />L&#8217;auteur explore, au-delà, l&#8217;histoire de cette pratique résiliente : celle des processus de transmission des cinquante dernières années sur fond de mutation de la société traditionnelle. L&#8217;histoire en marche qui déroule ici, en léger différé, un passage générationnel. Une histoire pluriséculaire croisant, au XIXe siècle, la construction de l&#8217;imagerie pyrénéenne romantique et la mise en place de mécanismes précoces de patrimonialisation.<br />Entre musicologie et ethnomusicologie, anthropologie et histoire, Jean-Jacques Castéret revisite dans cet ouvrage les notions d&#8217;oral et d&#8217;écrit, de profane et de religieux, de populaire et de savant, découvrant la partie pyrénéenne d&#8217;un vaste archipel européen où faux-bourdon d&#8217;église, tombé aux oubliettes de l&#8217;histoire, et polyphonie profane se conjuguent depuis plus de cinq siècles.</p>
<p>Complement de titre : Tradition, évolution, résilience<br />Autor : Castéret, Jean-Jacques<br />Linga : Francés<br />Parucion : 11/2012<br />Editor : L&#8217;Harmattan<br />Nb de pajas : 367<br />Format : 15,5 x 23,5 cm<br />Pés : 572 g<br />EAN 13 : 9782336008219<br /></span></p>

<p>Dans les Pyrénées gasconnes, la polyphonie s&#8217;impose à tous, des messes dominicales jusqu&#8217;aux fêtes patronales. Elle est, pourtant, longtemps restée dans l&#8217;angle mort de la recherche ethnomusicologique comme de l&#8217;action culturelle.Au terme de quinze ans de recherche, cet ouvrage invite à découvrir une pratique sociale qui, loin de représenter un &#8220;loisir revivaliste&#8221;, dessine un terrain [&hellip;]</p>
