{"id":33831,"date":"2026-08-31T17:30:47","date_gmt":"2026-08-31T15:30:47","guid":{"rendered":"http:\/\/www.libraria-occitana.org\/?post_type=product&#038;p=33831\/"},"modified":"2026-08-31T17:30:51","modified_gmt":"2026-08-31T15:30:51","slug":"la-langue-doc-devant-lecole-1789-1951-textes-choisis","status":"publish","type":"product","link":"https:\/\/www.libraria-occitana.org\/en\/product\/la-langue-doc-devant-lecole-1789-1951-textes-choisis\/","title":{"rendered":"LA LANGUE D&#8217;OC DEVANT L&#8217;ECOLE (1789-1951) : TEXTES CHOISIS"},"content":{"rendered":"<p style=\"margin:0;\"><span style=\"font-family:'Times New Roman';font-size:12pt;\">De la R\u00e9volution fran\u00e7aise \u00e0 la loi Deixonne <wbr>(1951) : voici une anthologie de textes retra\u00e7ant l&#8217;incessante bataille men\u00e9e au niveau institutionnel pour ou contre la pr\u00e9sence des langues r\u00e9gionales dans l&#8217;\u00e9cole. On y retrouvera les plaidoyers c\u00e9l\u00e8bres de Mistral, Jaur\u00e8s, Perbosc, Mouly, les prises de position surprenantes d&#8217;un Charles Nodier ou d&#8217;un certain Charles de Gaulle <wbr>(oncle du g\u00e9n\u00e9ral), les propositions \u00e9clair\u00e9es d&#8217;un Savinien, mais aussi, les rapports d&#8217;inspection assassins, les d\u00e9clarations ambig\u00fces des politiques, etc&#8230; Deux si\u00e8cles de lutte permanente pour aller vers une reconnaissance, par la France, de sa richesses linguistique. Une bataille qui, de nos jours encore, est loin d&#8217;\u00eatre gagn\u00e9e.<\/p>\n<p>Le long cheminement historique qui va de l&#8217;id\u00e9e de &#8220;tol\u00e9rance&#8221;, hier avant tout religieuse, \u00e0 l&#8217;affirmation contemporaine d&#8217;authentiques &#8220;droits culturels&#8221;, \u00e0 travers les textes premiers du d\u00e9bat sur la place de la langue d&#8217;oc dans l&#8217;\u00e9cole.<\/p>\n<p>Complement de titre : Entre lutte et r\u00e9pression, la place accord\u00e9e \u00e0 l&#8217;occitan dans l&#8217;enseignement<br \/>Autor : Terral, Herv\u00e9<br \/>Linga : Franc\u00e9s<br \/>Parucion : 11\/2005<br \/>Editor : IEO<br \/>Colleccion : Textes &#038; documents<br \/>Nb de pajas : 347<br \/>Format : 16 x 22,5 cm<br \/>P\u00e9s : 532 g<br \/>EAN 13 : 9782859103835<br \/><\/span><\/p>\n","protected":false},"excerpt":{"rendered":"<p>De la R\u00e9volution fran\u00e7aise \u00e0 la loi Deixonne (1951) : voici une anthologie de textes retra\u00e7ant l&#8217;incessante bataille men\u00e9e au niveau institutionnel pour ou contre la pr\u00e9sence des langues r\u00e9gionales dans l&#8217;\u00e9cole. On y retrouvera les plaidoyers c\u00e9l\u00e8bres de Mistral, Jaur\u00e8s, Perbosc, Mouly, les prises de position surprenantes d&#8217;un Charles Nodier ou d&#8217;un certain Charles [&hellip;]<\/p>\n","protected":false},"featured_media":0,"template":"","meta":{"_acf_changed":false,"_genesis_hide_title":false,"_genesis_hide_breadcrumbs":false,"_genesis_hide_singular_image":false,"_genesis_hide_footer_widgets":false,"_genesis_custom_body_class":"","_genesis_custom_post_class":"","_genesis_layout":""},"product_brand":[],"product_cat":[7132,7148,7158,16135],"product_tag":[],"class_list":["post-33831","product","type-product","status-publish","product_cat-books","product_cat-history-geography-en","product_cat-modern-and-contemporary-history-en","product_cat-non-classe-en","pa_editeur-ieo-fr-en","entry","first","outofstock","purchasable","product-type-simple"],"acf":[],"_links":{"self":[{"href":"https:\/\/www.libraria-occitana.org\/en\/wp-json\/wp\/v2\/product\/33831","targetHints":{"allow":["GET"]}}],"collection":[{"href":"https:\/\/www.libraria-occitana.org\/en\/wp-json\/wp\/v2\/product"}],"about":[{"href":"https:\/\/www.libraria-occitana.org\/en\/wp-json\/wp\/v2\/types\/product"}],"wp:attachment":[{"href":"https:\/\/www.libraria-occitana.org\/en\/wp-json\/wp\/v2\/media?parent=33831"}],"wp:term":[{"taxonomy":"product_brand","embeddable":true,"href":"https:\/\/www.libraria-occitana.org\/en\/wp-json\/wp\/v2\/product_brand?post=33831"},{"taxonomy":"product_cat","embeddable":true,"href":"https:\/\/www.libraria-occitana.org\/en\/wp-json\/wp\/v2\/product_cat?post=33831"},{"taxonomy":"product_tag","embeddable":true,"href":"https:\/\/www.libraria-occitana.org\/en\/wp-json\/wp\/v2\/product_tag?post=33831"}],"curies":[{"name":"wp","href":"https:\/\/api.w.org\/{rel}","templated":true}]}}

<p style="margin:0;"><span style="font-family:'Times New Roman';font-size:12pt;">De la Révolution française à la loi Deixonne <wbr>(1951) : voici une anthologie de textes retraçant l&#8217;incessante bataille menée au niveau institutionnel pour ou contre la présence des langues régionales dans l&#8217;école. On y retrouvera les plaidoyers célèbres de Mistral, Jaurès, Perbosc, Mouly, les prises de position surprenantes d&#8217;un Charles Nodier ou d&#8217;un certain Charles de Gaulle <wbr>(oncle du général), les propositions éclairées d&#8217;un Savinien, mais aussi, les rapports d&#8217;inspection assassins, les déclarations ambigües des politiques, etc&#8230; Deux siècles de lutte permanente pour aller vers une reconnaissance, par la France, de sa richesses linguistique. Une bataille qui, de nos jours encore, est loin d&#8217;être gagnée.</p>
<p>Le long cheminement historique qui va de l&#8217;idée de &#8220;tolérance&#8221;, hier avant tout religieuse, à l&#8217;affirmation contemporaine d&#8217;authentiques &#8220;droits culturels&#8221;, à travers les textes premiers du débat sur la place de la langue d&#8217;oc dans l&#8217;école.</p>
<p>Complement de titre : Entre lutte et répression, la place accordée à l&#8217;occitan dans l&#8217;enseignement<br />Autor : Terral, Hervé<br />Linga : Francés<br />Parucion : 11/2005<br />Editor : IEO<br />Colleccion : Textes &#038; documents<br />Nb de pajas : 347<br />Format : 16 x 22,5 cm<br />Pés : 532 g<br />EAN 13 : 9782859103835<br /></span></p>

<p>De la Révolution française à la loi Deixonne (1951) : voici une anthologie de textes retraçant l&#8217;incessante bataille menée au niveau institutionnel pour ou contre la présence des langues régionales dans l&#8217;école. On y retrouvera les plaidoyers célèbres de Mistral, Jaurès, Perbosc, Mouly, les prises de position surprenantes d&#8217;un Charles Nodier ou d&#8217;un certain Charles [&hellip;]</p>
