{"id":33913,"date":"2026-08-31T17:02:22","date_gmt":"2026-08-31T15:02:22","guid":{"rendered":"http:\/\/www.libraria-occitana.org\/?post_type=product&#038;p=33913\/"},"modified":"2026-08-31T17:02:25","modified_gmt":"2026-08-31T15:02:25","slug":"la-clau-lemosina-n84","status":"publish","type":"product","link":"https:\/\/www.libraria-occitana.org\/en\/product\/la-clau-lemosina-n84\/","title":{"rendered":"LA CLAU LEMOSINA N\u00b084"},"content":{"rendered":"<p style=\"margin:0;\"><span style=\"font-family:'Times New Roman';font-size:12pt;\">Ensenhador :<\/p>\n<p>&#8211; Coma la luna&#8230; <wbr>(R. Berland)<\/p>\n<p>&#8211; Dins lo pa\u00eds daus secoias <wbr>(I. Lavalada)<\/p>\n<p>&#8211; Guatemala : Popol Wuj <wbr>(I. Lavalada)<\/p>\n<p>&#8211; Appel pour une red\u00e9couverte des peuples des Am\u00e9riques d&#8217;hier<\/p>\n<p>&#8211; 1992 : Comm\u00e9moration maudite<\/p>\n<p>&#8211; Obra de civilisacion<\/p>\n<p>&#8211; Quetzaltenango<\/p>\n<p>&#8211; Vielhas tijas <wbr>(Josep Platussat)<\/p>\n<p>&#8211; A quel afar om l&#8217;i perdria son eime <wbr>(A. Boissavi)<\/p>\n<p>&#8211; La peste \u00e0 Dinsac<\/p>\n<p>&#8211; Limoges : 1594<\/p>\n<p>&#8211; Limousin : 1594<\/p>\n<p>&#8211; Saint-Victurnien<\/p>\n<p>&#8211; Resson dau pa\u00eds<\/p>\n<p>&#8211; L&#8217;\u00e9dition<\/p>\n<p>&#8211; D\u00e9claration universelle des droits collectifs des peuples<\/p>\n<p>Revuda La Clau lemosina N\u00b0 84<br \/>Autor : Collectiu<br \/>Linga : Occitan <wbr>(lemosin), franc\u00e9s<br \/>Parucion : 07\/1991<br \/>Editor : CLEO<br \/>Nb de pajas : 28<br \/>Format : 21 x 29,7 cm<br \/>P\u00e9s : 86 g<br \/>ISSN : 03396487<br \/><\/span><\/p>\n","protected":false},"excerpt":{"rendered":"<p>Ensenhador : &#8211; Coma la luna&#8230; (R. Berland) &#8211; Dins lo pa\u00eds daus secoias (I. Lavalada) &#8211; Guatemala : Popol Wuj (I. Lavalada) &#8211; Appel pour une red\u00e9couverte des peuples des Am\u00e9riques d&#8217;hier &#8211; 1992 : Comm\u00e9moration maudite &#8211; Obra de civilisacion &#8211; Quetzaltenango &#8211; Vielhas tijas (Josep Platussat) &#8211; A quel afar om l&#8217;i [&hellip;]<\/p>\n","protected":false},"featured_media":0,"template":"","meta":{"_acf_changed":false,"_genesis_hide_title":false,"_genesis_hide_breadcrumbs":false,"_genesis_hide_singular_image":false,"_genesis_hide_footer_widgets":false,"_genesis_custom_body_class":"","_genesis_custom_post_class":"","_genesis_layout":""},"product_brand":[],"product_cat":[7132,7174,16135],"product_tag":[],"class_list":["post-33913","product","type-product","status-publish","product_cat-books","product_cat-literature-en","product_cat-non-classe-en","pa_auteur-collectiu-en-2","entry","first","outofstock","purchasable","product-type-simple"],"acf":[],"_links":{"self":[{"href":"https:\/\/www.libraria-occitana.org\/en\/wp-json\/wp\/v2\/product\/33913","targetHints":{"allow":["GET"]}}],"collection":[{"href":"https:\/\/www.libraria-occitana.org\/en\/wp-json\/wp\/v2\/product"}],"about":[{"href":"https:\/\/www.libraria-occitana.org\/en\/wp-json\/wp\/v2\/types\/product"}],"wp:attachment":[{"href":"https:\/\/www.libraria-occitana.org\/en\/wp-json\/wp\/v2\/media?parent=33913"}],"wp:term":[{"taxonomy":"product_brand","embeddable":true,"href":"https:\/\/www.libraria-occitana.org\/en\/wp-json\/wp\/v2\/product_brand?post=33913"},{"taxonomy":"product_cat","embeddable":true,"href":"https:\/\/www.libraria-occitana.org\/en\/wp-json\/wp\/v2\/product_cat?post=33913"},{"taxonomy":"product_tag","embeddable":true,"href":"https:\/\/www.libraria-occitana.org\/en\/wp-json\/wp\/v2\/product_tag?post=33913"}],"curies":[{"name":"wp","href":"https:\/\/api.w.org\/{rel}","templated":true}]}}

<p style="margin:0;"><span style="font-family:'Times New Roman';font-size:12pt;">Ensenhador :</p>
<p>&#8211; Coma la luna&#8230; <wbr>(R. Berland)</p>
<p>&#8211; Dins lo país daus secoias <wbr>(I. Lavalada)</p>
<p>&#8211; Guatemala : Popol Wuj <wbr>(I. Lavalada)</p>
<p>&#8211; Appel pour une redécouverte des peuples des Amériques d&#8217;hier</p>
<p>&#8211; 1992 : Commémoration maudite</p>
<p>&#8211; Obra de civilisacion</p>
<p>&#8211; Quetzaltenango</p>
<p>&#8211; Vielhas tijas <wbr>(Josep Platussat)</p>
<p>&#8211; A quel afar om l&#8217;i perdria son eime <wbr>(A. Boissavi)</p>
<p>&#8211; La peste à Dinsac</p>
<p>&#8211; Limoges : 1594</p>
<p>&#8211; Limousin : 1594</p>
<p>&#8211; Saint-Victurnien</p>
<p>&#8211; Resson dau país</p>
<p>&#8211; L&#8217;édition</p>
<p>&#8211; Déclaration universelle des droits collectifs des peuples</p>
<p>Revuda La Clau lemosina N° 84<br />Autor : Collectiu<br />Linga : Occitan <wbr>(lemosin), francés<br />Parucion : 07/1991<br />Editor : CLEO<br />Nb de pajas : 28<br />Format : 21 x 29,7 cm<br />Pés : 86 g<br />ISSN : 03396487<br /></span></p>

<p>Ensenhador : &#8211; Coma la luna&#8230; (R. Berland) &#8211; Dins lo país daus secoias (I. Lavalada) &#8211; Guatemala : Popol Wuj (I. Lavalada) &#8211; Appel pour une redécouverte des peuples des Amériques d&#8217;hier &#8211; 1992 : Commémoration maudite &#8211; Obra de civilisacion &#8211; Quetzaltenango &#8211; Vielhas tijas (Josep Platussat) &#8211; A quel afar om l&#8217;i [&hellip;]</p>
