{"id":33933,"date":"2026-08-31T16:34:45","date_gmt":"2026-08-31T14:34:45","guid":{"rendered":"http:\/\/www.libraria-occitana.org\/?post_type=product&#038;p=33933\/"},"modified":"2026-08-31T16:34:48","modified_gmt":"2026-08-31T14:34:48","slug":"loeuvre-de-pey-de-garros-poete-gascon-du-xvie-siecle","status":"publish","type":"product","link":"https:\/\/www.libraria-occitana.org\/en\/product\/loeuvre-de-pey-de-garros-poete-gascon-du-xvie-siecle\/","title":{"rendered":"L&#8217;OEUVRE DE PEY DE GARROS &#8211; POETE GASCON DU XVIE SIECLE"},"content":{"rendered":"<p style=\"margin:0;\"><span style=\"font-family:'Times New Roman';font-size:12pt;\">\u00c9dition \u00e9tablie par Philippe Gardy et Guy Latry.<br \/>Nul choix ne s&#8217;imposait davantage, pour inaugurer cette collection Saber <wbr>(saupre, \u2026 savoir) que la haute figure de ce Gascon de la Renaissance engag\u00e9 dans les luttes de son si\u00e8cle, b\u00e2tissant pour l&#8217;avenir, et pour tout le domaine d&#8217;oc, le premier monument de ce qu&#8217;il faudra bien appeler apr\u00e8s lui la litt\u00e9rature occitane moderne. De la th\u00e8se d&#8217;Andr\u00e9 Berry, soutenue en Sorbonne en 1948, n&#8217;avaient paru que quelques extraits, aujourd&#8217;hui difficiles d&#8217;acc\u00e8s. \u00c0 une \u00e9rudition humaniste \u00e0 l&#8217;ancienne, ce livre joint, plaisir rare, la verve et la vivacit\u00e9 d&#8217;\u00e9criture d&#8217;un v\u00e9ritable \u00e9crivain.<\/p>\n<p>Autor : Berry, Andr\u00e9<br \/>Linga : Franc\u00e9s<br \/>Parucion : 01\/1998<br \/>Editor : PU Bordeaux<br \/>Colleccion : Saber<br \/>Nb de pajas : 263<br \/>Format : 16 x 24 cm<br \/>P\u00e9s : 416 g<br \/>EAN 13 : 9782867812101<\/span><\/p>\n","protected":false},"excerpt":{"rendered":"<p>\u00c9dition \u00e9tablie par Philippe Gardy et Guy Latry.Nul choix ne s&#8217;imposait davantage, pour inaugurer cette collection Saber (saupre, \u2026 savoir) que la haute figure de ce Gascon de la Renaissance engag\u00e9 dans les luttes de son si\u00e8cle, b\u00e2tissant pour l&#8217;avenir, et pour tout le domaine d&#8217;oc, le premier monument de ce qu&#8217;il faudra bien appeler [&hellip;]<\/p>\n","protected":false},"featured_media":0,"template":"","meta":{"_acf_changed":false,"_genesis_hide_title":false,"_genesis_hide_breadcrumbs":false,"_genesis_hide_singular_image":false,"_genesis_hide_footer_widgets":false,"_genesis_custom_body_class":"","_genesis_custom_post_class":"","_genesis_layout":""},"product_brand":[],"product_cat":[7188,7132,7174,16135],"product_tag":[],"class_list":["post-33933","product","type-product","status-publish","product_cat-arts-studies-en","product_cat-books","product_cat-literature-en","product_cat-non-classe-en","entry","first","instock","purchasable","product-type-simple"],"acf":[],"_links":{"self":[{"href":"https:\/\/www.libraria-occitana.org\/en\/wp-json\/wp\/v2\/product\/33933","targetHints":{"allow":["GET"]}}],"collection":[{"href":"https:\/\/www.libraria-occitana.org\/en\/wp-json\/wp\/v2\/product"}],"about":[{"href":"https:\/\/www.libraria-occitana.org\/en\/wp-json\/wp\/v2\/types\/product"}],"wp:attachment":[{"href":"https:\/\/www.libraria-occitana.org\/en\/wp-json\/wp\/v2\/media?parent=33933"}],"wp:term":[{"taxonomy":"product_brand","embeddable":true,"href":"https:\/\/www.libraria-occitana.org\/en\/wp-json\/wp\/v2\/product_brand?post=33933"},{"taxonomy":"product_cat","embeddable":true,"href":"https:\/\/www.libraria-occitana.org\/en\/wp-json\/wp\/v2\/product_cat?post=33933"},{"taxonomy":"product_tag","embeddable":true,"href":"https:\/\/www.libraria-occitana.org\/en\/wp-json\/wp\/v2\/product_tag?post=33933"}],"curies":[{"name":"wp","href":"https:\/\/api.w.org\/{rel}","templated":true}]}}

<p style="margin:0;"><span style="font-family:'Times New Roman';font-size:12pt;">Édition établie par Philippe Gardy et Guy Latry.<br />Nul choix ne s&#8217;imposait davantage, pour inaugurer cette collection Saber <wbr>(saupre, … savoir) que la haute figure de ce Gascon de la Renaissance engagé dans les luttes de son siècle, bâtissant pour l&#8217;avenir, et pour tout le domaine d&#8217;oc, le premier monument de ce qu&#8217;il faudra bien appeler après lui la littérature occitane moderne. De la thèse d&#8217;André Berry, soutenue en Sorbonne en 1948, n&#8217;avaient paru que quelques extraits, aujourd&#8217;hui difficiles d&#8217;accès. À une érudition humaniste à l&#8217;ancienne, ce livre joint, plaisir rare, la verve et la vivacité d&#8217;écriture d&#8217;un véritable écrivain.</p>
<p>Autor : Berry, André<br />Linga : Francés<br />Parucion : 01/1998<br />Editor : PU Bordeaux<br />Colleccion : Saber<br />Nb de pajas : 263<br />Format : 16 x 24 cm<br />Pés : 416 g<br />EAN 13 : 9782867812101</span></p>

<p>Édition établie par Philippe Gardy et Guy Latry.Nul choix ne s&#8217;imposait davantage, pour inaugurer cette collection Saber (saupre, … savoir) que la haute figure de ce Gascon de la Renaissance engagé dans les luttes de son siècle, bâtissant pour l&#8217;avenir, et pour tout le domaine d&#8217;oc, le premier monument de ce qu&#8217;il faudra bien appeler [&hellip;]</p>
