{"id":34039,"date":"2026-08-31T16:25:04","date_gmt":"2026-08-31T14:25:04","guid":{"rendered":"http:\/\/www.libraria-occitana.org\/?post_type=product&#038;p=34039\/"},"modified":"2026-08-31T16:25:07","modified_gmt":"2026-08-31T14:25:07","slug":"eloge-du-patois","status":"publish","type":"product","link":"https:\/\/www.libraria-occitana.org\/en\/product\/eloge-du-patois\/","title":{"rendered":"ELOGE DU PATOIS"},"content":{"rendered":"<p style=\"margin:0;\"><span style=\"font-family:'Times New Roman';font-size:12pt;\">L&#8217;\u00e9loge du patois ou l&#8217;itin\u00e9raire d&#8217;un occitan<\/p>\n<p>En France, la question des minorit\u00e9s nationales irrite ou fait sourire. Dans ce livre-t\u00e9moignage au titre volontairement provocateur, l&#8217;auteur ambitionne de mettre \u00e0 nu les raisons et les motivations de ce rejet plus ou moins ironique.<br \/>Yvon Bourdet ne sacrifie pas \u00e0 la mode et ne glorifie pas l&#8217;Occitanie. Il la r\u00e9clame. Il la retrouve. N\u00e9 occitan, promu parisien, il retrouve sa terre, ses racines, ses probl\u00e8mes, son identit\u00e9 longtemps trahie. Dans son livre exemplaire, le r\u00e9cit autobiographique se confond avec l&#8217;analyse. Yvon Bourdet raconte comment, longtemps, il a partag\u00e9 les illusions qu&#8217;il d\u00e9nonce aujourd&#8217;hui. Itin\u00e9raire d&#8217;un petit paysan pauvre qui a appris le fran\u00e7ais comme langue \u00e9trang\u00e8re pour oublier ensuite sa langue maternelle, \u00c9loge du patois est la red\u00e9couverte d&#8217;une identit\u00e9 perdue. Il est aussi une r\u00e9flexion sur l&#8217;un des ph\u00e9nom\u00e8nes les plus importants de l&#8217;histoire : l&#8217;effondrement des syst\u00e8mes imp\u00e9rialistes religieux, philosophiques et culturels fond\u00e9s sur l&#8217;exploitation des peuples par des minorit\u00e9s dominantes.<br \/>Pour lui, la reconnaissance du droit \u00e0 la parole et \u00e0 la vie des sp\u00e9cificit\u00e9s r\u00e9gionales partout dans le monde postule une organisation politique d&#8217;un type nouveau : l&#8217;autogestion \u00e9galitaire g\u00e9n\u00e9ralis\u00e9e.<br \/>Un des livres les plus pertinents sur la r\u00e9alit\u00e9 occitane et sur le probl\u00e8me ressurgissant aujourd&#8217;hui tel un raz de mar\u00e9e, de l&#8217;acculturation et du colonialisme de l&#8217;int\u00e9rieur.<\/p>\n<p>Autor : Bourdet, Yvon<br \/>Linga : Franc\u00e9s<br \/>Parucion : 01\/1977<br \/>Editor : Galil\u00e9e<br \/>Nb de pajas : 181<br \/>Format : 13,5 x 21,5 cm<br \/>P\u00e9s : 246 g<br \/>EAN 13 : 9782718600376<br \/><\/span><\/p>\n","protected":false},"excerpt":{"rendered":"<p>L&#8217;\u00e9loge du patois ou l&#8217;itin\u00e9raire d&#8217;un occitan En France, la question des minorit\u00e9s nationales irrite ou fait sourire. Dans ce livre-t\u00e9moignage au titre volontairement provocateur, l&#8217;auteur ambitionne de mettre \u00e0 nu les raisons et les motivations de ce rejet plus ou moins ironique.Yvon Bourdet ne sacrifie pas \u00e0 la mode et ne glorifie pas l&#8217;Occitanie. [&hellip;]<\/p>\n","protected":false},"featured_media":0,"template":"","meta":{"_acf_changed":false,"_genesis_hide_title":false,"_genesis_hide_breadcrumbs":false,"_genesis_hide_singular_image":false,"_genesis_hide_footer_widgets":false,"_genesis_custom_body_class":"","_genesis_custom_post_class":"","_genesis_layout":""},"product_brand":[],"product_cat":[7132,7174,16135,7186],"product_tag":[],"class_list":["post-34039","product","type-product","status-publish","product_cat-books","product_cat-literature-en","product_cat-non-classe-en","product_cat-personal-narratives-memoirs-en","entry","first","outofstock","purchasable","product-type-simple"],"acf":[],"_links":{"self":[{"href":"https:\/\/www.libraria-occitana.org\/en\/wp-json\/wp\/v2\/product\/34039","targetHints":{"allow":["GET"]}}],"collection":[{"href":"https:\/\/www.libraria-occitana.org\/en\/wp-json\/wp\/v2\/product"}],"about":[{"href":"https:\/\/www.libraria-occitana.org\/en\/wp-json\/wp\/v2\/types\/product"}],"wp:attachment":[{"href":"https:\/\/www.libraria-occitana.org\/en\/wp-json\/wp\/v2\/media?parent=34039"}],"wp:term":[{"taxonomy":"product_brand","embeddable":true,"href":"https:\/\/www.libraria-occitana.org\/en\/wp-json\/wp\/v2\/product_brand?post=34039"},{"taxonomy":"product_cat","embeddable":true,"href":"https:\/\/www.libraria-occitana.org\/en\/wp-json\/wp\/v2\/product_cat?post=34039"},{"taxonomy":"product_tag","embeddable":true,"href":"https:\/\/www.libraria-occitana.org\/en\/wp-json\/wp\/v2\/product_tag?post=34039"}],"curies":[{"name":"wp","href":"https:\/\/api.w.org\/{rel}","templated":true}]}}

<p style="margin:0;"><span style="font-family:'Times New Roman';font-size:12pt;">L&#8217;éloge du patois ou l&#8217;itinéraire d&#8217;un occitan</p>
<p>En France, la question des minorités nationales irrite ou fait sourire. Dans ce livre-témoignage au titre volontairement provocateur, l&#8217;auteur ambitionne de mettre à nu les raisons et les motivations de ce rejet plus ou moins ironique.<br />Yvon Bourdet ne sacrifie pas à la mode et ne glorifie pas l&#8217;Occitanie. Il la réclame. Il la retrouve. Né occitan, promu parisien, il retrouve sa terre, ses racines, ses problèmes, son identité longtemps trahie. Dans son livre exemplaire, le récit autobiographique se confond avec l&#8217;analyse. Yvon Bourdet raconte comment, longtemps, il a partagé les illusions qu&#8217;il dénonce aujourd&#8217;hui. Itinéraire d&#8217;un petit paysan pauvre qui a appris le français comme langue étrangère pour oublier ensuite sa langue maternelle, Éloge du patois est la redécouverte d&#8217;une identité perdue. Il est aussi une réflexion sur l&#8217;un des phénomènes les plus importants de l&#8217;histoire : l&#8217;effondrement des systèmes impérialistes religieux, philosophiques et culturels fondés sur l&#8217;exploitation des peuples par des minorités dominantes.<br />Pour lui, la reconnaissance du droit à la parole et à la vie des spécificités régionales partout dans le monde postule une organisation politique d&#8217;un type nouveau : l&#8217;autogestion égalitaire généralisée.<br />Un des livres les plus pertinents sur la réalité occitane et sur le problème ressurgissant aujourd&#8217;hui tel un raz de marée, de l&#8217;acculturation et du colonialisme de l&#8217;intérieur.</p>
<p>Autor : Bourdet, Yvon<br />Linga : Francés<br />Parucion : 01/1977<br />Editor : Galilée<br />Nb de pajas : 181<br />Format : 13,5 x 21,5 cm<br />Pés : 246 g<br />EAN 13 : 9782718600376<br /></span></p>

<p>L&#8217;éloge du patois ou l&#8217;itinéraire d&#8217;un occitan En France, la question des minorités nationales irrite ou fait sourire. Dans ce livre-témoignage au titre volontairement provocateur, l&#8217;auteur ambitionne de mettre à nu les raisons et les motivations de ce rejet plus ou moins ironique.Yvon Bourdet ne sacrifie pas à la mode et ne glorifie pas l&#8217;Occitanie. [&hellip;]</p>
