{"id":34049,"date":"2026-08-31T16:33:15","date_gmt":"2026-08-31T14:33:15","guid":{"rendered":"http:\/\/www.libraria-occitana.org\/?post_type=product&#038;p=34049\/"},"modified":"2026-08-31T16:33:18","modified_gmt":"2026-08-31T14:33:18","slug":"journal","status":"publish","type":"product","link":"https:\/\/www.libraria-occitana.org\/en\/product\/journal\/","title":{"rendered":"JOURNAL"},"content":{"rendered":"<p style=\"margin:0;\"><span style=\"font-family:'Times New Roman';font-size:12pt;\">Louisa Paulin est un des po\u00e8tes les plus grands et les moins connus de notre \u00e9poque. Elle s&#8217;est exprim\u00e9e avec un \u00e9gal bonheur en fran\u00e7ais et dans cet occitan dont elle a \u00e9crit : &#8220;C&#8217;est la langue m\u00eame de la po\u00e9sie&#8221;.<br \/>N\u00e9e \u00e0 R\u00e9almont pr\u00e8s d&#8217;Albi en 1888, institutrice dans divers villages du Tarn, elle devient professeur \u00e0 Tulle, o\u00f9 elle \u00e9crit ses premiers po\u00e8mes. Elle enseigne 18 ans en Limousin. Contrainte par la maladie qui la privera progressivement de la vue et de toute libert\u00e9 de mouvement, elle revient \u00e0 R\u00e9almont et y \u00e9crit l&#8217;essentiel de son oeuvre.<br \/>Elle y meurt \u00e0 56 ans, le 23 avril 1944.<\/p>\n<p>&#8220;Je suis capable d&#8217;aimer plusieurs personnes \u00e0 la fois, c&#8217;est-\u00e0-dire personne&#8230; Des projets nombreux&nbsp; dans ma t\u00eate, de l&#8217;ind\u00e9termin\u00e9 en moi, une vacuit\u00e9 merveilleuse afin de tout accueillir&#8230;&#8221; Voil\u00e0 pour le ton ! Trois cahiers de feuilles simplement pli\u00e9es en deux et retenues par un ruban constitu\u00e8rent son Journal du 31 mai 1923 au 19 avril 1928. Confi\u00e9 \u00e0 ses amies de la derni\u00e8re heure, il est aujourd&#8217;hui \u00e9dit\u00e9 par la Soci\u00e9t\u00e9 des Amis de Louisa Paulin.<br \/>Par les \u00e9l\u00e9ments nouveaux qu&#8217;il apporte sur sa vie intime, ses activit\u00e9s et ses projets litt\u00e9raires, la qu\u00eate spirituelle qu&#8217;il rend manifeste, la prose intuitive et rac\u00e9e qu&#8217;il r\u00e9v\u00e8le, sa publication constitue une \u00e9tape d\u00e9cisive dans la mise au jour de l&#8217;oeuvre de Louisa Paulin, femme et cr\u00e9atrice d&#8217;exception aux racines occitanes mill\u00e9naires, tr\u00e8s largement ouverte sur la vie et les courants esth\u00e9tiques de son temps.<\/p>\n<p>Autor : Paulin, Louisa<br \/>Linga : Franc\u00e9s<br \/>Parucion : 04\/1989<br \/>Editor : Vent Terral<br \/>Nb de pajas : 219<br \/>Format : 16,5 x 23 cm<br \/>P\u00e9s : 396 g<br \/>ISBN 10 : 2859270590<\/span><\/p>\n","protected":false},"excerpt":{"rendered":"<p>Louisa Paulin est un des po\u00e8tes les plus grands et les moins connus de notre \u00e9poque. Elle s&#8217;est exprim\u00e9e avec un \u00e9gal bonheur en fran\u00e7ais et dans cet occitan dont elle a \u00e9crit : &#8220;C&#8217;est la langue m\u00eame de la po\u00e9sie&#8221;.N\u00e9e \u00e0 R\u00e9almont pr\u00e8s d&#8217;Albi en 1888, institutrice dans divers villages du Tarn, elle devient [&hellip;]<\/p>\n","protected":false},"featured_media":0,"template":"","meta":{"_acf_changed":false,"_genesis_hide_title":false,"_genesis_hide_breadcrumbs":false,"_genesis_hide_singular_image":false,"_genesis_hide_footer_widgets":false,"_genesis_custom_body_class":"","_genesis_custom_post_class":"","_genesis_layout":""},"product_brand":[],"product_cat":[7132,7174,16135,7186],"product_tag":[],"class_list":["post-34049","product","type-product","status-publish","product_cat-books","product_cat-literature-en","product_cat-non-classe-en","product_cat-personal-narratives-memoirs-en","pa_auteur-paulin-loisa-en","pa_auteurs-louisa-paulin","pa_editeur-vent-terral-en","pa_langue-francais-en","entry","first","instock","purchasable","product-type-simple"],"acf":[],"_links":{"self":[{"href":"https:\/\/www.libraria-occitana.org\/en\/wp-json\/wp\/v2\/product\/34049","targetHints":{"allow":["GET"]}}],"collection":[{"href":"https:\/\/www.libraria-occitana.org\/en\/wp-json\/wp\/v2\/product"}],"about":[{"href":"https:\/\/www.libraria-occitana.org\/en\/wp-json\/wp\/v2\/types\/product"}],"wp:attachment":[{"href":"https:\/\/www.libraria-occitana.org\/en\/wp-json\/wp\/v2\/media?parent=34049"}],"wp:term":[{"taxonomy":"product_brand","embeddable":true,"href":"https:\/\/www.libraria-occitana.org\/en\/wp-json\/wp\/v2\/product_brand?post=34049"},{"taxonomy":"product_cat","embeddable":true,"href":"https:\/\/www.libraria-occitana.org\/en\/wp-json\/wp\/v2\/product_cat?post=34049"},{"taxonomy":"product_tag","embeddable":true,"href":"https:\/\/www.libraria-occitana.org\/en\/wp-json\/wp\/v2\/product_tag?post=34049"}],"curies":[{"name":"wp","href":"https:\/\/api.w.org\/{rel}","templated":true}]}}

<p style="margin:0;"><span style="font-family:'Times New Roman';font-size:12pt;">Louisa Paulin est un des poètes les plus grands et les moins connus de notre époque. Elle s&#8217;est exprimée avec un égal bonheur en français et dans cet occitan dont elle a écrit : &#8220;C&#8217;est la langue même de la poésie&#8221;.<br />Née à Réalmont près d&#8217;Albi en 1888, institutrice dans divers villages du Tarn, elle devient professeur à Tulle, où elle écrit ses premiers poèmes. Elle enseigne 18 ans en Limousin. Contrainte par la maladie qui la privera progressivement de la vue et de toute liberté de mouvement, elle revient à Réalmont et y écrit l&#8217;essentiel de son oeuvre.<br />Elle y meurt à 56 ans, le 23 avril 1944.</p>
<p>&#8220;Je suis capable d&#8217;aimer plusieurs personnes à la fois, c&#8217;est-à-dire personne&#8230; Des projets nombreux&nbsp; dans ma tête, de l&#8217;indéterminé en moi, une vacuité merveilleuse afin de tout accueillir&#8230;&#8221; Voilà pour le ton ! Trois cahiers de feuilles simplement pliées en deux et retenues par un ruban constituèrent son Journal du 31 mai 1923 au 19 avril 1928. Confié à ses amies de la dernière heure, il est aujourd&#8217;hui édité par la Société des Amis de Louisa Paulin.<br />Par les éléments nouveaux qu&#8217;il apporte sur sa vie intime, ses activités et ses projets littéraires, la quête spirituelle qu&#8217;il rend manifeste, la prose intuitive et racée qu&#8217;il révèle, sa publication constitue une étape décisive dans la mise au jour de l&#8217;oeuvre de Louisa Paulin, femme et créatrice d&#8217;exception aux racines occitanes millénaires, très largement ouverte sur la vie et les courants esthétiques de son temps.</p>
<p>Autor : Paulin, Louisa<br />Linga : Francés<br />Parucion : 04/1989<br />Editor : Vent Terral<br />Nb de pajas : 219<br />Format : 16,5 x 23 cm<br />Pés : 396 g<br />ISBN 10 : 2859270590</span></p>

<p>Louisa Paulin est un des poètes les plus grands et les moins connus de notre époque. Elle s&#8217;est exprimée avec un égal bonheur en français et dans cet occitan dont elle a écrit : &#8220;C&#8217;est la langue même de la poésie&#8221;.Née à Réalmont près d&#8217;Albi en 1888, institutrice dans divers villages du Tarn, elle devient [&hellip;]</p>
