{"id":34106,"date":"1996-01-19T13:19:59","date_gmt":"1996-01-19T12:19:59","guid":{"rendered":"http:\/\/www.libraria-occitana.org\/?post_type=product&#038;p=34106\/"},"modified":"2026-04-26T06:51:23","modified_gmt":"2026-04-26T04:51:23","slug":"insularas","status":"publish","type":"product","link":"https:\/\/www.libraria-occitana.org\/en\/product\/insularas\/","title":{"rendered":"Insularas"},"content":{"rendered":"<p>Las isclas enfachinan. Pantais d\u2019embarrament e d\u2019evasion, tota iscla es femna. Son tanben d\u2019obradors ont asatar los s\u00f2mis n\u00f2stres&#8230; Candide encara mal desgavachit, Janet, l\u2019er\u00f2i del <em>Ter\u00e7 Morir<\/em>, quita sa Catalonha del s\u00e8gle quinze per c\u00f3rrer la b\u00e8la aventura e se trobar un paire. Al mi\u00e8g d\u2019orrors sens nom ni nombre, rescontrar\u00e0 la Femna e l\u2019Iscla e comprendr\u00e0 que las rasons d\u2019estat an rason tard o d\u2019ora de las amors o utopias insularas. Demorar\u00e0 l\u2019ero\u00efsme, responsa a l\u2019opression en forma de vana \u00f2bra d\u2019art&#8230;<\/p>\n<p>Dos libertins del s\u00e8gle d\u00e8tz e s\u00e8t son escampats per la temp\u00e8sta sus una iscla deserta, <em>Amf\u00edcolpos<\/em>, e condemnats a l\u2019immortalitat. De lu\u00e8nh, espinchan lo capforc entre sci\u00e9ncia e sapien\u00e7a, fins al desastre terminal&#8230;<\/p>\n<p>Dins dos contes filosofics, meravilhas de pluma destricada, dos cap-d\u2019\u00f2bra cortets \u2013 una Odiss\u00e8a e una Robinsonada \u2013 l\u2019autor, grand m\u00e8stre en ironia, nos porg\u00eds una celebracion gostosa del <em>mare nostrum<\/em>.<\/p>\n<p><strong>Rob\u00e8rt August Cesar Lafont<\/strong>\u00a0(Robert Lafont en franc\u00e9s) (Nimes, 1923 &#8211; Floren\u00e7a, It\u00e0lia, 2009) \u00e8ra un intellectuau occitan e pus particularament un ling\u00fcista, un escrivan, un istorian, un especialista de la literatura e un teorician politic. Es una dei pus grandei figuras istoricas de l\u2019occitanisme.<\/p>\n","protected":false},"excerpt":{"rendered":"<p>Las isclas enfachinan. Pantais d\u2019embarrament e d\u2019evasion, tota iscla es femna. Son tanben d\u2019obradors ont asatar los s\u00f2mis n\u00f2stres&#8230; Candide encara mal desgavachit, Janet, l\u2019er\u00f2i del Ter\u00e7 Morir, quita sa Catalonha del s\u00e8gle quinze per c\u00f3rrer la b\u00e8la aventura e se trobar un paire. Al mi\u00e8g d\u2019orrors sens nom ni nombre, rescontrar\u00e0 la Femna e [&hellip;]<\/p>\n","protected":false},"featured_media":53801,"template":"","meta":{"_acf_changed":false,"_genesis_hide_title":false,"_genesis_hide_breadcrumbs":false,"_genesis_hide_singular_image":false,"_genesis_hide_footer_widgets":false,"_genesis_custom_body_class":"","_genesis_custom_post_class":"","_genesis_layout":""},"product_brand":[],"product_cat":[7132,7174,7182],"product_tag":[],"class_list":{"0":"post-34106","1":"product","2":"type-product","3":"status-publish","4":"has-post-thumbnail","6":"product_cat-books","7":"product_cat-literature-en","8":"product_cat-novels-short-stories-en","9":"pa_editeur-ieo-fr-en","10":"pa_illustrateur-lafont-robert-en","11":"pa_langue-occitan-en","12":"pa_langue-occitan-provencau-en","13":"entry","15":"first","16":"instock","17":"shipping-taxable","18":"purchasable","19":"product-type-simple"},"acf":[],"_links":{"self":[{"href":"https:\/\/www.libraria-occitana.org\/en\/wp-json\/wp\/v2\/product\/34106","targetHints":{"allow":["GET"]}}],"collection":[{"href":"https:\/\/www.libraria-occitana.org\/en\/wp-json\/wp\/v2\/product"}],"about":[{"href":"https:\/\/www.libraria-occitana.org\/en\/wp-json\/wp\/v2\/types\/product"}],"wp:featuredmedia":[{"embeddable":true,"href":"https:\/\/www.libraria-occitana.org\/en\/wp-json\/wp\/v2\/media\/53801"}],"wp:attachment":[{"href":"https:\/\/www.libraria-occitana.org\/en\/wp-json\/wp\/v2\/media?parent=34106"}],"wp:term":[{"taxonomy":"product_brand","embeddable":true,"href":"https:\/\/www.libraria-occitana.org\/en\/wp-json\/wp\/v2\/product_brand?post=34106"},{"taxonomy":"product_cat","embeddable":true,"href":"https:\/\/www.libraria-occitana.org\/en\/wp-json\/wp\/v2\/product_cat?post=34106"},{"taxonomy":"product_tag","embeddable":true,"href":"https:\/\/www.libraria-occitana.org\/en\/wp-json\/wp\/v2\/product_tag?post=34106"}],"curies":[{"name":"wp","href":"https:\/\/api.w.org\/{rel}","templated":true}]}}

<p>Las isclas enfachinan. Pantais d’embarrament e d’evasion, tota iscla es femna. Son tanben d’obradors ont asatar los sòmis nòstres&#8230; Candide encara mal desgavachit, Janet, l’eròi del <em>Terç Morir</em>, quita sa Catalonha del sègle quinze per córrer la bèla aventura e se trobar un paire. Al mièg d’orrors sens nom ni nombre, rescontrarà la Femna e l’Iscla e comprendrà que las rasons d’estat an rason tard o d’ora de las amors o utopias insularas. Demorarà l’eroïsme, responsa a l’opression en forma de vana òbra d’art&#8230;</p>
<p>Dos libertins del sègle dètz e sèt son escampats per la tempèsta sus una iscla deserta, <em>Amfícolpos</em>, e condemnats a l’immortalitat. De luènh, espinchan lo capforc entre sciéncia e sapiença, fins al desastre terminal&#8230;</p>
<p>Dins dos contes filosofics, meravilhas de pluma destricada, dos cap-d’òbra cortets – una Odissèa e una Robinsonada – l’autor, grand mèstre en ironia, nos porgís una celebracion gostosa del <em>mare nostrum</em>.</p>
<p><strong>Robèrt August Cesar Lafont</strong> (Robert Lafont en francés) (Nimes, 1923 &#8211; Florença, Itàlia, 2009) èra un intellectuau occitan e pus particularament un lingüista, un escrivan, un istorian, un especialista de la literatura e un teorician politic. Es una dei pus grandei figuras istoricas de l’occitanisme.</p>

<p>Las isclas enfachinan. Pantais d’embarrament e d’evasion, tota iscla es femna. Son tanben d’obradors ont asatar los sòmis nòstres&#8230; Candide encara mal desgavachit, Janet, l’eròi del Terç Morir, quita sa Catalonha del sègle quinze per córrer la bèla aventura e se trobar un paire. Al mièg d’orrors sens nom ni nombre, rescontrarà la Femna e [&hellip;]</p>
