{"id":34108,"date":"2026-08-31T16:31:35","date_gmt":"2026-08-31T14:31:35","guid":{"rendered":"http:\/\/www.libraria-occitana.org\/?post_type=product&#038;p=34108\/"},"modified":"2026-08-31T16:31:39","modified_gmt":"2026-08-31T14:31:39","slug":"incertitudes-les-cathares-a-montpellier","status":"publish","type":"product","link":"https:\/\/www.libraria-occitana.org\/en\/product\/incertitudes-les-cathares-a-montpellier\/","title":{"rendered":"INCERTITUDES, LES CATHARES A MONTPELLIER"},"content":{"rendered":"<p style=\"margin:0;\"><span style=\"font-family:'Times New Roman';font-size:12pt;\">L&#8217;\u00e9tude de l&#8217;h\u00e9r\u00e9sie cathare est particuli\u00e8rement ardue car les sources relatives au Moyen Age sont parcellaires et souvent opaques. Une grande partie des registres de l&#8217;Inquisition ont disparu. Pour les registres conserv\u00e9s, en l&#8217;\u00e9tat ou recopi\u00e9s, il est paradoxal de constater que le catharisme est aujourd&#8217;hui connu gr\u00e2ce \u00e0 ces sources qui ont voulu le faire dispara\u00eetre. Michel Jas est un \u00e9rudit qui cherche une \u00e9ventuelle pr\u00e9sence cathare, l\u00e0 o\u00f9 on ne s&#8217;y attend pas, avec des discussions qui entra\u00eenent parfois dans un encha\u00eenement de faits et nous am\u00e8nent sur des terrains vierges et inconnus o\u00f9 de nouvelles questions se posent sans cesse : est-il raisonnable de continuer \u00e0 penser que Montpellier fut un pur foyer de l&#8217;orthodoxie, quand on sait qu&#8217;il y eut un tribunal inquisitorial trois ans avant celui de Carcassonne ? Ceci laisse supposer&nbsp; qu&#8217;il y avait au moins un soup\u00e7on sur la pr\u00e9sence d&#8217;h\u00e9r\u00e9tiques \u00e0 Montpellier, ou tout au moins dans sa r\u00e9gion. Quelles sont les limites g\u00e9ographiques du catharisme dans le Bas-Languedoc et quelle est sa zone r\u00e9elle d&#8217;influence ?<\/p>\n<p>Autor : Jas, Michel<br \/>Linga : Franc\u00e9s<br \/>Parucion : 03\/2007<br \/>Editor : IEO<br \/>Nb de pajas : 163<br \/>Format : 13,5 x 18 cm<br \/>P\u00e9s : 174 g<br \/>EAN 13 : 9782859104214<br \/><\/span><\/p>\n","protected":false},"excerpt":{"rendered":"<p>L&#8217;\u00e9tude de l&#8217;h\u00e9r\u00e9sie cathare est particuli\u00e8rement ardue car les sources relatives au Moyen Age sont parcellaires et souvent opaques. Une grande partie des registres de l&#8217;Inquisition ont disparu. Pour les registres conserv\u00e9s, en l&#8217;\u00e9tat ou recopi\u00e9s, il est paradoxal de constater que le catharisme est aujourd&#8217;hui connu gr\u00e2ce \u00e0 ces sources qui ont voulu le [&hellip;]<\/p>\n","protected":false},"featured_media":0,"template":"","meta":{"_acf_changed":false,"_genesis_hide_title":false,"_genesis_hide_breadcrumbs":false,"_genesis_hide_singular_image":false,"_genesis_hide_footer_widgets":false,"_genesis_custom_body_class":"","_genesis_custom_post_class":"","_genesis_layout":""},"product_brand":[],"product_cat":[7132,7148,7160,16135],"product_tag":[],"class_list":["post-34108","product","type-product","status-publish","product_cat-books","product_cat-history-geography-en","product_cat-medieval-history-en","product_cat-non-classe-en","pa_editeur-ieo-fr-en","pa_editeurs-ideco","entry","first","outofstock","purchasable","product-type-simple"],"acf":[],"_links":{"self":[{"href":"https:\/\/www.libraria-occitana.org\/en\/wp-json\/wp\/v2\/product\/34108","targetHints":{"allow":["GET"]}}],"collection":[{"href":"https:\/\/www.libraria-occitana.org\/en\/wp-json\/wp\/v2\/product"}],"about":[{"href":"https:\/\/www.libraria-occitana.org\/en\/wp-json\/wp\/v2\/types\/product"}],"wp:attachment":[{"href":"https:\/\/www.libraria-occitana.org\/en\/wp-json\/wp\/v2\/media?parent=34108"}],"wp:term":[{"taxonomy":"product_brand","embeddable":true,"href":"https:\/\/www.libraria-occitana.org\/en\/wp-json\/wp\/v2\/product_brand?post=34108"},{"taxonomy":"product_cat","embeddable":true,"href":"https:\/\/www.libraria-occitana.org\/en\/wp-json\/wp\/v2\/product_cat?post=34108"},{"taxonomy":"product_tag","embeddable":true,"href":"https:\/\/www.libraria-occitana.org\/en\/wp-json\/wp\/v2\/product_tag?post=34108"}],"curies":[{"name":"wp","href":"https:\/\/api.w.org\/{rel}","templated":true}]}}

<p style="margin:0;"><span style="font-family:'Times New Roman';font-size:12pt;">L&#8217;étude de l&#8217;hérésie cathare est particulièrement ardue car les sources relatives au Moyen Age sont parcellaires et souvent opaques. Une grande partie des registres de l&#8217;Inquisition ont disparu. Pour les registres conservés, en l&#8217;état ou recopiés, il est paradoxal de constater que le catharisme est aujourd&#8217;hui connu grâce à ces sources qui ont voulu le faire disparaître. Michel Jas est un érudit qui cherche une éventuelle présence cathare, là où on ne s&#8217;y attend pas, avec des discussions qui entraînent parfois dans un enchaînement de faits et nous amènent sur des terrains vierges et inconnus où de nouvelles questions se posent sans cesse : est-il raisonnable de continuer à penser que Montpellier fut un pur foyer de l&#8217;orthodoxie, quand on sait qu&#8217;il y eut un tribunal inquisitorial trois ans avant celui de Carcassonne ? Ceci laisse supposer&nbsp; qu&#8217;il y avait au moins un soupçon sur la présence d&#8217;hérétiques à Montpellier, ou tout au moins dans sa région. Quelles sont les limites géographiques du catharisme dans le Bas-Languedoc et quelle est sa zone réelle d&#8217;influence ?</p>
<p>Autor : Jas, Michel<br />Linga : Francés<br />Parucion : 03/2007<br />Editor : IEO<br />Nb de pajas : 163<br />Format : 13,5 x 18 cm<br />Pés : 174 g<br />EAN 13 : 9782859104214<br /></span></p>

<p>L&#8217;étude de l&#8217;hérésie cathare est particulièrement ardue car les sources relatives au Moyen Age sont parcellaires et souvent opaques. Une grande partie des registres de l&#8217;Inquisition ont disparu. Pour les registres conservés, en l&#8217;état ou recopiés, il est paradoxal de constater que le catharisme est aujourd&#8217;hui connu grâce à ces sources qui ont voulu le [&hellip;]</p>
