{"id":34133,"date":"2026-08-31T16:18:09","date_gmt":"2026-08-31T14:18:09","guid":{"rendered":"http:\/\/www.libraria-occitana.org\/?post_type=product&#038;p=34133\/"},"modified":"2026-08-31T16:18:13","modified_gmt":"2026-08-31T14:18:13","slug":"histoire-chronologique-de-la-civilisation-occitane-tiii-de-1840-a-nos-jours","status":"publish","type":"product","link":"https:\/\/www.libraria-occitana.org\/en\/product\/histoire-chronologique-de-la-civilisation-occitane-tiii-de-1840-a-nos-jours\/","title":{"rendered":"HISTOIRE CHRONOLOGIQUE DE LA CIVILISATION OCCITANE. TIII. DE 1840 A NOS JOURS."},"content":{"rendered":"<p style=\"margin:0;\"><span style=\"font-family:'Times New Roman';font-size:12pt;\">Au cours de la p\u00e9riode allant de 1840 \u00e0 nos jours que couvre ce troisi\u00e8me volume, on constate l&#8217;\u00e9mergence d&#8217;une conscience nouvelle, pr\u00e9par\u00e9 par les travaux de Mary-Lafon ; le premier historien des Pays d&#8217;Oc. Ligues et R\u00e9publiques du Midi, plus ou moins \u00e9ph\u00e9m\u00e8res jalonnent la vie politique et sociale occitanes ; le plus important de ces mouvements fut probablement la r\u00e9volte des vignerons <wbr>(1907). Les Occitans ayant toujours un souci constant de l&#8217;homme, nous les retrouvons aux postes avanc\u00e9s du socialisme, du syndicalisme et du coop\u00e9ratisme. Dans l&#8217;ordre des sciences qui connaissent un grand essor, ils ont le go\u00fbt de la recherche pure domin\u00e9e cependant par le souci de l&#8217;application pratique. La litt\u00e9rature d&#8217;Oc conna\u00eet de nouveaux ma\u00eetres avec Fabre d&#8217;Olivet, Navarro, Jasmin, G\u00e9lu&#8230; , qui pr\u00e9c\u00e8dent la Renaissance dont Mistral &#8211; Prix Nobel contre la volont\u00e9 de l&#8217;Acad\u00e9mie Fran\u00e7aise &#8211; a port\u00e9 haut et loin le flambeau. Pendant un si\u00e8cle, ce sera une floraison de po\u00e8tes et d&#8217;\u00e9crivains occitans dont certains de grande valeur, d&#8217;Arbaud, Aubanel, Perbosc, Cam\u00e9lat,\u2026 pour les anciens, Boudou Manciet, Lafont, Roquette,\u2026 pour les modernes. Aujourd&#8217;hui, la d\u00e9fense et l&#8217;illustration de la langue occitane, cl\u00e9 de notre civilisation, passe par l&#8217;enseignement et c&#8217;est l&#8217;\u00e9closion des \u00ab calandretas \u00bb, \u00e9coles occitanes la\u00efques et gratuites, qui essaiment \u00e0 travers toute l&#8217;Occitanie. Le premier coll\u00e8ge bilingue vient d&#8217;ouvrir ses portes \u00e0 Lattes, dans la banlieue de Montpellier, en octobre 1997. Une ouverture sur l&#8217;avenir.<\/p>\n<p>Complement de titre : De 1840 \u00e0 nos jours<br \/>Autor : Dupuy, Andr\u00e9<br \/>Linga : Franc\u00e9s<br \/>Parucion : 1998<br \/>Editor : Slatkine<br \/>Nb de pajas : 385<br \/>Format : 17,5 x 25 cm<br \/>P\u00e9s : 1116 g<br \/>EAN 13 : 9782051016384<\/p>\n<p><\/span><\/p>\n","protected":false},"excerpt":{"rendered":"<p>Au cours de la p\u00e9riode allant de 1840 \u00e0 nos jours que couvre ce troisi\u00e8me volume, on constate l&#8217;\u00e9mergence d&#8217;une conscience nouvelle, pr\u00e9par\u00e9 par les travaux de Mary-Lafon ; le premier historien des Pays d&#8217;Oc. Ligues et R\u00e9publiques du Midi, plus ou moins \u00e9ph\u00e9m\u00e8res jalonnent la vie politique et sociale occitanes ; le plus important [&hellip;]<\/p>\n","protected":false},"featured_media":0,"template":"","meta":{"_acf_changed":false,"_genesis_hide_title":false,"_genesis_hide_breadcrumbs":false,"_genesis_hide_singular_image":false,"_genesis_hide_footer_widgets":false,"_genesis_custom_body_class":"","_genesis_custom_post_class":"","_genesis_layout":""},"product_brand":[],"product_cat":[7132,7156,7148,16135],"product_tag":[],"class_list":["post-34133","product","type-product","status-publish","product_cat-books","product_cat-general-history-en","product_cat-history-geography-en","product_cat-non-classe-en","entry","first","outofstock","purchasable","product-type-simple"],"acf":[],"_links":{"self":[{"href":"https:\/\/www.libraria-occitana.org\/en\/wp-json\/wp\/v2\/product\/34133","targetHints":{"allow":["GET"]}}],"collection":[{"href":"https:\/\/www.libraria-occitana.org\/en\/wp-json\/wp\/v2\/product"}],"about":[{"href":"https:\/\/www.libraria-occitana.org\/en\/wp-json\/wp\/v2\/types\/product"}],"wp:attachment":[{"href":"https:\/\/www.libraria-occitana.org\/en\/wp-json\/wp\/v2\/media?parent=34133"}],"wp:term":[{"taxonomy":"product_brand","embeddable":true,"href":"https:\/\/www.libraria-occitana.org\/en\/wp-json\/wp\/v2\/product_brand?post=34133"},{"taxonomy":"product_cat","embeddable":true,"href":"https:\/\/www.libraria-occitana.org\/en\/wp-json\/wp\/v2\/product_cat?post=34133"},{"taxonomy":"product_tag","embeddable":true,"href":"https:\/\/www.libraria-occitana.org\/en\/wp-json\/wp\/v2\/product_tag?post=34133"}],"curies":[{"name":"wp","href":"https:\/\/api.w.org\/{rel}","templated":true}]}}

<p style="margin:0;"><span style="font-family:'Times New Roman';font-size:12pt;">Au cours de la période allant de 1840 à nos jours que couvre ce troisième volume, on constate l&#8217;émergence d&#8217;une conscience nouvelle, préparé par les travaux de Mary-Lafon ; le premier historien des Pays d&#8217;Oc. Ligues et Républiques du Midi, plus ou moins éphémères jalonnent la vie politique et sociale occitanes ; le plus important de ces mouvements fut probablement la révolte des vignerons <wbr>(1907). Les Occitans ayant toujours un souci constant de l&#8217;homme, nous les retrouvons aux postes avancés du socialisme, du syndicalisme et du coopératisme. Dans l&#8217;ordre des sciences qui connaissent un grand essor, ils ont le goût de la recherche pure dominée cependant par le souci de l&#8217;application pratique. La littérature d&#8217;Oc connaît de nouveaux maîtres avec Fabre d&#8217;Olivet, Navarro, Jasmin, Gélu&#8230; , qui précèdent la Renaissance dont Mistral &#8211; Prix Nobel contre la volonté de l&#8217;Académie Française &#8211; a porté haut et loin le flambeau. Pendant un siècle, ce sera une floraison de poètes et d&#8217;écrivains occitans dont certains de grande valeur, d&#8217;Arbaud, Aubanel, Perbosc, Camélat,… pour les anciens, Boudou Manciet, Lafont, Roquette,… pour les modernes. Aujourd&#8217;hui, la défense et l&#8217;illustration de la langue occitane, clé de notre civilisation, passe par l&#8217;enseignement et c&#8217;est l&#8217;éclosion des « calandretas », écoles occitanes laïques et gratuites, qui essaiment à travers toute l&#8217;Occitanie. Le premier collège bilingue vient d&#8217;ouvrir ses portes à Lattes, dans la banlieue de Montpellier, en octobre 1997. Une ouverture sur l&#8217;avenir.</p>
<p>Complement de titre : De 1840 à nos jours<br />Autor : Dupuy, André<br />Linga : Francés<br />Parucion : 1998<br />Editor : Slatkine<br />Nb de pajas : 385<br />Format : 17,5 x 25 cm<br />Pés : 1116 g<br />EAN 13 : 9782051016384</p>
<p></span></p>

<p>Au cours de la période allant de 1840 à nos jours que couvre ce troisième volume, on constate l&#8217;émergence d&#8217;une conscience nouvelle, préparé par les travaux de Mary-Lafon ; le premier historien des Pays d&#8217;Oc. Ligues et Républiques du Midi, plus ou moins éphémères jalonnent la vie politique et sociale occitanes ; le plus important [&hellip;]</p>
