{"id":34143,"date":"2026-08-31T16:18:00","date_gmt":"2026-08-31T14:18:00","guid":{"rendered":"http:\/\/www.libraria-occitana.org\/?post_type=product&#038;p=34143\/"},"modified":"2026-08-31T16:18:03","modified_gmt":"2026-08-31T14:18:03","slug":"histoire-chronologique-de-la-civilisation-occitane-ti-des-origines-a-1599","status":"publish","type":"product","link":"https:\/\/www.libraria-occitana.org\/en\/product\/histoire-chronologique-de-la-civilisation-occitane-ti-des-origines-a-1599\/","title":{"rendered":"HISTOIRE CHRONOLOGIQUE DE LA CIVILISATION OCCITANE. TI. DES ORIGINES A 1599."},"content":{"rendered":"<p style=\"margin:0;\"><span style=\"font-family:'Times New Roman';font-size:12pt;\">Histoire chronologique de la civilisation occitane I<\/p>\n<p>Ce premier volume couvre la p\u00e9riode allant des origines aux temps modernes <wbr>(1599) et traite de l&#8217;Occitanie \u00e0 la recherche d&#8217;elle-m\u00eame. Le lecteur peut suivre la longue gestation de notre civilisation jusqu&#8217;\u00e0 l&#8217;aube du second mill\u00e9naire puis assister \u00e0 sa naissance et \u00e0 son \u00e9panouissement avant d&#8217;\u00eatre le t\u00e9moin de ses premi\u00e8res tribulations. La civilisation occitane, \u00e9prise de libert\u00e9 dans tous les domaines, rayonne sur l&#8217;Europe d&#8217;alors, communiquant aux autres l&#8217;humanisme qu&#8217;elle porte en elle. Troubadours, ma\u00eetres-d\u2019\u0153uvres, sculpteurs, peintres, mais aussi commer\u00e7ants, moines et p\u00e8lerins v\u00e9hiculent partout ce message d&#8217;amour n\u00e9 en terre occitane. Cette civilisation puise elle-m\u00eame dans le profond courant de la pens\u00e9e jud\u00e9o-islamique r\u00e9pandue en pays d&#8217;Oc par le canal des florissantes communaut\u00e9s juives qui y sont \u00e9tablies. Il faut insister sur l&#8217;existence \u00e0 cette \u00e9poque d&#8217;une v\u00e9ritable osmose des civilisations m\u00e9diterran\u00e9ennes entretenue par d&#8217;incessants rapports commerciaux et culturels. Ainsi se pr\u00e9pare la f\u00e9d\u00e9ration occitano-catalane qui se concr\u00e9tise le 27 janvier 1213 avec Pierre II d&#8217;Aragon. La mort de ce dernier, quelques mois plus tard \u00e0 la bataille de Muret, suivie de la d\u00e9faite de nos troupes, la remettra malheureusement en question et pour toujours. D\u00e9cid\u00e9ment, l&#8217;Occitanie, brillante civilisation certes, ne devait pas avoir vocation d\u2019\u00c9tat.<\/p>\n<p>Complement de titre : Des origines \u00e0 1599<br \/>Autor : Dupuy, Andr\u00e9<br \/>Linga : Franc\u00e9s<br \/>Parucion : 1998<br \/>Editor : Slatkine<br \/>Nb de pajas : 300<br \/>Format : 17,5 x 25 cm<br \/>P\u00e9s : 952 g<br \/>EAN 13 : 9782051016360<br \/><\/span><\/p>\n","protected":false},"excerpt":{"rendered":"<p>Histoire chronologique de la civilisation occitane I Ce premier volume couvre la p\u00e9riode allant des origines aux temps modernes (1599) et traite de l&#8217;Occitanie \u00e0 la recherche d&#8217;elle-m\u00eame. Le lecteur peut suivre la longue gestation de notre civilisation jusqu&#8217;\u00e0 l&#8217;aube du second mill\u00e9naire puis assister \u00e0 sa naissance et \u00e0 son \u00e9panouissement avant d&#8217;\u00eatre le [&hellip;]<\/p>\n","protected":false},"featured_media":0,"template":"","meta":{"_acf_changed":false,"_genesis_hide_title":false,"_genesis_hide_breadcrumbs":false,"_genesis_hide_singular_image":false,"_genesis_hide_footer_widgets":false,"_genesis_custom_body_class":"","_genesis_custom_post_class":"","_genesis_layout":""},"product_brand":[],"product_cat":[7132,7156,7148,16135],"product_tag":[],"class_list":["post-34143","product","type-product","status-publish","product_cat-books","product_cat-general-history-en","product_cat-history-geography-en","product_cat-non-classe-en","entry","first","outofstock","purchasable","product-type-simple"],"acf":[],"_links":{"self":[{"href":"https:\/\/www.libraria-occitana.org\/en\/wp-json\/wp\/v2\/product\/34143","targetHints":{"allow":["GET"]}}],"collection":[{"href":"https:\/\/www.libraria-occitana.org\/en\/wp-json\/wp\/v2\/product"}],"about":[{"href":"https:\/\/www.libraria-occitana.org\/en\/wp-json\/wp\/v2\/types\/product"}],"wp:attachment":[{"href":"https:\/\/www.libraria-occitana.org\/en\/wp-json\/wp\/v2\/media?parent=34143"}],"wp:term":[{"taxonomy":"product_brand","embeddable":true,"href":"https:\/\/www.libraria-occitana.org\/en\/wp-json\/wp\/v2\/product_brand?post=34143"},{"taxonomy":"product_cat","embeddable":true,"href":"https:\/\/www.libraria-occitana.org\/en\/wp-json\/wp\/v2\/product_cat?post=34143"},{"taxonomy":"product_tag","embeddable":true,"href":"https:\/\/www.libraria-occitana.org\/en\/wp-json\/wp\/v2\/product_tag?post=34143"}],"curies":[{"name":"wp","href":"https:\/\/api.w.org\/{rel}","templated":true}]}}

<p style="margin:0;"><span style="font-family:'Times New Roman';font-size:12pt;">Histoire chronologique de la civilisation occitane I</p>
<p>Ce premier volume couvre la période allant des origines aux temps modernes <wbr>(1599) et traite de l&#8217;Occitanie à la recherche d&#8217;elle-même. Le lecteur peut suivre la longue gestation de notre civilisation jusqu&#8217;à l&#8217;aube du second millénaire puis assister à sa naissance et à son épanouissement avant d&#8217;être le témoin de ses premières tribulations. La civilisation occitane, éprise de liberté dans tous les domaines, rayonne sur l&#8217;Europe d&#8217;alors, communiquant aux autres l&#8217;humanisme qu&#8217;elle porte en elle. Troubadours, maîtres-d’œuvres, sculpteurs, peintres, mais aussi commerçants, moines et pèlerins véhiculent partout ce message d&#8217;amour né en terre occitane. Cette civilisation puise elle-même dans le profond courant de la pensée judéo-islamique répandue en pays d&#8217;Oc par le canal des florissantes communautés juives qui y sont établies. Il faut insister sur l&#8217;existence à cette époque d&#8217;une véritable osmose des civilisations méditerranéennes entretenue par d&#8217;incessants rapports commerciaux et culturels. Ainsi se prépare la fédération occitano-catalane qui se concrétise le 27 janvier 1213 avec Pierre II d&#8217;Aragon. La mort de ce dernier, quelques mois plus tard à la bataille de Muret, suivie de la défaite de nos troupes, la remettra malheureusement en question et pour toujours. Décidément, l&#8217;Occitanie, brillante civilisation certes, ne devait pas avoir vocation d’État.</p>
<p>Complement de titre : Des origines à 1599<br />Autor : Dupuy, André<br />Linga : Francés<br />Parucion : 1998<br />Editor : Slatkine<br />Nb de pajas : 300<br />Format : 17,5 x 25 cm<br />Pés : 952 g<br />EAN 13 : 9782051016360<br /></span></p>

<p>Histoire chronologique de la civilisation occitane I Ce premier volume couvre la période allant des origines aux temps modernes (1599) et traite de l&#8217;Occitanie à la recherche d&#8217;elle-même. Le lecteur peut suivre la longue gestation de notre civilisation jusqu&#8217;à l&#8217;aube du second millénaire puis assister à sa naissance et à son épanouissement avant d&#8217;être le [&hellip;]</p>
