{"id":34183,"date":"2026-08-31T17:14:40","date_gmt":"2026-08-31T15:14:40","guid":{"rendered":"http:\/\/www.libraria-occitana.org\/?post_type=product&#038;p=34183\/"},"modified":"2026-08-31T17:14:44","modified_gmt":"2026-08-31T15:14:44","slug":"frederic-mistral-un-portrait-insolite-du-celebre-poete-provencal","status":"publish","type":"product","link":"https:\/\/www.libraria-occitana.org\/en\/product\/frederic-mistral-un-portrait-insolite-du-celebre-poete-provencal\/","title":{"rendered":"FREDERIC MISTRAL : UN PORTRAIT INSOLITE DU CELEBRE POETE PROVENCAL"},"content":{"rendered":"<p style=\"margin:0;\"><span style=\"font-family:'Times New Roman';font-size:12pt;\">Une rue, une place, un coll\u00e8ge &#8230; C&#8217;est souvent ce qu&#8217;\u00e9voque le nom de Fr\u00e9d\u00e9ric Mistral. Mais rares sont ceux qui connaissent vraiment l&#8217;homme et son oeuvre &#8211; pourtant gigantesque !<br \/>Fr\u00e9d\u00e9ric Mistral fait partie des quelques \u00e9crivains fran\u00e7ais \u00e0 avoir obtenu le prix Nobel, mais il est le seul \u00e0 l&#8217;avoir obtenu pour une oeuvre r\u00e9alis\u00e9e dans une langue autre que le fran\u00e7ais. Ecrivain d&#8217;expression proven\u00e7ale <wbr>(Mir\u00e8io, Calendau, Lis Isclo d&#8217;or &#8230;), traduit dans une trentaine de langues ; lexicographe, auteur du plus grand dictionnaire de la langue d&#8217;oc moderne <wbr>(Tresor d\u00f3u Felibrige) ; ethnographe, cr\u00e9ateur d&#8217;un mus\u00e9e de soci\u00e9t\u00e9 <wbr>(Museon Arlaten) ; fondateur d&#8217;un journal d&#8217;inspiration f\u00e9d\u00e9raliste <wbr>(L&#8217;Ai\u00f2li), il est aussi \u00e0 l&#8217;origine du mouvement qui, \u00e0 partir de 1854, se donna pour objet la d\u00e9fense et l&#8217;illustration de la langue et de la culture du midi de la France : le f\u00e9librige. Pour tout cela, Fr\u00e9d\u00e9ric Mistral reste aujourd&#8217;hui la figure embl\u00e9matique de ceux qui pr\u00f4nent la diversit\u00e9 linguistique et culturelle.<br \/>R\u00e9alis\u00e9 en 2004, Fr\u00e9d\u00e9ric Mistral est \u00e0 ce jour l&#8217;unique documentaire sur celui qui est consid\u00e9r\u00e9 comme le plus grand \u00e9crivain de la litt\u00e9rature d&#8217;oc de tous les temps.<\/p>\n<p>Sc\u00e9nario : Jean-Pierre Belmon<br \/>R\u00e9alisation : Alain Glasberg<br \/>Musique originale : Eric Ragu<br \/>Interpr\u00e9tation : Eric Boubon &#038; Pierlouis Delli Fiori<br \/>Production d\u00e9l\u00e9gu\u00e9e : Guillaume Blanc<\/p>\n<p>Autor : Glasberg, Alain ; Belmon, Jean-Pierre<br \/>Linga : Occitan &#8211; franc\u00e9s &#8211; italian<br \/>Parucion : 2004<br \/>Editor : AMDA &#8211; France 3 M\u00e9diterran\u00e9e ; F\u00e9librige<br \/>Durada : 52&#8242;<br \/>Format : DVD<br \/>P\u00e9s : 82 g<br \/><\/span><\/p>\n","protected":false},"excerpt":{"rendered":"<p>Une rue, une place, un coll\u00e8ge &#8230; C&#8217;est souvent ce qu&#8217;\u00e9voque le nom de Fr\u00e9d\u00e9ric Mistral. Mais rares sont ceux qui connaissent vraiment l&#8217;homme et son oeuvre &#8211; pourtant gigantesque !Fr\u00e9d\u00e9ric Mistral fait partie des quelques \u00e9crivains fran\u00e7ais \u00e0 avoir obtenu le prix Nobel, mais il est le seul \u00e0 l&#8217;avoir obtenu pour une oeuvre [&hellip;]<\/p>\n","protected":false},"featured_media":0,"template":"","meta":{"_acf_changed":false,"_genesis_hide_title":false,"_genesis_hide_breadcrumbs":false,"_genesis_hide_singular_image":false,"_genesis_hide_footer_widgets":false,"_genesis_custom_body_class":"","_genesis_custom_post_class":"","_genesis_layout":""},"product_brand":[],"product_cat":[7241,16135,7249],"product_tag":[],"class_list":["post-34183","product","type-product","status-publish","product_cat-documentary-en","product_cat-non-classe-en","product_cat-videos-3-en","pa_auteur-belmon-jean-pierre-en","pa_auteur-glasberg-alain-en","pa_auteurs-glasberg-alain-belmon-jean-pierre","pa_editeur-amda-en","pa_editeur-felibrige-en","pa_editeurs-amda-felibrige","entry","first","instock","purchasable","product-type-simple"],"acf":[],"_links":{"self":[{"href":"https:\/\/www.libraria-occitana.org\/en\/wp-json\/wp\/v2\/product\/34183","targetHints":{"allow":["GET"]}}],"collection":[{"href":"https:\/\/www.libraria-occitana.org\/en\/wp-json\/wp\/v2\/product"}],"about":[{"href":"https:\/\/www.libraria-occitana.org\/en\/wp-json\/wp\/v2\/types\/product"}],"wp:attachment":[{"href":"https:\/\/www.libraria-occitana.org\/en\/wp-json\/wp\/v2\/media?parent=34183"}],"wp:term":[{"taxonomy":"product_brand","embeddable":true,"href":"https:\/\/www.libraria-occitana.org\/en\/wp-json\/wp\/v2\/product_brand?post=34183"},{"taxonomy":"product_cat","embeddable":true,"href":"https:\/\/www.libraria-occitana.org\/en\/wp-json\/wp\/v2\/product_cat?post=34183"},{"taxonomy":"product_tag","embeddable":true,"href":"https:\/\/www.libraria-occitana.org\/en\/wp-json\/wp\/v2\/product_tag?post=34183"}],"curies":[{"name":"wp","href":"https:\/\/api.w.org\/{rel}","templated":true}]}}

<p style="margin:0;"><span style="font-family:'Times New Roman';font-size:12pt;">Une rue, une place, un collège &#8230; C&#8217;est souvent ce qu&#8217;évoque le nom de Frédéric Mistral. Mais rares sont ceux qui connaissent vraiment l&#8217;homme et son oeuvre &#8211; pourtant gigantesque !<br />Frédéric Mistral fait partie des quelques écrivains français à avoir obtenu le prix Nobel, mais il est le seul à l&#8217;avoir obtenu pour une oeuvre réalisée dans une langue autre que le français. Ecrivain d&#8217;expression provençale <wbr>(Mirèio, Calendau, Lis Isclo d&#8217;or &#8230;), traduit dans une trentaine de langues ; lexicographe, auteur du plus grand dictionnaire de la langue d&#8217;oc moderne <wbr>(Tresor dóu Felibrige) ; ethnographe, créateur d&#8217;un musée de société <wbr>(Museon Arlaten) ; fondateur d&#8217;un journal d&#8217;inspiration fédéraliste <wbr>(L&#8217;Aiòli), il est aussi à l&#8217;origine du mouvement qui, à partir de 1854, se donna pour objet la défense et l&#8217;illustration de la langue et de la culture du midi de la France : le félibrige. Pour tout cela, Frédéric Mistral reste aujourd&#8217;hui la figure emblématique de ceux qui prônent la diversité linguistique et culturelle.<br />Réalisé en 2004, Frédéric Mistral est à ce jour l&#8217;unique documentaire sur celui qui est considéré comme le plus grand écrivain de la littérature d&#8217;oc de tous les temps.</p>
<p>Scénario : Jean-Pierre Belmon<br />Réalisation : Alain Glasberg<br />Musique originale : Eric Ragu<br />Interprétation : Eric Boubon &#038; Pierlouis Delli Fiori<br />Production déléguée : Guillaume Blanc</p>
<p>Autor : Glasberg, Alain ; Belmon, Jean-Pierre<br />Linga : Occitan &#8211; francés &#8211; italian<br />Parucion : 2004<br />Editor : AMDA &#8211; France 3 Méditerranée ; Félibrige<br />Durada : 52&#8242;<br />Format : DVD<br />Pés : 82 g<br /></span></p>

<p>Une rue, une place, un collège &#8230; C&#8217;est souvent ce qu&#8217;évoque le nom de Frédéric Mistral. Mais rares sont ceux qui connaissent vraiment l&#8217;homme et son oeuvre &#8211; pourtant gigantesque !Frédéric Mistral fait partie des quelques écrivains français à avoir obtenu le prix Nobel, mais il est le seul à l&#8217;avoir obtenu pour une oeuvre [&hellip;]</p>
