{"id":34236,"date":"2026-08-31T17:27:08","date_gmt":"2026-08-31T15:27:08","guid":{"rendered":"http:\/\/www.libraria-occitana.org\/?post_type=product&#038;p=34236\/"},"modified":"2026-08-31T17:27:11","modified_gmt":"2026-08-31T15:27:11","slug":"feiz-noz-moch","status":"publish","type":"product","link":"https:\/\/www.libraria-occitana.org\/en\/product\/feiz-noz-moch\/","title":{"rendered":"FEIZ NOZ MOC&#8217;H"},"content":{"rendered":"<p style=\"margin:0;\"><span style=\"font-family:'Times New Roman';font-size:12pt;\">Feiz Noz Moc&#8217;h<\/p>\n<p>&#8220;Nous ne sommes pas le produit d&#8217;un sol, nous sommes le produit de l&#8217;action que l&#8217;on y m\u00e8ne.&#8221; F.M. Castan<\/p>\n<p>&#8220;NOUS SOMMES LE PRODUIT D&#8217;UN SOL NON TEMP\u00e9R\u00e9.&#8221; F. N. Moc&#8217;h<\/p>\n<p>Feiz Noz Moc&#8217;h, comme une fl\u00e8che de l&#8217;Arc atlantique, d\u00e9coch\u00e9e entre Gascogne et Bretagne, zone de mouvement et de danse. Roland Conq a rassembl\u00e9 pour ce d\u00e9frichage d&#8217;oreille, le chanteur Lors Landat, ainsi que Roman et Mat\u00e8u Baudoin du groupe de musique radicale de Gasconha, Familha Art\u00fas. Tous sont issus des musiques actuelles enracin\u00e9es. La richesse des langues, la puissance du son, la force de groupe et l\u2019engagement des musiciens font de Feiz Noz Moc\u2019h un groupe unique, qui bouscule les codes et les id\u00e9es re\u00e7ues.<\/p>\n<p>Roland Conq : gitar<br \/>Lors Landat :&nbsp; kan<br \/>Mat\u00e8u Baudoin : votz, flabuta, tamborin, vriulon, percussions<br \/>Roman Baudoin : sonsaina<\/p>\n<p>Titres :<\/p>\n<p>1. Dedins Tolosa \/ Berr an amzer II <wbr>(ronde\u00f9) 08&#8217;01<br \/>2. Liamm ha lamm <wbr>(esc\u00f2tischa\/scottisch) 05&#8217;55<br \/>3. Distro Korentina <wbr>(da\u00f1s tro 1) 04&#8217;46<br \/>4. Pastors \/ Me, bugul <wbr>(tamm kreiz) 04&#8217;20<br \/>5. Difenn ar brezhoneg <wbr>(da\u00f1s tro 2) 04&#8217;06<br \/>6. Su\u00f9 pont de Tolosa \/ Ur plahig a Gervignag <wbr>(rid\u00e9es) 04&#8217;40<br \/>7. La Vesina \/ Der Larifari <wbr>(masurc\u00e0\/mazurka) 04&#8217;34<br \/>8. Colorina d&#8217;arr\u00f2sa <wbr>(branlo) 04&#8217;46<br \/>9. Nag ur vuhez \/ Vila de Castelnau <wbr>(kas a-barh) 05&#8217;17<\/p>\n<p>Autor : Feiz Noz Moc&#8217;h<br \/>Linga : Occitan <wbr>(gascon)<br \/>Parucion : 11\/2012<br \/>Editor : Pagans<br \/>Format : Pocheta de carton<br \/>P\u00e9s : 30 g<br \/>EAN 13 : 3760226200116<br \/><\/span><\/p>\n","protected":false},"excerpt":{"rendered":"<p>Feiz Noz Moc&#8217;h &#8220;Nous ne sommes pas le produit d&#8217;un sol, nous sommes le produit de l&#8217;action que l&#8217;on y m\u00e8ne.&#8221; F.M. Castan &#8220;NOUS SOMMES LE PRODUIT D&#8217;UN SOL NON TEMP\u00e9R\u00e9.&#8221; F. N. Moc&#8217;h Feiz Noz Moc&#8217;h, comme une fl\u00e8che de l&#8217;Arc atlantique, d\u00e9coch\u00e9e entre Gascogne et Bretagne, zone de mouvement et de danse. Roland [&hellip;]<\/p>\n","protected":false},"featured_media":0,"template":"","meta":{"_acf_changed":false,"_genesis_hide_title":false,"_genesis_hide_breadcrumbs":false,"_genesis_hide_singular_image":false,"_genesis_hide_footer_widgets":false,"_genesis_custom_body_class":"","_genesis_custom_post_class":"","_genesis_layout":""},"product_brand":[],"product_cat":[7228,7216,16135],"product_tag":[],"class_list":["post-34236","product","type-product","status-publish","product_cat-modern-folk-en","product_cat-music-en","product_cat-non-classe-en","pa_auteur-feiz-noz-moch-en","pa_editeur-pagans-en","entry","first","instock","purchasable","product-type-simple"],"acf":[],"_links":{"self":[{"href":"https:\/\/www.libraria-occitana.org\/en\/wp-json\/wp\/v2\/product\/34236","targetHints":{"allow":["GET"]}}],"collection":[{"href":"https:\/\/www.libraria-occitana.org\/en\/wp-json\/wp\/v2\/product"}],"about":[{"href":"https:\/\/www.libraria-occitana.org\/en\/wp-json\/wp\/v2\/types\/product"}],"wp:attachment":[{"href":"https:\/\/www.libraria-occitana.org\/en\/wp-json\/wp\/v2\/media?parent=34236"}],"wp:term":[{"taxonomy":"product_brand","embeddable":true,"href":"https:\/\/www.libraria-occitana.org\/en\/wp-json\/wp\/v2\/product_brand?post=34236"},{"taxonomy":"product_cat","embeddable":true,"href":"https:\/\/www.libraria-occitana.org\/en\/wp-json\/wp\/v2\/product_cat?post=34236"},{"taxonomy":"product_tag","embeddable":true,"href":"https:\/\/www.libraria-occitana.org\/en\/wp-json\/wp\/v2\/product_tag?post=34236"}],"curies":[{"name":"wp","href":"https:\/\/api.w.org\/{rel}","templated":true}]}}

<p style="margin:0;"><span style="font-family:'Times New Roman';font-size:12pt;">Feiz Noz Moc&#8217;h</p>
<p>&#8220;Nous ne sommes pas le produit d&#8217;un sol, nous sommes le produit de l&#8217;action que l&#8217;on y mène.&#8221; F.M. Castan</p>
<p>&#8220;NOUS SOMMES LE PRODUIT D&#8217;UN SOL NON TEMPéRé.&#8221; F. N. Moc&#8217;h</p>
<p>Feiz Noz Moc&#8217;h, comme une flèche de l&#8217;Arc atlantique, décochée entre Gascogne et Bretagne, zone de mouvement et de danse. Roland Conq a rassemblé pour ce défrichage d&#8217;oreille, le chanteur Lors Landat, ainsi que Roman et Matèu Baudoin du groupe de musique radicale de Gasconha, Familha Artús. Tous sont issus des musiques actuelles enracinées. La richesse des langues, la puissance du son, la force de groupe et l’engagement des musiciens font de Feiz Noz Moc’h un groupe unique, qui bouscule les codes et les idées reçues.</p>
<p>Roland Conq : gitar<br />Lors Landat :&nbsp; kan<br />Matèu Baudoin : votz, flabuta, tamborin, vriulon, percussions<br />Roman Baudoin : sonsaina</p>
<p>Titres :</p>
<p>1. Dedins Tolosa / Berr an amzer II <wbr>(rondeù) 08&#8217;01<br />2. Liamm ha lamm <wbr>(escòtischa/scottisch) 05&#8217;55<br />3. Distro Korentina <wbr>(dañs tro 1) 04&#8217;46<br />4. Pastors / Me, bugul <wbr>(tamm kreiz) 04&#8217;20<br />5. Difenn ar brezhoneg <wbr>(dañs tro 2) 04&#8217;06<br />6. Suù pont de Tolosa / Ur plahig a Gervignag <wbr>(ridées) 04&#8217;40<br />7. La Vesina / Der Larifari <wbr>(masurcà/mazurka) 04&#8217;34<br />8. Colorina d&#8217;arròsa <wbr>(branlo) 04&#8217;46<br />9. Nag ur vuhez / Vila de Castelnau <wbr>(kas a-barh) 05&#8217;17</p>
<p>Autor : Feiz Noz Moc&#8217;h<br />Linga : Occitan <wbr>(gascon)<br />Parucion : 11/2012<br />Editor : Pagans<br />Format : Pocheta de carton<br />Pés : 30 g<br />EAN 13 : 3760226200116<br /></span></p>

<p>Feiz Noz Moc&#8217;h &#8220;Nous ne sommes pas le produit d&#8217;un sol, nous sommes le produit de l&#8217;action que l&#8217;on y mène.&#8221; F.M. Castan &#8220;NOUS SOMMES LE PRODUIT D&#8217;UN SOL NON TEMPéRé.&#8221; F. N. Moc&#8217;h Feiz Noz Moc&#8217;h, comme une flèche de l&#8217;Arc atlantique, décochée entre Gascogne et Bretagne, zone de mouvement et de danse. Roland [&hellip;]</p>
