{"id":34259,"date":"2026-08-31T17:05:48","date_gmt":"2026-08-31T15:05:48","guid":{"rendered":"http:\/\/www.libraria-occitana.org\/?post_type=product&#038;p=34259\/"},"modified":"2026-08-31T17:05:51","modified_gmt":"2026-08-31T15:05:51","slug":"espaces-therapeutiques-saints-guerisseurs-et-autres-intercesseurs","status":"publish","type":"product","link":"https:\/\/www.libraria-occitana.org\/en\/product\/espaces-therapeutiques-saints-guerisseurs-et-autres-intercesseurs\/","title":{"rendered":"ESPACES THERAPEUTIQUES, SAINTS GUERISSEURS ET AUTRES INTERCESSEURS&#8230;"},"content":{"rendered":"<p style=\"margin:0;\"><span style=\"font-family:'Times New Roman';font-size:12pt;\">Cet ouvrage rassemble 18 conf\u00e9rences de chercheurs ayant travaill\u00e9 sur le sujet des saints gu\u00e9risseurs dans diff\u00e9rentes r\u00e9gions fran\u00e7aises ou europ\u00e9ennes.<\/p>\n<p>Complement de titre : Actes du colloque de Gaillac <wbr>(Tarn) des 9, 10 et 11 d\u00e9cembre 2005<br \/>Revuda Revue du Tarn N\u00b0 204<br \/>Autor : Collectiu<br \/>Linga : Franc\u00e9s<br \/>Parucion : 12\/2005<br \/>Editor : CORDAE \/ La Talvera<br \/>Nb de pajas : 869<br \/>Format : 16 x 24 cm<br \/>P\u00e9s : 512 g<br \/><\/span><\/p>\n","protected":false},"excerpt":{"rendered":"<p>Cet ouvrage rassemble 18 conf\u00e9rences de chercheurs ayant travaill\u00e9 sur le sujet des saints gu\u00e9risseurs dans diff\u00e9rentes r\u00e9gions fran\u00e7aises ou europ\u00e9ennes. Complement de titre : Actes du colloque de Gaillac (Tarn) des 9, 10 et 11 d\u00e9cembre 2005Revuda Revue du Tarn N\u00b0 204Autor : CollectiuLinga : Franc\u00e9sParucion : 12\/2005Editor : CORDAE \/ La TalveraNb de [&hellip;]<\/p>\n","protected":false},"featured_media":0,"template":"","meta":{"_acf_changed":false,"_genesis_hide_title":false,"_genesis_hide_breadcrumbs":false,"_genesis_hide_singular_image":false,"_genesis_hide_footer_widgets":false,"_genesis_custom_body_class":"","_genesis_custom_post_class":"","_genesis_layout":""},"product_brand":[],"product_cat":[7132,7208,16135,7206],"product_tag":[],"class_list":["post-34259","product","type-product","status-publish","product_cat-books","product_cat-customs-rites-and-beliefs-en","product_cat-non-classe-en","product_cat-traditions-heritage-en","pa_auteur-collectiu-en-2","entry","first","instock","purchasable","product-type-simple"],"acf":[],"_links":{"self":[{"href":"https:\/\/www.libraria-occitana.org\/en\/wp-json\/wp\/v2\/product\/34259","targetHints":{"allow":["GET"]}}],"collection":[{"href":"https:\/\/www.libraria-occitana.org\/en\/wp-json\/wp\/v2\/product"}],"about":[{"href":"https:\/\/www.libraria-occitana.org\/en\/wp-json\/wp\/v2\/types\/product"}],"wp:attachment":[{"href":"https:\/\/www.libraria-occitana.org\/en\/wp-json\/wp\/v2\/media?parent=34259"}],"wp:term":[{"taxonomy":"product_brand","embeddable":true,"href":"https:\/\/www.libraria-occitana.org\/en\/wp-json\/wp\/v2\/product_brand?post=34259"},{"taxonomy":"product_cat","embeddable":true,"href":"https:\/\/www.libraria-occitana.org\/en\/wp-json\/wp\/v2\/product_cat?post=34259"},{"taxonomy":"product_tag","embeddable":true,"href":"https:\/\/www.libraria-occitana.org\/en\/wp-json\/wp\/v2\/product_tag?post=34259"}],"curies":[{"name":"wp","href":"https:\/\/api.w.org\/{rel}","templated":true}]}}

<p style="margin:0;"><span style="font-family:'Times New Roman';font-size:12pt;">Cet ouvrage rassemble 18 conférences de chercheurs ayant travaillé sur le sujet des saints guérisseurs dans différentes régions françaises ou européennes.</p>
<p>Complement de titre : Actes du colloque de Gaillac <wbr>(Tarn) des 9, 10 et 11 décembre 2005<br />Revuda Revue du Tarn N° 204<br />Autor : Collectiu<br />Linga : Francés<br />Parucion : 12/2005<br />Editor : CORDAE / La Talvera<br />Nb de pajas : 869<br />Format : 16 x 24 cm<br />Pés : 512 g<br /></span></p>

<p>Cet ouvrage rassemble 18 conférences de chercheurs ayant travaillé sur le sujet des saints guérisseurs dans différentes régions françaises ou européennes. Complement de titre : Actes du colloque de Gaillac (Tarn) des 9, 10 et 11 décembre 2005Revuda Revue du Tarn N° 204Autor : CollectiuLinga : FrancésParucion : 12/2005Editor : CORDAE / La TalveraNb de [&hellip;]</p>
