{"id":34336,"date":"2014-06-04T12:18:13","date_gmt":"2014-06-04T10:18:13","guid":{"rendered":"http:\/\/www.libraria-occitana.org\/?post_type=product&#038;p=34336\/"},"modified":"2026-04-29T00:46:26","modified_gmt":"2026-04-28T22:46:26","slug":"e-avem-tot-perdonat-a-livern-et-nous-avons-tout-pardonne-a-lhiver","status":"publish","type":"product","link":"https:\/\/www.libraria-occitana.org\/en\/product\/e-avem-tot-perdonat-a-livern-et-nous-avons-tout-pardonne-a-lhiver\/","title":{"rendered":"E av\u00e8m tot perdonat a l&#8217;iv\u00e8rn (Et nous avons tout pardonn\u00e9 \u00e0 l&#8217;hiver)"},"content":{"rendered":"<blockquote>\n<p>I a de s\u00f2mis d&#8217;enfant<br \/>\nAl monilh de las fonts<br \/>\nDe s\u00f2mis a flors rossas<br \/>\nE als u\u00e8lhs de vel\u00f3s&#8230;<\/p>\n<\/blockquote>\n<p><em>Il y a des r\u00eaves d&#8217;enfant<\/em><br \/>\n<em>\u00c0 l&#8217;ombilic des sources<\/em><br \/>\n<em>Des r\u00eaves aux fleurs rouges<\/em><br \/>\n<em>Et aux yeux de velours&#8230;<\/em><\/p>\n","protected":false},"excerpt":{"rendered":"<p>I a de s\u00f2mis d&#8217;enfant Al monilh de las fonts De s\u00f2mis a flors rossas E als u\u00e8lhs de vel\u00f3s&#8230; Il y a des r\u00eaves d&#8217;enfant \u00c0 l&#8217;ombilic des sources Des r\u00eaves aux fleurs rouges Et aux yeux de velours&#8230;<\/p>\n","protected":false},"featured_media":52358,"template":"","meta":{"_acf_changed":false,"_genesis_hide_title":false,"_genesis_hide_breadcrumbs":false,"_genesis_hide_singular_image":false,"_genesis_hide_footer_widgets":false,"_genesis_custom_body_class":"","_genesis_custom_post_class":"","_genesis_layout":""},"product_brand":[],"product_cat":[7132,7174,7180],"product_tag":[],"class_list":{"0":"post-34336","1":"product","2":"type-product","3":"status-publish","4":"has-post-thumbnail","6":"product_cat-books","7":"product_cat-literature-en","8":"product_cat-poetry-en","9":"pa_auteur-petit-joan-maria-en","10":"pa_editeur-letras-doc-en","11":"pa_langue-occitan-lengadocian-en","12":"pa_langue-occitan-francais-en","13":"entry","15":"first","16":"instock","17":"shipping-taxable","18":"purchasable","19":"product-type-simple"},"acf":[],"_links":{"self":[{"href":"https:\/\/www.libraria-occitana.org\/en\/wp-json\/wp\/v2\/product\/34336","targetHints":{"allow":["GET"]}}],"collection":[{"href":"https:\/\/www.libraria-occitana.org\/en\/wp-json\/wp\/v2\/product"}],"about":[{"href":"https:\/\/www.libraria-occitana.org\/en\/wp-json\/wp\/v2\/types\/product"}],"wp:featuredmedia":[{"embeddable":true,"href":"https:\/\/www.libraria-occitana.org\/en\/wp-json\/wp\/v2\/media\/52358"}],"wp:attachment":[{"href":"https:\/\/www.libraria-occitana.org\/en\/wp-json\/wp\/v2\/media?parent=34336"}],"wp:term":[{"taxonomy":"product_brand","embeddable":true,"href":"https:\/\/www.libraria-occitana.org\/en\/wp-json\/wp\/v2\/product_brand?post=34336"},{"taxonomy":"product_cat","embeddable":true,"href":"https:\/\/www.libraria-occitana.org\/en\/wp-json\/wp\/v2\/product_cat?post=34336"},{"taxonomy":"product_tag","embeddable":true,"href":"https:\/\/www.libraria-occitana.org\/en\/wp-json\/wp\/v2\/product_tag?post=34336"}],"curies":[{"name":"wp","href":"https:\/\/api.w.org\/{rel}","templated":true}]}}

E avèm tot perdonat a l&#8217;ivèrn (Et nous avons tout pardonné à l&#8217;hiver)

<blockquote>
<p>I a de sòmis d&#8217;enfant<br />
Al monilh de las fonts<br />
De sòmis a flors rossas<br />
E als uèlhs de velós&#8230;</p>
</blockquote>
<p><em>Il y a des rêves d&#8217;enfant</em><br />
<em>À l&#8217;ombilic des sources</em><br />
<em>Des rêves aux fleurs rouges</em><br />
<em>Et aux yeux de velours&#8230;</em></p>

<p>I a de sòmis d&#8217;enfant Al monilh de las fonts De sòmis a flors rossas E als uèlhs de velós&#8230; Il y a des rêves d&#8217;enfant À l&#8217;ombilic des sources Des rêves aux fleurs rouges Et aux yeux de velours&#8230;</p>
