{"id":34416,"date":"2026-08-31T16:31:08","date_gmt":"2026-08-31T14:31:08","guid":{"rendered":"http:\/\/www.libraria-occitana.org\/?post_type=product&#038;p=34416\/"},"modified":"2026-08-31T16:31:11","modified_gmt":"2026-08-31T14:31:11","slug":"de-source-sure-del-vent-sabent-bilingue-avec-1-cd-oc","status":"publish","type":"product","link":"https:\/\/www.libraria-occitana.org\/en\/product\/de-source-sure-del-vent-sabent-bilingue-avec-1-cd-oc\/","title":{"rendered":"DE SOURCE SURE\/DEL VENT SABENT (BILINGUE AVEC 1 CD OC)"},"content":{"rendered":"<p style=\"margin:0;\"><span style=\"font-family:'Times New Roman';font-size:12pt;\">Me digu\u00e8re : femna, despacha-te de te tornar peta\u00e7ar amb la vida ! Mas que qu\u00f2&#8217;s de bon dire, m\u00e8s coss\u00ed faire ? E ben, fagu\u00e8re coma ai totjorn fach. Prengu\u00e8re \u00e7\u00f2 qu&#8217;avi\u00e1 j\u00f2s la man, aqu\u00ed, a portada d&#8217;aurelhas, a l&#8217;\u00f2rlhe del cur, a la poncha de la lenga, dels c\u00f2ntes a capbordons ! Al\u00e8ra ai posat a la f\u00f2nt dels c\u00f2ntes e ai compr\u00e9s qu&#8217;\u00e8ran fach tanben per me tornar peta\u00e7ar la vida e lo dedins. N&#8217;ai trobat un en particuli\u00e8r, ten\u00e8tz ! Lo vos farai, atal veiretz\u2026<br \/>\u2026 Un c\u00f2p i avia un omen\u00f2t verd. Avi\u00e1 pas qu&#8217;un u\u00e8lh, aqu\u00ed al mi\u00e8g del front ! E qu\u00f2 li empachava pas d&#8217;\u00e8stre paire, qu&#8217;avi\u00e1 tres filhas, pas verdas ni mas bluas. Tres filhas, tres flors, totas en sentors. La darri\u00e8ira, lo cacha-niu, la tota tendra, la tortor\u00e8la \u00e8ra enqu\u00e8ra en boton : quilhada sus sos detz ans, \u00e8ra preissada d&#8217;espelir.<br \/>Pr&#8217;aqu\u00f2 qu\u00f2 \u00e8ra l&#8217;ivern\u2026<\/p>\n<p>Je me suis dit : ma petite, il faut absolument que tu te r\u00e9concilies avec la vie ! Facile \u00e0 dire, mais comment s&#8217;y prendre ? Eh bien, j&#8217;ai fait comme d&#8217;habitude. J&#8217;ai pris ce que j&#8217;avais sous la main, l\u00e0, \u00e0 port\u00e9e d&#8217;oreilles, \u00e0 l&#8217;or\u00e9e du c\u0153ur, au bout de la langue, des contes \u00e0 foison ! Alors j&#8217;ai puis\u00e9 dans la fontaine aux contes et j&#8217;ai compris qu&#8217;ils \u00e9taient faits aussi pour la r\u00e9conciliation. J&#8217;en ai trouv\u00e9 un en particulier, tenez ! A vous de voir, je vous le fais\u2026<br \/>\u2026C&#8217;\u00e9tait un petit homme vert qui n&#8217;avait qu&#8217;un \u0153il, un seul, au milieu du front. Et \u00e7a ne l&#8217;emp\u00eachait pas d&#8217;\u00eatre p\u00e8re puisqu&#8217;il avait trois filles, ni vertes, ni bleues. Trois fleurs, toutes de senteur. La derni\u00e8re, la plus petite, la toute tendre, la tourterelle \u00e9tait encore en bouton, press\u00e9e d&#8217;\u00e9clore du haut de ses dix ans. Pourtant c&#8217;\u00e9tait l&#8217;hiver\u2026<\/p>\n<p>Autor : Canet, Ter\u00e8sa<br \/>Illustracions : Freytet, Alain<br \/>Linga : Occitan <wbr>(lengadocian) &#8211; franc\u00e9s<br \/>Parucion : 10\/1999<br \/>Editor : L&#8217;Ostal del Libre<br \/>Colleccion : L&#8217;adret\/L&#8217;adrech<br \/>Nb de pajas : 111<br \/>Format : 13,5 x 21 cm<br \/>P\u00e9s : 228 g<br \/>EAN 13 : 9782859102319<br \/><\/span><\/p>\n","protected":false},"excerpt":{"rendered":"<p>Me digu\u00e8re : femna, despacha-te de te tornar peta\u00e7ar amb la vida ! Mas que qu\u00f2&#8217;s de bon dire, m\u00e8s coss\u00ed faire ? E ben, fagu\u00e8re coma ai totjorn fach. Prengu\u00e8re \u00e7\u00f2 qu&#8217;avi\u00e1 j\u00f2s la man, aqu\u00ed, a portada d&#8217;aurelhas, a l&#8217;\u00f2rlhe del cur, a la poncha de la lenga, dels c\u00f2ntes a capbordons ! [&hellip;]<\/p>\n","protected":false},"featured_media":0,"template":"","meta":{"_acf_changed":false,"_genesis_hide_title":false,"_genesis_hide_breadcrumbs":false,"_genesis_hide_singular_image":false,"_genesis_hide_footer_widgets":false,"_genesis_custom_body_class":"","_genesis_custom_post_class":"","_genesis_layout":""},"product_brand":[],"product_cat":[7132,7174,16135,7176],"product_tag":[],"class_list":["post-34416","product","type-product","status-publish","product_cat-books","product_cat-literature-en","product_cat-non-classe-en","product_cat-tales-fables-en","pa_auteurs-t-thibault-c-canet","pa_editeurs-ostal-del-libre","entry","first","instock","purchasable","product-type-simple"],"acf":[],"_links":{"self":[{"href":"https:\/\/www.libraria-occitana.org\/en\/wp-json\/wp\/v2\/product\/34416","targetHints":{"allow":["GET"]}}],"collection":[{"href":"https:\/\/www.libraria-occitana.org\/en\/wp-json\/wp\/v2\/product"}],"about":[{"href":"https:\/\/www.libraria-occitana.org\/en\/wp-json\/wp\/v2\/types\/product"}],"wp:attachment":[{"href":"https:\/\/www.libraria-occitana.org\/en\/wp-json\/wp\/v2\/media?parent=34416"}],"wp:term":[{"taxonomy":"product_brand","embeddable":true,"href":"https:\/\/www.libraria-occitana.org\/en\/wp-json\/wp\/v2\/product_brand?post=34416"},{"taxonomy":"product_cat","embeddable":true,"href":"https:\/\/www.libraria-occitana.org\/en\/wp-json\/wp\/v2\/product_cat?post=34416"},{"taxonomy":"product_tag","embeddable":true,"href":"https:\/\/www.libraria-occitana.org\/en\/wp-json\/wp\/v2\/product_tag?post=34416"}],"curies":[{"name":"wp","href":"https:\/\/api.w.org\/{rel}","templated":true}]}}

<p style="margin:0;"><span style="font-family:'Times New Roman';font-size:12pt;">Me diguère : femna, despacha-te de te tornar petaçar amb la vida ! Mas que quò&#8217;s de bon dire, mès cossí faire ? E ben, faguère coma ai totjorn fach. Prenguère çò qu&#8217;aviá jòs la man, aquí, a portada d&#8217;aurelhas, a l&#8217;òrlhe del cur, a la poncha de la lenga, dels còntes a capbordons ! Alèra ai posat a la fònt dels còntes e ai comprés qu&#8217;èran fach tanben per me tornar petaçar la vida e lo dedins. N&#8217;ai trobat un en particulièr, tenètz ! Lo vos farai, atal veiretz…<br />… Un còp i avia un omenòt verd. Aviá pas qu&#8217;un uèlh, aquí al mièg del front ! E quò li empachava pas d&#8217;èstre paire, qu&#8217;aviá tres filhas, pas verdas ni mas bluas. Tres filhas, tres flors, totas en sentors. La darrièira, lo cacha-niu, la tota tendra, la tortorèla èra enquèra en boton : quilhada sus sos detz ans, èra preissada d&#8217;espelir.<br />Pr&#8217;aquò quò èra l&#8217;ivern…</p>
<p>Je me suis dit : ma petite, il faut absolument que tu te réconcilies avec la vie ! Facile à dire, mais comment s&#8217;y prendre ? Eh bien, j&#8217;ai fait comme d&#8217;habitude. J&#8217;ai pris ce que j&#8217;avais sous la main, là, à portée d&#8217;oreilles, à l&#8217;orée du cœur, au bout de la langue, des contes à foison ! Alors j&#8217;ai puisé dans la fontaine aux contes et j&#8217;ai compris qu&#8217;ils étaient faits aussi pour la réconciliation. J&#8217;en ai trouvé un en particulier, tenez ! A vous de voir, je vous le fais…<br />…C&#8217;était un petit homme vert qui n&#8217;avait qu&#8217;un œil, un seul, au milieu du front. Et ça ne l&#8217;empêchait pas d&#8217;être père puisqu&#8217;il avait trois filles, ni vertes, ni bleues. Trois fleurs, toutes de senteur. La dernière, la plus petite, la toute tendre, la tourterelle était encore en bouton, pressée d&#8217;éclore du haut de ses dix ans. Pourtant c&#8217;était l&#8217;hiver…</p>
<p>Autor : Canet, Terèsa<br />Illustracions : Freytet, Alain<br />Linga : Occitan <wbr>(lengadocian) &#8211; francés<br />Parucion : 10/1999<br />Editor : L&#8217;Ostal del Libre<br />Colleccion : L&#8217;adret/L&#8217;adrech<br />Nb de pajas : 111<br />Format : 13,5 x 21 cm<br />Pés : 228 g<br />EAN 13 : 9782859102319<br /></span></p>

<p>Me diguère : femna, despacha-te de te tornar petaçar amb la vida ! Mas que quò&#8217;s de bon dire, mès cossí faire ? E ben, faguère coma ai totjorn fach. Prenguère çò qu&#8217;aviá jòs la man, aquí, a portada d&#8217;aurelhas, a l&#8217;òrlhe del cur, a la poncha de la lenga, dels còntes a capbordons ! [&hellip;]</p>
