{"id":34483,"date":"2026-08-31T16:44:03","date_gmt":"2026-08-31T14:44:03","guid":{"rendered":"http:\/\/www.libraria-occitana.org\/?post_type=product&#038;p=34483\/"},"modified":"2026-08-31T16:44:05","modified_gmt":"2026-08-31T14:44:05","slug":"contes-de-lest-du-confolentais-charente","status":"publish","type":"product","link":"https:\/\/www.libraria-occitana.org\/en\/product\/contes-de-lest-du-confolentais-charente\/","title":{"rendered":"CONTES DE L&#8217;EST DU CONFOLENTAIS &#8211; (CHARENTE)"},"content":{"rendered":"<p style=\"margin:0;\"><span style=\"font-family:'Times New Roman';font-size:12pt;\">Contes de l&#8217;est du Confolentais <wbr>(Charente)<\/p>\n<p>Le Confolentais, terre ingrate, o\u00f9 les hommes, de tout temps, ont d\u00fb travailler dur pour gagner leur pain \u00e0 la sueur de leur front.<br \/>Terre qui se distingue du reste du d\u00e9partement de la Charente par son attachement aux traditions limousines, toujours vivantes.<br \/>Terre secr\u00e8te, dont les habitants, naturellement r\u00e9serv\u00e9s, ont n\u00e9anmoins le sens de l&#8217;hospitalit\u00e9 et vous accueillent par un &#8220;Chabatz d&#8217;entrar&#8221; <wbr>(finissez d&#8217;entrer) quand ils sont mis en confiance.<br \/>C&#8217;est dans ce terroir que vit, depuis sa naissance, Jean-Louis Qu\u00e9riaud. Pendant plusieurs d\u00e9cennies, il a enseign\u00e9, \u00e0 Confolens, les lettres classiques au coll\u00e8ge et m\u00eame, durant une dizaine d&#8217;ann\u00e9es, l&#8217;occitan limousin au lyc\u00e9e.<br \/>Tr\u00e8s impliqu\u00e9 dans le milieu associatif, et plus particuli\u00e8rement au sein du groupe d&#8217;Arts et Traditions populaires &#8220;Lo Gerbo Baudo&#8221; de Confolens, c&#8217;est tout naturellement qu&#8217;il a effectu\u00e9 de nombreuses enqu\u00eates ethnographiques pour recueillir chants, danses, contes et coutumes publi\u00e9s en 1992 et 1997.<br \/>Son int\u00e9r\u00eat pour l&#8217;occitan limousin, que parlent et comprennent encore nombre d&#8217;habitants, l&#8217;a amen\u00e9 \u00e0 soutenir, \u00e0 l&#8217;Universit\u00e9 de Poitiers, une th\u00e8se de linguistique en ao\u00fbt 2013. Ce travail universitaire fait l&#8217;objet de la pr\u00e9sente publication.<\/p>\n<p>Autor : Qu\u00e9riaud, Jean-Louis<br \/>Linga : Occitan <wbr>(lemosin) &#8211; franc\u00e9s<br \/>Parucion : 2013<br \/>Editor : Transmettre<br \/>Colleccion : Terroirs et traditions<br \/>Nb de pajas : 272<br \/>Format : 16 x 24 cm<br \/>P\u00e9s : 456 g<br \/>EAN 13 : 9791092389005<br \/><\/span><\/p>\n","protected":false},"excerpt":{"rendered":"<p>Contes de l&#8217;est du Confolentais (Charente) Le Confolentais, terre ingrate, o\u00f9 les hommes, de tout temps, ont d\u00fb travailler dur pour gagner leur pain \u00e0 la sueur de leur front.Terre qui se distingue du reste du d\u00e9partement de la Charente par son attachement aux traditions limousines, toujours vivantes.Terre secr\u00e8te, dont les habitants, naturellement r\u00e9serv\u00e9s, ont [&hellip;]<\/p>\n","protected":false},"featured_media":0,"template":"","meta":{"_acf_changed":false,"_genesis_hide_title":false,"_genesis_hide_breadcrumbs":false,"_genesis_hide_singular_image":false,"_genesis_hide_footer_widgets":false,"_genesis_custom_body_class":"","_genesis_custom_post_class":"","_genesis_layout":""},"product_brand":[],"product_cat":[7132,7174,16135,7176],"product_tag":[],"class_list":["post-34483","product","type-product","status-publish","product_cat-books","product_cat-literature-en","product_cat-non-classe-en","product_cat-tales-fables-en","entry","first","outofstock","purchasable","product-type-simple"],"acf":[],"_links":{"self":[{"href":"https:\/\/www.libraria-occitana.org\/en\/wp-json\/wp\/v2\/product\/34483","targetHints":{"allow":["GET"]}}],"collection":[{"href":"https:\/\/www.libraria-occitana.org\/en\/wp-json\/wp\/v2\/product"}],"about":[{"href":"https:\/\/www.libraria-occitana.org\/en\/wp-json\/wp\/v2\/types\/product"}],"wp:attachment":[{"href":"https:\/\/www.libraria-occitana.org\/en\/wp-json\/wp\/v2\/media?parent=34483"}],"wp:term":[{"taxonomy":"product_brand","embeddable":true,"href":"https:\/\/www.libraria-occitana.org\/en\/wp-json\/wp\/v2\/product_brand?post=34483"},{"taxonomy":"product_cat","embeddable":true,"href":"https:\/\/www.libraria-occitana.org\/en\/wp-json\/wp\/v2\/product_cat?post=34483"},{"taxonomy":"product_tag","embeddable":true,"href":"https:\/\/www.libraria-occitana.org\/en\/wp-json\/wp\/v2\/product_tag?post=34483"}],"curies":[{"name":"wp","href":"https:\/\/api.w.org\/{rel}","templated":true}]}}

<p style="margin:0;"><span style="font-family:'Times New Roman';font-size:12pt;">Contes de l&#8217;est du Confolentais <wbr>(Charente)</p>
<p>Le Confolentais, terre ingrate, où les hommes, de tout temps, ont dû travailler dur pour gagner leur pain à la sueur de leur front.<br />Terre qui se distingue du reste du département de la Charente par son attachement aux traditions limousines, toujours vivantes.<br />Terre secrète, dont les habitants, naturellement réservés, ont néanmoins le sens de l&#8217;hospitalité et vous accueillent par un &#8220;Chabatz d&#8217;entrar&#8221; <wbr>(finissez d&#8217;entrer) quand ils sont mis en confiance.<br />C&#8217;est dans ce terroir que vit, depuis sa naissance, Jean-Louis Quériaud. Pendant plusieurs décennies, il a enseigné, à Confolens, les lettres classiques au collège et même, durant une dizaine d&#8217;années, l&#8217;occitan limousin au lycée.<br />Très impliqué dans le milieu associatif, et plus particulièrement au sein du groupe d&#8217;Arts et Traditions populaires &#8220;Lo Gerbo Baudo&#8221; de Confolens, c&#8217;est tout naturellement qu&#8217;il a effectué de nombreuses enquêtes ethnographiques pour recueillir chants, danses, contes et coutumes publiés en 1992 et 1997.<br />Son intérêt pour l&#8217;occitan limousin, que parlent et comprennent encore nombre d&#8217;habitants, l&#8217;a amené à soutenir, à l&#8217;Université de Poitiers, une thèse de linguistique en août 2013. Ce travail universitaire fait l&#8217;objet de la présente publication.</p>
<p>Autor : Quériaud, Jean-Louis<br />Linga : Occitan <wbr>(lemosin) &#8211; francés<br />Parucion : 2013<br />Editor : Transmettre<br />Colleccion : Terroirs et traditions<br />Nb de pajas : 272<br />Format : 16 x 24 cm<br />Pés : 456 g<br />EAN 13 : 9791092389005<br /></span></p>

<p>Contes de l&#8217;est du Confolentais (Charente) Le Confolentais, terre ingrate, où les hommes, de tout temps, ont dû travailler dur pour gagner leur pain à la sueur de leur front.Terre qui se distingue du reste du département de la Charente par son attachement aux traditions limousines, toujours vivantes.Terre secrète, dont les habitants, naturellement réservés, ont [&hellip;]</p>
