{"id":34716,"date":"2026-08-31T16:53:39","date_gmt":"2026-08-31T14:53:39","guid":{"rendered":"http:\/\/www.libraria-occitana.org\/?post_type=product&#038;p=34716\/"},"modified":"2026-08-31T16:54:13","modified_gmt":"2026-08-31T14:54:13","slug":"boireton","status":"publish","type":"product","link":"https:\/\/www.libraria-occitana.org\/en\/product\/boireton\/","title":{"rendered":"BOIRETON"},"content":{"rendered":"<p style=\"margin:0;\"><span style=\"font-family:'Times New Roman';font-size:12pt;\">Per vos amusar, le ser a la velhada, en pelant las chastanhas \u00f2 ben en cassant las notz par faire de l&#8217;\u00f2li, i-vau vos contar l&#8217;ist\u00f2ria de quau chaitiu Boireton, de Chauchapalha, que coneiss\u00e8tz tots, los uns par l&#8217;aver veiut dins lor j\u00f2unessa, los autres par aver entendut parlar de se.<br \/>Jean-Pierre Baldit<\/p>\n<p>Le Docteur Fran\u00e7ois Vincent est n\u00e9 \u00e0 Sardent <wbr>(13 km au sud de Gu\u00e9ret) le 6 f\u00e9vrier 1824.<br \/>A c\u00f4t\u00e9 de son oeuvre de savant, il laisse \u00e9galement une oeuvre occitane importante.<br \/>Il est des premiers \u00e0 remettre en honneur la langue d&#8217;oc en Creuse et \u00e0 affirmer hautement l&#8217;occitanit\u00e9 du d\u00e9partement.<br \/>Il publie contes et l\u00e9gendes \u00e0 la fois dans les revues savantes et les almanachs populaires. Boireton <wbr>(1892) est son conte le plus c\u00e9l\u00e8bre.<br \/>Il meurt en 1893 \u00e0 Gu\u00e9ret.<\/p>\n<p>Revuda La Clau lemosina N\u00b0 especiau<br \/>Autor : Vincent, Fran\u00e7ois ; Baldit, Jean-Pierre<br \/>Illustracions : P\u00e9caud, Vincent<br \/>Linga : Occitan <wbr>(lemosin)<br \/>Lexic occitan-franc\u00e9s<br \/>Parucion : 12\/1979<br \/>Editor : CLEO<br \/>Nb de pajas : 21<br \/>Format : 14,5 x 20,5 cm<br \/>P\u00e9s : 50 g<br \/>ISSN : 03396487&nbsp;<br \/><\/span><\/p>\n","protected":false},"excerpt":{"rendered":"<p>Per vos amusar, le ser a la velhada, en pelant las chastanhas \u00f2 ben en cassant las notz par faire de l&#8217;\u00f2li, i-vau vos contar l&#8217;ist\u00f2ria de quau chaitiu Boireton, de Chauchapalha, que coneiss\u00e8tz tots, los uns par l&#8217;aver veiut dins lor j\u00f2unessa, los autres par aver entendut parlar de se.Jean-Pierre Baldit Le Docteur Fran\u00e7ois [&hellip;]<\/p>\n","protected":false},"featured_media":0,"template":"","meta":{"_acf_changed":false,"_genesis_hide_title":false,"_genesis_hide_breadcrumbs":false,"_genesis_hide_singular_image":false,"_genesis_hide_footer_widgets":false,"_genesis_custom_body_class":"","_genesis_custom_post_class":"","_genesis_layout":""},"product_brand":[],"product_cat":[7132,7174,16135,7176],"product_tag":[],"class_list":["post-34716","product","type-product","status-publish","product_cat-books","product_cat-literature-en","product_cat-non-classe-en","product_cat-tales-fables-en","pa_auteur-baldit-jan-peire-en","pa_auteur-vincent-francois-en","pa_auteurs-vincent-francois-baldit-jean-pierre","pa_editeur-cleo-en","pa_illustrateur-pecaud-vincent-en","pa_langue-occitan-en","pa_langue-occitan-lemosin-en","entry","has-post-thumbnail","first","outofstock","purchasable","product-type-simple"],"acf":[],"_links":{"self":[{"href":"https:\/\/www.libraria-occitana.org\/en\/wp-json\/wp\/v2\/product\/34716","targetHints":{"allow":["GET"]}}],"collection":[{"href":"https:\/\/www.libraria-occitana.org\/en\/wp-json\/wp\/v2\/product"}],"about":[{"href":"https:\/\/www.libraria-occitana.org\/en\/wp-json\/wp\/v2\/types\/product"}],"wp:attachment":[{"href":"https:\/\/www.libraria-occitana.org\/en\/wp-json\/wp\/v2\/media?parent=34716"}],"wp:term":[{"taxonomy":"product_brand","embeddable":true,"href":"https:\/\/www.libraria-occitana.org\/en\/wp-json\/wp\/v2\/product_brand?post=34716"},{"taxonomy":"product_cat","embeddable":true,"href":"https:\/\/www.libraria-occitana.org\/en\/wp-json\/wp\/v2\/product_cat?post=34716"},{"taxonomy":"product_tag","embeddable":true,"href":"https:\/\/www.libraria-occitana.org\/en\/wp-json\/wp\/v2\/product_tag?post=34716"}],"curies":[{"name":"wp","href":"https:\/\/api.w.org\/{rel}","templated":true}]}}

<p style="margin:0;"><span style="font-family:'Times New Roman';font-size:12pt;">Per vos amusar, le ser a la velhada, en pelant las chastanhas ò ben en cassant las notz par faire de l&#8217;òli, i-vau vos contar l&#8217;istòria de quau chaitiu Boireton, de Chauchapalha, que coneissètz tots, los uns par l&#8217;aver veiut dins lor jòunessa, los autres par aver entendut parlar de se.<br />Jean-Pierre Baldit</p>
<p>Le Docteur François Vincent est né à Sardent <wbr>(13 km au sud de Guéret) le 6 février 1824.<br />A côté de son oeuvre de savant, il laisse également une oeuvre occitane importante.<br />Il est des premiers à remettre en honneur la langue d&#8217;oc en Creuse et à affirmer hautement l&#8217;occitanité du département.<br />Il publie contes et légendes à la fois dans les revues savantes et les almanachs populaires. Boireton <wbr>(1892) est son conte le plus célèbre.<br />Il meurt en 1893 à Guéret.</p>
<p>Revuda La Clau lemosina N° especiau<br />Autor : Vincent, François ; Baldit, Jean-Pierre<br />Illustracions : Pécaud, Vincent<br />Linga : Occitan <wbr>(lemosin)<br />Lexic occitan-francés<br />Parucion : 12/1979<br />Editor : CLEO<br />Nb de pajas : 21<br />Format : 14,5 x 20,5 cm<br />Pés : 50 g<br />ISSN : 03396487&nbsp;<br /></span></p>

<p>Per vos amusar, le ser a la velhada, en pelant las chastanhas ò ben en cassant las notz par faire de l&#8217;òli, i-vau vos contar l&#8217;istòria de quau chaitiu Boireton, de Chauchapalha, que coneissètz tots, los uns par l&#8217;aver veiut dins lor jòunessa, los autres par aver entendut parlar de se.Jean-Pierre Baldit Le Docteur François [&hellip;]</p>
