{"id":35365,"date":"2026-08-31T16:55:31","date_gmt":"2026-08-31T14:55:31","guid":{"rendered":"http:\/\/www.libraria-occitana.org\/?post_type=product&#038;p=35365\/"},"modified":"2026-08-31T16:55:34","modified_gmt":"2026-08-31T14:55:34","slug":"la-langue-doc-tome-3-grammairiens-et-linguistes-%3b-historiens-et-conteurs","status":"publish","type":"product","link":"https:\/\/www.libraria-occitana.org\/en\/product\/la-langue-doc-tome-3-grammairiens-et-linguistes-%3b-historiens-et-conteurs\/","title":{"rendered":"LA LANGUE D&#8217;OC TOME 3 : GRAMMAIRIENS ET LINGUISTES %3B HISTORIENS ET CONTEURS"},"content":{"rendered":"<p style=\"margin:0;\"><span style=\"font-family:'Times New Roman';font-size:12pt;\">La langue d&#8217;oc tome 3 : Grammairiens et linguistes ; historiens et conteurs<\/p>\n<p>Revuda Lenga d&#8217;\u00f2c N\u00b0 3<br \/>Autor : Collectiu<br \/>Linga : Franc\u00e9s, occitan<br \/>Editor : Monast\u00e8re orthodoxe Sts Clair et Maurin<br \/>Nb de pajas : 96<br \/>Format : 21 x 15 cm<br \/>P\u00e9s : 204 g<\/span><\/p>\n","protected":false},"excerpt":{"rendered":"<p>La langue d&#8217;oc tome 3 : Grammairiens et linguistes ; historiens et conteurs Revuda Lenga d&#8217;\u00f2c N\u00b0 3Autor : CollectiuLinga : Franc\u00e9s, occitanEditor : Monast\u00e8re orthodoxe Sts Clair et MaurinNb de pajas : 96Format : 21 x 15 cmP\u00e9s : 204 g<\/p>\n","protected":false},"featured_media":0,"template":"","meta":{"_acf_changed":false,"_genesis_hide_title":false,"_genesis_hide_breadcrumbs":false,"_genesis_hide_singular_image":false,"_genesis_hide_footer_widgets":false,"_genesis_custom_body_class":"","_genesis_custom_post_class":"","_genesis_layout":""},"product_brand":[],"product_cat":[7188,7132,7174,16135],"product_tag":[],"class_list":["post-35365","product","type-product","status-publish","product_cat-arts-studies-en","product_cat-books","product_cat-literature-en","product_cat-non-classe-en","pa_auteur-collectiu-en-2","entry","first","outofstock","purchasable","product-type-simple"],"acf":[],"_links":{"self":[{"href":"https:\/\/www.libraria-occitana.org\/en\/wp-json\/wp\/v2\/product\/35365","targetHints":{"allow":["GET"]}}],"collection":[{"href":"https:\/\/www.libraria-occitana.org\/en\/wp-json\/wp\/v2\/product"}],"about":[{"href":"https:\/\/www.libraria-occitana.org\/en\/wp-json\/wp\/v2\/types\/product"}],"wp:attachment":[{"href":"https:\/\/www.libraria-occitana.org\/en\/wp-json\/wp\/v2\/media?parent=35365"}],"wp:term":[{"taxonomy":"product_brand","embeddable":true,"href":"https:\/\/www.libraria-occitana.org\/en\/wp-json\/wp\/v2\/product_brand?post=35365"},{"taxonomy":"product_cat","embeddable":true,"href":"https:\/\/www.libraria-occitana.org\/en\/wp-json\/wp\/v2\/product_cat?post=35365"},{"taxonomy":"product_tag","embeddable":true,"href":"https:\/\/www.libraria-occitana.org\/en\/wp-json\/wp\/v2\/product_tag?post=35365"}],"curies":[{"name":"wp","href":"https:\/\/api.w.org\/{rel}","templated":true}]}}

<p style="margin:0;"><span style="font-family:'Times New Roman';font-size:12pt;">La langue d&#8217;oc tome 3 : Grammairiens et linguistes ; historiens et conteurs</p>
<p>Revuda Lenga d&#8217;òc N° 3<br />Autor : Collectiu<br />Linga : Francés, occitan<br />Editor : Monastère orthodoxe Sts Clair et Maurin<br />Nb de pajas : 96<br />Format : 21 x 15 cm<br />Pés : 204 g</span></p>

<p>La langue d&#8217;oc tome 3 : Grammairiens et linguistes ; historiens et conteurs Revuda Lenga d&#8217;òc N° 3Autor : CollectiuLinga : Francés, occitanEditor : Monastère orthodoxe Sts Clair et MaurinNb de pajas : 96Format : 21 x 15 cmPés : 204 g</p>
