{"id":35672,"date":"2022-01-09T18:15:54","date_gmt":"2022-01-09T17:15:54","guid":{"rendered":"http:\/\/www.libraria-occitana.org\/produit\/les-croisades-vues-par-les-arabes\/"},"modified":"2026-04-29T10:07:48","modified_gmt":"2026-04-29T08:07:48","slug":"les-croisades-vues-par-les-arabes","status":"publish","type":"product","link":"https:\/\/www.libraria-occitana.org\/en\/product\/les-croisades-vues-par-les-arabes\/","title":{"rendered":"Les croisades vues par les arabes"},"content":{"rendered":"<p>Juillet 1096 : il fait chaud sous les murailles de Nic\u00e9e.<br \/>\n\u00c0 l&#8217;ombre des figuiers, dans les jardins fleuris, circulent d&#8217;inqui\u00e9tantes nouvelles : une troupe form\u00e9e de chevaliers, de fantassins, mais aussi de femmes et d&#8217;enfants, marche sur Constantinople. On raconte qu&#8217;ils portent, cousues sur le dos, des bandes de tissu en forme de croix. Ils clament qu&#8217;ils viennent exterminer les musulmans jusqu&#8217;\u00e0 J\u00e9rusalem, et d\u00e9ferlent par milliers. Ce sont les \u00ab Franj \u00bb.<br \/>\nIls resteront deux si\u00e8cles en Terre sainte, pillant et massacrant pour la gloire de leur dieu. Cette incursion barbare de l&#8217;Occident au c\u0153ur du monde musulman marque le d\u00e9but d&#8217;une longue p\u00e9riode de d\u00e9cadence et d&#8217;obscurantisme. Elle est ressentie aujourd&#8217;hui encore, en Islam, comme un viol.<\/p>\n","protected":false},"excerpt":{"rendered":"<p>Juillet 1096 : il fait chaud sous les murailles de Nic\u00e9e. \u00c0 l&#8217;ombre des figuiers, dans les jardins fleuris, circulent d&#8217;inqui\u00e9tantes nouvelles : une troupe form\u00e9e de chevaliers, de fantassins, mais aussi de femmes et d&#8217;enfants, marche sur Constantinople. On raconte qu&#8217;ils portent, cousues sur le dos, des bandes de tissu en forme de croix. [&hellip;]<\/p>\n","protected":false},"featured_media":29630,"template":"","meta":{"_acf_changed":false,"_genesis_hide_title":false,"_genesis_hide_breadcrumbs":false,"_genesis_hide_singular_image":false,"_genesis_hide_footer_widgets":false,"_genesis_custom_body_class":"","_genesis_custom_post_class":"","_genesis_layout":""},"product_brand":[],"product_cat":[7132,7148,7160],"product_tag":[],"class_list":{"0":"post-35672","1":"product","2":"type-product","3":"status-publish","4":"has-post-thumbnail","6":"product_cat-books","7":"product_cat-history-geography-en","8":"product_cat-medieval-history-en","9":"pa_auteur-maalouf-amin-en","10":"pa_editeur-jai-lu-en","11":"pa_langue-francais-en","12":"entry","14":"first","15":"instock","16":"shipping-taxable","17":"purchasable","18":"product-type-simple"},"acf":[],"_links":{"self":[{"href":"https:\/\/www.libraria-occitana.org\/en\/wp-json\/wp\/v2\/product\/35672","targetHints":{"allow":["GET"]}}],"collection":[{"href":"https:\/\/www.libraria-occitana.org\/en\/wp-json\/wp\/v2\/product"}],"about":[{"href":"https:\/\/www.libraria-occitana.org\/en\/wp-json\/wp\/v2\/types\/product"}],"wp:featuredmedia":[{"embeddable":true,"href":"https:\/\/www.libraria-occitana.org\/en\/wp-json\/wp\/v2\/media\/29630"}],"wp:attachment":[{"href":"https:\/\/www.libraria-occitana.org\/en\/wp-json\/wp\/v2\/media?parent=35672"}],"wp:term":[{"taxonomy":"product_brand","embeddable":true,"href":"https:\/\/www.libraria-occitana.org\/en\/wp-json\/wp\/v2\/product_brand?post=35672"},{"taxonomy":"product_cat","embeddable":true,"href":"https:\/\/www.libraria-occitana.org\/en\/wp-json\/wp\/v2\/product_cat?post=35672"},{"taxonomy":"product_tag","embeddable":true,"href":"https:\/\/www.libraria-occitana.org\/en\/wp-json\/wp\/v2\/product_tag?post=35672"}],"curies":[{"name":"wp","href":"https:\/\/api.w.org\/{rel}","templated":true}]}}

<p>Juillet 1096 : il fait chaud sous les murailles de Nicée.<br />
À l&#8217;ombre des figuiers, dans les jardins fleuris, circulent d&#8217;inquiétantes nouvelles : une troupe formée de chevaliers, de fantassins, mais aussi de femmes et d&#8217;enfants, marche sur Constantinople. On raconte qu&#8217;ils portent, cousues sur le dos, des bandes de tissu en forme de croix. Ils clament qu&#8217;ils viennent exterminer les musulmans jusqu&#8217;à Jérusalem, et déferlent par milliers. Ce sont les « Franj ».<br />
Ils resteront deux siècles en Terre sainte, pillant et massacrant pour la gloire de leur dieu. Cette incursion barbare de l&#8217;Occident au cœur du monde musulman marque le début d&#8217;une longue période de décadence et d&#8217;obscurantisme. Elle est ressentie aujourd&#8217;hui encore, en Islam, comme un viol.</p>

<p>Juillet 1096 : il fait chaud sous les murailles de Nicée. À l&#8217;ombre des figuiers, dans les jardins fleuris, circulent d&#8217;inquiétantes nouvelles : une troupe formée de chevaliers, de fantassins, mais aussi de femmes et d&#8217;enfants, marche sur Constantinople. On raconte qu&#8217;ils portent, cousues sur le dos, des bandes de tissu en forme de croix. [&hellip;]</p>
