{"id":35692,"date":"2026-08-31T17:32:05","date_gmt":"2026-08-31T15:32:05","guid":{"rendered":"http:\/\/www.libraria-occitana.org\/?post_type=product&#038;p=35692\/"},"modified":"2026-08-31T17:32:09","modified_gmt":"2026-08-31T15:32:09","slug":"lo-joan-peisson-libre-cd","status":"publish","type":"product","link":"https:\/\/www.libraria-occitana.org\/en\/product\/lo-joan-peisson-libre-cd\/","title":{"rendered":"LO JOAN-PEISSON (LIBRE + CD)"},"content":{"rendered":"<p style=\"margin:0;\"><span style=\"font-family:'Times New Roman';font-size:12pt;\">Se te vas permenar per los Pireneus, podr\u00e0s veire una montanha de f\u00f2rma plan estranha. Es facha de do\u00e0s ponchas, una gr\u00f2ssa e l&#8217;autra chaitiva, que diriatz una g\u00f2rja duberta chap au ciau. Qu\u00f2 es l&#8217;Aussau. Mas lo monde l&#8217;apelan tanben lo Joan-Peire. E sabes perqu\u00e9 ?<br \/>Escota&#8230;<br \/>Lo Joan-Peisson, un conte que te far\u00e1 viatjar entre las prigondors de la mar e los soms mai nauts de las montanhas bearnesas.<\/p>\n<p>Libreton d&#8217;acompanhament pedagogic sus lo site dau Cap&#8217;Oc <wbr>(occitan-franc\u00e9s).<\/p>\n<p>Si tu te prom\u00e8nes dans les Pyr\u00e9n\u00e9es, tu verras une montagne d&#8217;une forme bien particuli\u00e8re. Faite de deux pointes, l&#8217;une grande, l&#8217;autre plus petite, on dirait une bouche, ouverte vers le ciel. C&#8217;est l&#8217;Ossau, mais les gens l&#8217;appellent aussi Jean-Pierre. Sais-tu pourquoi ?<\/p>\n<p>Livret d&#8217;accompagnement p\u00e9dagogique sur le site du Cap&#8217;Oc <wbr>(occitan-fran\u00e7ais).<br \/>Cycles 2 &gt; 3.<\/p>\n<p>Autor : Dordeins, Joan-Miqu\u00e8u<br \/>Illustracions : Abbadie, Sylvaine<br \/>Adaptacion lemosina : Decamps, Domenja<br \/>Linga : Libre : Occitan <wbr>(lemosin) &#8211; franc\u00e9s \/ CD : Occitan <wbr>(lemosin-gascon-lengadocian) &#8211; franc\u00e9s<br \/>Parucion : 08\/2002<br \/>Editor : CRDP Aquitaine<br \/>Nb de pajas : 32<br \/>Format : 20,5 x 20,5 cm<br \/>P\u00e9s : 264 g<br \/>EAN 13 : 9782866174040<\/span><\/p>\n","protected":false},"excerpt":{"rendered":"<p>Se te vas permenar per los Pireneus, podr\u00e0s veire una montanha de f\u00f2rma plan estranha. Es facha de do\u00e0s ponchas, una gr\u00f2ssa e l&#8217;autra chaitiva, que diriatz una g\u00f2rja duberta chap au ciau. Qu\u00f2 es l&#8217;Aussau. Mas lo monde l&#8217;apelan tanben lo Joan-Peire. E sabes perqu\u00e9 ?Escota&#8230;Lo Joan-Peisson, un conte que te far\u00e1 viatjar entre [&hellip;]<\/p>\n","protected":false},"featured_media":0,"template":"","meta":{"_acf_changed":false,"_genesis_hide_title":false,"_genesis_hide_breadcrumbs":false,"_genesis_hide_singular_image":false,"_genesis_hide_footer_widgets":false,"_genesis_custom_body_class":"","_genesis_custom_post_class":"","_genesis_layout":""},"product_brand":[],"product_cat":[7132,7170,7164,16135],"product_tag":[],"class_list":["post-35692","product","type-product","status-publish","product_cat-books","product_cat-juvenile-en","product_cat-juvenile-and-teen-comics-humour-en","product_cat-non-classe-en","pa_auteur-decamps-domenja-en","pa_auteur-dordeins-joan-miqueu-en","pa_auteurs-dordeins-joan-miqueu-decampsdomenica-adapt","pa_editeur-canope-editions-en","pa_editeurs-crdp-aquitaine","pa_illustrateur-abbadie-sylvaine-en","pa_langue-occitan-lemosin-en","pa_langue-occitan-francais-en","entry","first","outofstock","purchasable","product-type-simple"],"acf":[],"_links":{"self":[{"href":"https:\/\/www.libraria-occitana.org\/en\/wp-json\/wp\/v2\/product\/35692","targetHints":{"allow":["GET"]}}],"collection":[{"href":"https:\/\/www.libraria-occitana.org\/en\/wp-json\/wp\/v2\/product"}],"about":[{"href":"https:\/\/www.libraria-occitana.org\/en\/wp-json\/wp\/v2\/types\/product"}],"wp:attachment":[{"href":"https:\/\/www.libraria-occitana.org\/en\/wp-json\/wp\/v2\/media?parent=35692"}],"wp:term":[{"taxonomy":"product_brand","embeddable":true,"href":"https:\/\/www.libraria-occitana.org\/en\/wp-json\/wp\/v2\/product_brand?post=35692"},{"taxonomy":"product_cat","embeddable":true,"href":"https:\/\/www.libraria-occitana.org\/en\/wp-json\/wp\/v2\/product_cat?post=35692"},{"taxonomy":"product_tag","embeddable":true,"href":"https:\/\/www.libraria-occitana.org\/en\/wp-json\/wp\/v2\/product_tag?post=35692"}],"curies":[{"name":"wp","href":"https:\/\/api.w.org\/{rel}","templated":true}]}}

<p style="margin:0;"><span style="font-family:'Times New Roman';font-size:12pt;">Se te vas permenar per los Pireneus, podràs veire una montanha de fòrma plan estranha. Es facha de doàs ponchas, una gròssa e l&#8217;autra chaitiva, que diriatz una gòrja duberta chap au ciau. Quò es l&#8217;Aussau. Mas lo monde l&#8217;apelan tanben lo Joan-Peire. E sabes perqué ?<br />Escota&#8230;<br />Lo Joan-Peisson, un conte que te fará viatjar entre las prigondors de la mar e los soms mai nauts de las montanhas bearnesas.</p>
<p>Libreton d&#8217;acompanhament pedagogic sus lo site dau Cap&#8217;Oc <wbr>(occitan-francés).</p>
<p>Si tu te promènes dans les Pyrénées, tu verras une montagne d&#8217;une forme bien particulière. Faite de deux pointes, l&#8217;une grande, l&#8217;autre plus petite, on dirait une bouche, ouverte vers le ciel. C&#8217;est l&#8217;Ossau, mais les gens l&#8217;appellent aussi Jean-Pierre. Sais-tu pourquoi ?</p>
<p>Livret d&#8217;accompagnement pédagogique sur le site du Cap&#8217;Oc <wbr>(occitan-français).<br />Cycles 2 &gt; 3.</p>
<p>Autor : Dordeins, Joan-Miquèu<br />Illustracions : Abbadie, Sylvaine<br />Adaptacion lemosina : Decamps, Domenja<br />Linga : Libre : Occitan <wbr>(lemosin) &#8211; francés / CD : Occitan <wbr>(lemosin-gascon-lengadocian) &#8211; francés<br />Parucion : 08/2002<br />Editor : CRDP Aquitaine<br />Nb de pajas : 32<br />Format : 20,5 x 20,5 cm<br />Pés : 264 g<br />EAN 13 : 9782866174040</span></p>

<p>Se te vas permenar per los Pireneus, podràs veire una montanha de fòrma plan estranha. Es facha de doàs ponchas, una gròssa e l&#8217;autra chaitiva, que diriatz una gòrja duberta chap au ciau. Quò es l&#8217;Aussau. Mas lo monde l&#8217;apelan tanben lo Joan-Peire. E sabes perqué ?Escota&#8230;Lo Joan-Peisson, un conte que te fará viatjar entre [&hellip;]</p>
