{"id":35702,"date":"2026-08-31T17:35:03","date_gmt":"2026-08-31T15:35:03","guid":{"rendered":"http:\/\/www.libraria-occitana.org\/?post_type=product&#038;p=35702\/"},"modified":"2026-08-31T17:35:07","modified_gmt":"2026-08-31T15:35:07","slug":"lo-resson-de-la-peira-chansonnier-totemique-languedocien-vol-2-libre-2-cd","status":"publish","type":"product","link":"https:\/\/www.libraria-occitana.org\/en\/product\/lo-resson-de-la-peira-chansonnier-totemique-languedocien-vol-2-libre-2-cd\/","title":{"rendered":"LO RESSON DE LA PEIRA : CHANSONNIER TOTEMIQUE LANGUEDOCIEN VOL. 2 (LIBRE + 2 CD)"},"content":{"rendered":"<p style=\"margin:0;\"><span style=\"font-family:'Times New Roman';font-size:12pt;\">Apr\u00e8s le premier volume consacr\u00e9 aux chants de la petite enfance, qui a obtenu le troph\u00e9e CH.E.N.E 2003 de l&#8217;environnement, voici celui qui accompagnera ensuite l&#8217;enfant dans son entr\u00e9e dans le monde des adultes, ses f\u00eates et ses rites.<br \/>Au rythme des saisons, des travaux et des jours, c&#8217;est toute l&#8217;ann\u00e9e qui d\u00e9file en chansons. P\u00e2ques et No\u00ebl, Carnaval et les animaux tot\u00e9miques, les moissons et les vendanges, la tu\u00e9e du cochon, les f\u00eates votives et la Saint-Jean, les mariages et les anniversaires, les chansons du mois de mai.<br \/>La rue, les places, renverront \u00e0 l&#8217;enfant l&#8217;\u00e9cho de tous ces bruits et chants du quotidien, qui l&#8217;aideront \u00e0 construire sa place. Et comme pour le premier volume, c&#8217;est avec des instruments rudimentaires, des gestes simples qu&#8217;il scandera les rythmes de la vie, de la danse, de la f\u00eate : capsules, coquillages, perles de bois, bidons, coquilles d&#8217;escargots, balais de roseaux, frottements de pieds, imitations de cris d&#8217;animaux, tout produit des sons.<br \/>Il retrouvera aussi de nombreux chanteurs occitans qui ont pr\u00eat\u00e9 leur voix pour cet apprentissage sonore, ludique, social et culturel.<\/p>\n<p>Zo ! que la f\u00e8sta comence !<\/p>\n<p>Complement de titre : L&#8217;\u00e9cho de la pierre : Une ann\u00e9e en chansons pour les 6\/10 ans<br \/>Autor : Lhubac, Jean-Michel ; Lhubac, Marie-Jos\u00e9 ; Ubaud, Josiane<br \/>Illustracions : Fran\u00e7ois, Pierre<br \/>Musicaires CD : Collectiu<br \/>Linga : Franc\u00e9s, occitan <wbr>(lengadocian)<br \/>Parucion : 09\/2006<br \/>Editor : Modal<br \/>Colleccion : Visa<br \/>Nb de pajas : 166<br \/>Format : 31,5 x 21 cm<br \/>P\u00e9s : 892 g<br \/>EAN 13 : 9782910432379<br \/><\/span><\/p>\n","protected":false},"excerpt":{"rendered":"<p>Apr\u00e8s le premier volume consacr\u00e9 aux chants de la petite enfance, qui a obtenu le troph\u00e9e CH.E.N.E 2003 de l&#8217;environnement, voici celui qui accompagnera ensuite l&#8217;enfant dans son entr\u00e9e dans le monde des adultes, ses f\u00eates et ses rites.Au rythme des saisons, des travaux et des jours, c&#8217;est toute l&#8217;ann\u00e9e qui d\u00e9file en chansons. P\u00e2ques [&hellip;]<\/p>\n","protected":false},"featured_media":0,"template":"","meta":{"_acf_changed":false,"_genesis_hide_title":false,"_genesis_hide_breadcrumbs":false,"_genesis_hide_singular_image":false,"_genesis_hide_footer_widgets":false,"_genesis_custom_body_class":"","_genesis_custom_post_class":"","_genesis_layout":""},"product_brand":[],"product_cat":[7132,7190,16135,7192],"product_tag":[],"class_list":["post-35702","product","type-product","status-publish","product_cat-books","product_cat-music-dances-en","product_cat-non-classe-en","product_cat-scores-lyrics-en","pa_auteur-lhubac-jean-michel-en","pa_auteur-lhubac-marie-jose-en","pa_auteur-ubaud-josiana-en","pa_auteurs-lhubac-jean-michel-marie-jose-ubaud-josiane","pa_editeur-modal-en","pa_langue-francais-en","pa_langue-occitan-en","pa_langue-occitan-lengadocian-en","entry","first","outofstock","purchasable","product-type-simple"],"acf":[],"_links":{"self":[{"href":"https:\/\/www.libraria-occitana.org\/en\/wp-json\/wp\/v2\/product\/35702","targetHints":{"allow":["GET"]}}],"collection":[{"href":"https:\/\/www.libraria-occitana.org\/en\/wp-json\/wp\/v2\/product"}],"about":[{"href":"https:\/\/www.libraria-occitana.org\/en\/wp-json\/wp\/v2\/types\/product"}],"wp:attachment":[{"href":"https:\/\/www.libraria-occitana.org\/en\/wp-json\/wp\/v2\/media?parent=35702"}],"wp:term":[{"taxonomy":"product_brand","embeddable":true,"href":"https:\/\/www.libraria-occitana.org\/en\/wp-json\/wp\/v2\/product_brand?post=35702"},{"taxonomy":"product_cat","embeddable":true,"href":"https:\/\/www.libraria-occitana.org\/en\/wp-json\/wp\/v2\/product_cat?post=35702"},{"taxonomy":"product_tag","embeddable":true,"href":"https:\/\/www.libraria-occitana.org\/en\/wp-json\/wp\/v2\/product_tag?post=35702"}],"curies":[{"name":"wp","href":"https:\/\/api.w.org\/{rel}","templated":true}]}}

<p style="margin:0;"><span style="font-family:'Times New Roman';font-size:12pt;">Après le premier volume consacré aux chants de la petite enfance, qui a obtenu le trophée CH.E.N.E 2003 de l&#8217;environnement, voici celui qui accompagnera ensuite l&#8217;enfant dans son entrée dans le monde des adultes, ses fêtes et ses rites.<br />Au rythme des saisons, des travaux et des jours, c&#8217;est toute l&#8217;année qui défile en chansons. Pâques et Noël, Carnaval et les animaux totémiques, les moissons et les vendanges, la tuée du cochon, les fêtes votives et la Saint-Jean, les mariages et les anniversaires, les chansons du mois de mai.<br />La rue, les places, renverront à l&#8217;enfant l&#8217;écho de tous ces bruits et chants du quotidien, qui l&#8217;aideront à construire sa place. Et comme pour le premier volume, c&#8217;est avec des instruments rudimentaires, des gestes simples qu&#8217;il scandera les rythmes de la vie, de la danse, de la fête : capsules, coquillages, perles de bois, bidons, coquilles d&#8217;escargots, balais de roseaux, frottements de pieds, imitations de cris d&#8217;animaux, tout produit des sons.<br />Il retrouvera aussi de nombreux chanteurs occitans qui ont prêté leur voix pour cet apprentissage sonore, ludique, social et culturel.</p>
<p>Zo ! que la fèsta comence !</p>
<p>Complement de titre : L&#8217;écho de la pierre : Une année en chansons pour les 6/10 ans<br />Autor : Lhubac, Jean-Michel ; Lhubac, Marie-José ; Ubaud, Josiane<br />Illustracions : François, Pierre<br />Musicaires CD : Collectiu<br />Linga : Francés, occitan <wbr>(lengadocian)<br />Parucion : 09/2006<br />Editor : Modal<br />Colleccion : Visa<br />Nb de pajas : 166<br />Format : 31,5 x 21 cm<br />Pés : 892 g<br />EAN 13 : 9782910432379<br /></span></p>

<p>Après le premier volume consacré aux chants de la petite enfance, qui a obtenu le trophée CH.E.N.E 2003 de l&#8217;environnement, voici celui qui accompagnera ensuite l&#8217;enfant dans son entrée dans le monde des adultes, ses fêtes et ses rites.Au rythme des saisons, des travaux et des jours, c&#8217;est toute l&#8217;année qui défile en chansons. Pâques [&hellip;]</p>
