{"id":35836,"date":"2026-08-31T17:16:08","date_gmt":"2026-08-31T15:16:08","guid":{"rendered":"http:\/\/www.libraria-occitana.org\/?post_type=product&#038;p=35836\/"},"modified":"2026-08-31T17:16:11","modified_gmt":"2026-08-31T15:16:11","slug":"lo-gruffalo","status":"publish","type":"product","link":"https:\/\/www.libraria-occitana.org\/en\/product\/lo-gruffalo\/","title":{"rendered":"LO GRUFFAL\u00f2"},"content":{"rendered":"<p style=\"margin:0;\"><span style=\"font-family:'Times New Roman';font-size:12pt;\">Una ist\u00f2ria maliciosa ont lo pichon\u00e8l ten cap al pus b\u00e8l !<br \/>Una mirgueta se passeja al fons d&#8217;un b\u00f2sc, plan, plan escur. Crosa lo camin d&#8217;un reinal, d&#8217;un ch\u00f2t, e d&#8217;una s\u00e8rp que la se pensan f\u00f2rt gostosa, e que la convidan cadun son torn per dinnar dins lor ostal.<br \/>Sonque la mirgueta, plan afirolada, obj\u00e8cta qu&#8217;esp\u00e8ra un&#8230; Gruffal\u00f2 !<br \/>Mas, tot plan pensat, de qu&#8217;es un Gruffal\u00f2 ?<\/p>\n<p>Autor : Schuh, Jakob ; Lang, Max<br \/>Linga : Occitan<br \/>Linga prumiera : Franc\u00e9s<br \/>Parucion : 2009<br \/>Editor : Conta&#8217;m<br \/>Durada : 27&#8242;<br \/>Format : 13,5 x 19 cm<br \/>P\u00e9s : 78 g<br \/><\/span><\/p>\n","protected":false},"excerpt":{"rendered":"<p>Una ist\u00f2ria maliciosa ont lo pichon\u00e8l ten cap al pus b\u00e8l !Una mirgueta se passeja al fons d&#8217;un b\u00f2sc, plan, plan escur. Crosa lo camin d&#8217;un reinal, d&#8217;un ch\u00f2t, e d&#8217;una s\u00e8rp que la se pensan f\u00f2rt gostosa, e que la convidan cadun son torn per dinnar dins lor ostal.Sonque la mirgueta, plan afirolada, obj\u00e8cta [&hellip;]<\/p>\n","protected":false},"featured_media":0,"template":"","meta":{"_acf_changed":false,"_genesis_hide_title":false,"_genesis_hide_breadcrumbs":false,"_genesis_hide_singular_image":false,"_genesis_hide_footer_widgets":false,"_genesis_custom_body_class":"","_genesis_custom_post_class":"","_genesis_layout":""},"product_brand":[],"product_cat":[7245,16135,7249],"product_tag":[],"class_list":["post-35836","product","type-product","status-publish","product_cat-juvenile-and-teen-videos-2-en","product_cat-non-classe-en","product_cat-videos-3-en","pa_auteurs-schuh-jakob-lang-max","entry","first","outofstock","purchasable","product-type-simple"],"acf":[],"_links":{"self":[{"href":"https:\/\/www.libraria-occitana.org\/en\/wp-json\/wp\/v2\/product\/35836","targetHints":{"allow":["GET"]}}],"collection":[{"href":"https:\/\/www.libraria-occitana.org\/en\/wp-json\/wp\/v2\/product"}],"about":[{"href":"https:\/\/www.libraria-occitana.org\/en\/wp-json\/wp\/v2\/types\/product"}],"wp:attachment":[{"href":"https:\/\/www.libraria-occitana.org\/en\/wp-json\/wp\/v2\/media?parent=35836"}],"wp:term":[{"taxonomy":"product_brand","embeddable":true,"href":"https:\/\/www.libraria-occitana.org\/en\/wp-json\/wp\/v2\/product_brand?post=35836"},{"taxonomy":"product_cat","embeddable":true,"href":"https:\/\/www.libraria-occitana.org\/en\/wp-json\/wp\/v2\/product_cat?post=35836"},{"taxonomy":"product_tag","embeddable":true,"href":"https:\/\/www.libraria-occitana.org\/en\/wp-json\/wp\/v2\/product_tag?post=35836"}],"curies":[{"name":"wp","href":"https:\/\/api.w.org\/{rel}","templated":true}]}}

LO GRUFFALò

<p style="margin:0;"><span style="font-family:'Times New Roman';font-size:12pt;">Una istòria maliciosa ont lo pichonèl ten cap al pus bèl !<br />Una mirgueta se passeja al fons d&#8217;un bòsc, plan, plan escur. Crosa lo camin d&#8217;un reinal, d&#8217;un chòt, e d&#8217;una sèrp que la se pensan fòrt gostosa, e que la convidan cadun son torn per dinnar dins lor ostal.<br />Sonque la mirgueta, plan afirolada, objècta qu&#8217;espèra un&#8230; Gruffalò !<br />Mas, tot plan pensat, de qu&#8217;es un Gruffalò ?</p>
<p>Autor : Schuh, Jakob ; Lang, Max<br />Linga : Occitan<br />Linga prumiera : Francés<br />Parucion : 2009<br />Editor : Conta&#8217;m<br />Durada : 27&#8242;<br />Format : 13,5 x 19 cm<br />Pés : 78 g<br /></span></p>

<p>Una istòria maliciosa ont lo pichonèl ten cap al pus bèl !Una mirgueta se passeja al fons d&#8217;un bòsc, plan, plan escur. Crosa lo camin d&#8217;un reinal, d&#8217;un chòt, e d&#8217;una sèrp que la se pensan fòrt gostosa, e que la convidan cadun son torn per dinnar dins lor ostal.Sonque la mirgueta, plan afirolada, objècta [&hellip;]</p>
