{"id":35843,"date":"2026-08-31T17:16:12","date_gmt":"2026-08-31T15:16:12","guid":{"rendered":"http:\/\/www.libraria-occitana.org\/?post_type=product&#038;p=35843\/"},"modified":"2026-08-31T17:16:16","modified_gmt":"2026-08-31T15:16:16","slug":"lo-jorn-de-las-gralhas","status":"publish","type":"product","link":"https:\/\/www.libraria-occitana.org\/en\/product\/lo-jorn-de-las-gralhas\/","title":{"rendered":"LO JORN DE LAS GRALHAS"},"content":{"rendered":"<p style=\"margin:0;\"><span style=\"font-family:'Times New Roman';font-size:12pt;\">Lo filh Coja dem\u00f2ra al b\u00e8l mi\u00e8g del b\u00f2sc, elevat per son paire, un omen\u00e0s tirannic qu&#8217;i r\u00e8gna en m\u00e8stre e li defend de ne sortir.<br \/>Lo dr\u00f2lle coneis pas res de la societat dels \u00f2mes, creis en salvatge, e sas solas companhas son las fantaumas tranquillas que tr\u00e8van lo b\u00f2sc.<br \/>D&#8217;aqu\u00ed al jorn ont ser\u00e0 for\u00e7at de se rendre al vilatge lo pus pr\u00f2che, e trobar\u00e0 Manon&#8230;<\/p>\n<p>Autor : Finalement<br \/>Linga : Occitan<br \/>Linga prumiera : Franc\u00e9s<br \/>Parucion : 2012<br \/>Editor : Conta&#8217;m<br \/>Durada : 1h30&#8242;<br \/>Format : 13,5 x 19 cm<br \/>P\u00e9s : 78 g<br \/><\/span><\/p>\n","protected":false},"excerpt":{"rendered":"<p>Lo filh Coja dem\u00f2ra al b\u00e8l mi\u00e8g del b\u00f2sc, elevat per son paire, un omen\u00e0s tirannic qu&#8217;i r\u00e8gna en m\u00e8stre e li defend de ne sortir.Lo dr\u00f2lle coneis pas res de la societat dels \u00f2mes, creis en salvatge, e sas solas companhas son las fantaumas tranquillas que tr\u00e8van lo b\u00f2sc.D&#8217;aqu\u00ed al jorn ont ser\u00e0 for\u00e7at [&hellip;]<\/p>\n","protected":false},"featured_media":0,"template":"","meta":{"_acf_changed":false,"_genesis_hide_title":false,"_genesis_hide_breadcrumbs":false,"_genesis_hide_singular_image":false,"_genesis_hide_footer_widgets":false,"_genesis_custom_body_class":"","_genesis_custom_post_class":"","_genesis_layout":""},"product_brand":[],"product_cat":[7245,16135,7249],"product_tag":[],"class_list":["post-35843","product","type-product","status-publish","product_cat-juvenile-and-teen-videos-2-en","product_cat-non-classe-en","product_cat-videos-3-en","entry","first","instock","purchasable","product-type-simple"],"acf":[],"_links":{"self":[{"href":"https:\/\/www.libraria-occitana.org\/en\/wp-json\/wp\/v2\/product\/35843","targetHints":{"allow":["GET"]}}],"collection":[{"href":"https:\/\/www.libraria-occitana.org\/en\/wp-json\/wp\/v2\/product"}],"about":[{"href":"https:\/\/www.libraria-occitana.org\/en\/wp-json\/wp\/v2\/types\/product"}],"wp:attachment":[{"href":"https:\/\/www.libraria-occitana.org\/en\/wp-json\/wp\/v2\/media?parent=35843"}],"wp:term":[{"taxonomy":"product_brand","embeddable":true,"href":"https:\/\/www.libraria-occitana.org\/en\/wp-json\/wp\/v2\/product_brand?post=35843"},{"taxonomy":"product_cat","embeddable":true,"href":"https:\/\/www.libraria-occitana.org\/en\/wp-json\/wp\/v2\/product_cat?post=35843"},{"taxonomy":"product_tag","embeddable":true,"href":"https:\/\/www.libraria-occitana.org\/en\/wp-json\/wp\/v2\/product_tag?post=35843"}],"curies":[{"name":"wp","href":"https:\/\/api.w.org\/{rel}","templated":true}]}}

<p style="margin:0;"><span style="font-family:'Times New Roman';font-size:12pt;">Lo filh Coja demòra al bèl mièg del bòsc, elevat per son paire, un omenàs tirannic qu&#8217;i règna en mèstre e li defend de ne sortir.<br />Lo dròlle coneis pas res de la societat dels òmes, creis en salvatge, e sas solas companhas son las fantaumas tranquillas que trèvan lo bòsc.<br />D&#8217;aquí al jorn ont serà forçat de se rendre al vilatge lo pus pròche, e trobarà Manon&#8230;</p>
<p>Autor : Finalement<br />Linga : Occitan<br />Linga prumiera : Francés<br />Parucion : 2012<br />Editor : Conta&#8217;m<br />Durada : 1h30&#8242;<br />Format : 13,5 x 19 cm<br />Pés : 78 g<br /></span></p>

<p>Lo filh Coja demòra al bèl mièg del bòsc, elevat per son paire, un omenàs tirannic qu&#8217;i règna en mèstre e li defend de ne sortir.Lo dròlle coneis pas res de la societat dels òmes, creis en salvatge, e sas solas companhas son las fantaumas tranquillas que trèvan lo bòsc.D&#8217;aquí al jorn ont serà forçat [&hellip;]</p>
