{"id":36024,"date":"2026-08-31T17:31:59","date_gmt":"2026-08-31T15:31:59","guid":{"rendered":"http:\/\/www.libraria-occitana.org\/?post_type=product&#038;p=36024\/"},"modified":"2026-08-31T17:32:18","modified_gmt":"2026-08-31T15:32:18","slug":"la-nuech-se-minja-lo-jorn-libre-cd","status":"publish","type":"product","link":"https:\/\/www.libraria-occitana.org\/en\/product\/la-nuech-se-minja-lo-jorn-libre-cd\/","title":{"rendered":"LA NUECH SE MINJA LO JORN (LIBRE + CD)"},"content":{"rendered":"<p style=\"margin:0;\"><span style=\"font-family:'Times New Roman';font-size:12pt;\">La nuech se minja lo jorn <wbr>(libre + CD)<\/p>\n<p>Un c\u00f2p era, dins un temps vielh-vielh, un temps quand los \u00f2mes vivi\u00e1n dins de las chabanas de branchas e de peus, quand los \u00f2mes fasi\u00e1n chantar la montanha en festejar sas cr\u00f2sas, a l&#8217;entrada daus cluseus&#8230;<\/p>\n<p>Libreton d&#8217;acompanhament pedagogic sus lo site dau Cap&#8217;Oc <wbr>(occitan-franc\u00e9s).<\/p>\n<p>Chez nous, depuis la nuit des temps jusqu&#8217;\u00e0 aujourd&#8217;hui, quand la nuit mange le jour, les gens savent qu&#8217;ils doivent r\u00e9veiller l&#8217;ours pour d\u00e9livrer le printemps.<br \/>Mais comment faire ?<\/p>\n<p>Livret d&#8217;accompagnement p\u00e9dagogique sur le site du Cap&#8217;Oc <wbr>(occitan-fran\u00e7ais).<br \/>Cycle 2 &gt; 3.<\/p>\n<p>Autor : Mauhorat, S\u00e8rgi<br \/>Illustracions : Morla\u00e0s-Lurbe, Isabelle<br \/>Adaptacion lemosina : Decamps, Domenja<br \/>Linga : Libre : Occitan <wbr>(lemosin) \/ CD : Occitan <wbr>(lemosin-gascon-lengadocian) &#8211; franc\u00e9s<br \/>Parucion : 01\/2004<br \/>Editor : CRDP Aquitaine<br \/>Nb de pajas : 22<br \/>Format : 20,5 x 20,5 cm<br \/>P\u00e9s : 224 g<br \/>EAN 13 : 9782866174521<\/span><\/p>\n","protected":false},"excerpt":{"rendered":"<p>La nuech se minja lo jorn (libre + CD) Un c\u00f2p era, dins un temps vielh-vielh, un temps quand los \u00f2mes vivi\u00e1n dins de las chabanas de branchas e de peus, quand los \u00f2mes fasi\u00e1n chantar la montanha en festejar sas cr\u00f2sas, a l&#8217;entrada daus cluseus&#8230; Libreton d&#8217;acompanhament pedagogic sus lo site dau Cap&#8217;Oc (occitan-franc\u00e9s). [&hellip;]<\/p>\n","protected":false},"featured_media":0,"template":"","meta":{"_acf_changed":false,"_genesis_hide_title":false,"_genesis_hide_breadcrumbs":false,"_genesis_hide_singular_image":false,"_genesis_hide_footer_widgets":false,"_genesis_custom_body_class":"","_genesis_custom_post_class":"","_genesis_layout":""},"product_brand":[],"product_cat":[7132,7170,7164,16135],"product_tag":[],"class_list":["post-36024","product","type-product","status-publish","product_cat-books","product_cat-juvenile-en","product_cat-juvenile-and-teen-comics-humour-en","product_cat-non-classe-en","pa_auteur-decamps-domenja-en","pa_auteur-mauhorat-sergi-en","pa_auteurs-mauhorat-sergi-decamps-domenja-adapt","pa_editeur-canope-editions-en","pa_editeurs-crdp-aquitaine","pa_illustrateur-morlaas-lurbe-isabelle-en","pa_langue-occitan-lemosin-en","pa_langue-occitan-francais-en","entry","has-post-thumbnail","first","outofstock","purchasable","product-type-simple"],"acf":[],"_links":{"self":[{"href":"https:\/\/www.libraria-occitana.org\/en\/wp-json\/wp\/v2\/product\/36024","targetHints":{"allow":["GET"]}}],"collection":[{"href":"https:\/\/www.libraria-occitana.org\/en\/wp-json\/wp\/v2\/product"}],"about":[{"href":"https:\/\/www.libraria-occitana.org\/en\/wp-json\/wp\/v2\/types\/product"}],"wp:attachment":[{"href":"https:\/\/www.libraria-occitana.org\/en\/wp-json\/wp\/v2\/media?parent=36024"}],"wp:term":[{"taxonomy":"product_brand","embeddable":true,"href":"https:\/\/www.libraria-occitana.org\/en\/wp-json\/wp\/v2\/product_brand?post=36024"},{"taxonomy":"product_cat","embeddable":true,"href":"https:\/\/www.libraria-occitana.org\/en\/wp-json\/wp\/v2\/product_cat?post=36024"},{"taxonomy":"product_tag","embeddable":true,"href":"https:\/\/www.libraria-occitana.org\/en\/wp-json\/wp\/v2\/product_tag?post=36024"}],"curies":[{"name":"wp","href":"https:\/\/api.w.org\/{rel}","templated":true}]}}

<p style="margin:0;"><span style="font-family:'Times New Roman';font-size:12pt;">La nuech se minja lo jorn <wbr>(libre + CD)</p>
<p>Un còp era, dins un temps vielh-vielh, un temps quand los òmes vivián dins de las chabanas de branchas e de peus, quand los òmes fasián chantar la montanha en festejar sas cròsas, a l&#8217;entrada daus cluseus&#8230;</p>
<p>Libreton d&#8217;acompanhament pedagogic sus lo site dau Cap&#8217;Oc <wbr>(occitan-francés).</p>
<p>Chez nous, depuis la nuit des temps jusqu&#8217;à aujourd&#8217;hui, quand la nuit mange le jour, les gens savent qu&#8217;ils doivent réveiller l&#8217;ours pour délivrer le printemps.<br />Mais comment faire ?</p>
<p>Livret d&#8217;accompagnement pédagogique sur le site du Cap&#8217;Oc <wbr>(occitan-français).<br />Cycle 2 &gt; 3.</p>
<p>Autor : Mauhorat, Sèrgi<br />Illustracions : Morlaàs-Lurbe, Isabelle<br />Adaptacion lemosina : Decamps, Domenja<br />Linga : Libre : Occitan <wbr>(lemosin) / CD : Occitan <wbr>(lemosin-gascon-lengadocian) &#8211; francés<br />Parucion : 01/2004<br />Editor : CRDP Aquitaine<br />Nb de pajas : 22<br />Format : 20,5 x 20,5 cm<br />Pés : 224 g<br />EAN 13 : 9782866174521</span></p>

<p>La nuech se minja lo jorn (libre + CD) Un còp era, dins un temps vielh-vielh, un temps quand los òmes vivián dins de las chabanas de branchas e de peus, quand los òmes fasián chantar la montanha en festejar sas cròsas, a l&#8217;entrada daus cluseus&#8230; Libreton d&#8217;acompanhament pedagogic sus lo site dau Cap&#8217;Oc (occitan-francés). [&hellip;]</p>
