{"id":37267,"date":"2026-08-31T17:21:10","date_gmt":"2026-08-31T15:21:10","guid":{"rendered":"http:\/\/www.libraria-occitana.org\/?post_type=product&#038;p=37267"},"modified":"2026-08-31T17:21:37","modified_gmt":"2026-08-31T15:21:37","slug":"zenith-de-pau-2017","status":"publish","type":"product","link":"https:\/\/www.libraria-occitana.org\/en\/product\/zenith-de-pau-2017\/","title":{"rendered":"ZENITH DE PAU 2017"},"content":{"rendered":"<p style=\"margin:0;\"><span style=\"font-family:'Times New Roman';font-size:12pt;\">Le DVD 21 titres avec livret et pr\u00e9sentation des chansons.<\/p>\n<p>Durant l&#8217;hiver 2017 le groupe Nadau enregistre son nouveau DVD lors de ses lives au Z\u00e9nith de Pau. Ce projet pr\u00e9par\u00e9 \u00e0 l&#8217;avance est un opus participatif o\u00f9 le public a re\u00e7u en exclusivit\u00e9 les paroles des chansons et \u00e9tait invit\u00e9 \u00e0 chanter avec les artistes.<\/p>\n<p>Titres :<br \/>1. Aqueras montanhas<br \/>2. Polka deus plumalhons<br \/>3. Qu&#8217;\u00e8m d&#8217;aqueth pa\u00eds&#8230;<br \/>4. Lo dia Maria<br \/>5. Saumon<br \/>6. Floren\u00e7a e Joan<br \/>7. La p\u00f2rta dab lo p\u00e8<br \/>8. Som som<br \/>9. L&#8217;encantada<br \/>10. Mon Dieu que j&#8217;en suis \u00e0 mon aise<br \/>11. Mau fotut<br \/>12. Los amor\u00f3s<br \/>13. La h\u00e8sta<br \/>14. L&#8217;adagio des abrutis<br \/>15. Montanh\u00f2u<br \/>16. Julieta<br \/>17. Morlana<br \/>18. Ofelia<br \/>19. Caterineta<br \/>20. De cap t\u00e0 l&#8217;immort\u00e8la<br \/>21. Seguida de Barberina<\/p>\n<p>Autor : Nadau<br \/>Linga : DVD : Occitan <wbr>(gascon), franc\u00e9s<br \/>Libreton : Occitan <wbr>(gascon) &#8211; franc\u00e9s<br \/>Parucion : 05\/2017<br \/>Editor : Nadau<br \/>Format : 19 x 14 cm<br \/>P\u00e9s : 106 g<br \/>EAN 13 : 3456534000424<\/span><\/p>\n","protected":false},"excerpt":{"rendered":"<p>Le DVD 21 titres avec livret et pr\u00e9sentation des chansons. Durant l&#8217;hiver 2017 le groupe Nadau enregistre son nouveau DVD lors de ses lives au Z\u00e9nith de Pau. Ce projet pr\u00e9par\u00e9 \u00e0 l&#8217;avance est un opus participatif o\u00f9 le public a re\u00e7u en exclusivit\u00e9 les paroles des chansons et \u00e9tait invit\u00e9 \u00e0 chanter avec les [&hellip;]<\/p>\n","protected":false},"featured_media":0,"template":"","meta":{"_acf_changed":false,"_genesis_hide_title":false,"_genesis_hide_breadcrumbs":false,"_genesis_hide_singular_image":false,"_genesis_hide_footer_widgets":false,"_genesis_custom_body_class":"","_genesis_custom_post_class":"","_genesis_layout":""},"product_brand":[],"product_cat":[7247,16135,7249],"product_tag":[],"class_list":["post-37267","product","type-product","status-publish","product_cat-music-literature-en","product_cat-non-classe-en","product_cat-videos-3-en","pa_auteur-nadau-en","pa_editeur-los-de-nadau-en","pa_langue-francais-en","pa_langue-occitan-en","pa_langue-occitan-gascon-en","entry","has-post-thumbnail","first","outofstock","purchasable","product-type-simple"],"acf":[],"_links":{"self":[{"href":"https:\/\/www.libraria-occitana.org\/en\/wp-json\/wp\/v2\/product\/37267","targetHints":{"allow":["GET"]}}],"collection":[{"href":"https:\/\/www.libraria-occitana.org\/en\/wp-json\/wp\/v2\/product"}],"about":[{"href":"https:\/\/www.libraria-occitana.org\/en\/wp-json\/wp\/v2\/types\/product"}],"wp:attachment":[{"href":"https:\/\/www.libraria-occitana.org\/en\/wp-json\/wp\/v2\/media?parent=37267"}],"wp:term":[{"taxonomy":"product_brand","embeddable":true,"href":"https:\/\/www.libraria-occitana.org\/en\/wp-json\/wp\/v2\/product_brand?post=37267"},{"taxonomy":"product_cat","embeddable":true,"href":"https:\/\/www.libraria-occitana.org\/en\/wp-json\/wp\/v2\/product_cat?post=37267"},{"taxonomy":"product_tag","embeddable":true,"href":"https:\/\/www.libraria-occitana.org\/en\/wp-json\/wp\/v2\/product_tag?post=37267"}],"curies":[{"name":"wp","href":"https:\/\/api.w.org\/{rel}","templated":true}]}}

<p style="margin:0;"><span style="font-family:'Times New Roman';font-size:12pt;">Le DVD 21 titres avec livret et présentation des chansons.</p>
<p>Durant l&#8217;hiver 2017 le groupe Nadau enregistre son nouveau DVD lors de ses lives au Zénith de Pau. Ce projet préparé à l&#8217;avance est un opus participatif où le public a reçu en exclusivité les paroles des chansons et était invité à chanter avec les artistes.</p>
<p>Titres :<br />1. Aqueras montanhas<br />2. Polka deus plumalhons<br />3. Qu&#8217;èm d&#8217;aqueth país&#8230;<br />4. Lo dia Maria<br />5. Saumon<br />6. Florença e Joan<br />7. La pòrta dab lo pè<br />8. Som som<br />9. L&#8217;encantada<br />10. Mon Dieu que j&#8217;en suis à mon aise<br />11. Mau fotut<br />12. Los amorós<br />13. La hèsta<br />14. L&#8217;adagio des abrutis<br />15. Montanhòu<br />16. Julieta<br />17. Morlana<br />18. Ofelia<br />19. Caterineta<br />20. De cap tà l&#8217;immortèla<br />21. Seguida de Barberina</p>
<p>Autor : Nadau<br />Linga : DVD : Occitan <wbr>(gascon), francés<br />Libreton : Occitan <wbr>(gascon) &#8211; francés<br />Parucion : 05/2017<br />Editor : Nadau<br />Format : 19 x 14 cm<br />Pés : 106 g<br />EAN 13 : 3456534000424</span></p>

<p>Le DVD 21 titres avec livret et présentation des chansons. Durant l&#8217;hiver 2017 le groupe Nadau enregistre son nouveau DVD lors de ses lives au Zénith de Pau. Ce projet préparé à l&#8217;avance est un opus participatif où le public a reçu en exclusivité les paroles des chansons et était invité à chanter avec les [&hellip;]</p>
