{"id":37278,"date":"2017-03-26T13:32:59","date_gmt":"2017-03-26T11:32:59","guid":{"rendered":"http:\/\/www.libraria-occitana.org\/produit\/leis-aventuras-de-joseta-kroner-les-aventures-de-josette-kroner\/"},"modified":"2026-04-26T01:21:26","modified_gmt":"2026-04-25T23:21:26","slug":"leis-aventuras-de-joseta-kroner-les-aventures-de-josette-kroner","status":"publish","type":"product","link":"https:\/\/www.libraria-occitana.org\/en\/product\/leis-aventuras-de-joseta-kroner-les-aventures-de-josette-kroner\/","title":{"rendered":"Leis aventuras de Joseta Kroner &#8211; Les aventures de Josette Kroner"},"content":{"rendered":"<p>Ce conte a \u00e9t\u00e9 publi\u00e9 en feuilleton et en temps r\u00e9el sur le blog Tam-Tam, d\u2019octobre 2013 \u00e0 ao\u00fbt 2014. Merci aux lecteurs qui ont suivi, chaque jour, ces \u00ab words in progress \u00bb. Les personnages et les situations de ce conte sont fiction : toute ressemblance avec des personnes ou des situations qui pourraient vous parler sont le fruit du hasard.<\/p>\n","protected":false},"excerpt":{"rendered":"<p>Ce conte a \u00e9t\u00e9 publi\u00e9 en feuilleton et en temps r\u00e9el sur le blog Tam-Tam, d\u2019octobre 2013 \u00e0 ao\u00fbt 2014. Merci aux lecteurs qui ont suivi, chaque jour, ces \u00ab words in progress \u00bb. Les personnages et les situations de ce conte sont fiction : toute ressemblance avec des personnes ou des situations qui pourraient [&hellip;]<\/p>\n","protected":false},"featured_media":37276,"template":"","meta":{"_acf_changed":false,"_genesis_hide_title":false,"_genesis_hide_breadcrumbs":false,"_genesis_hide_singular_image":false,"_genesis_hide_footer_widgets":false,"_genesis_custom_body_class":"","_genesis_custom_post_class":"","_genesis_layout":""},"product_brand":[],"product_cat":[7132,7174,7182],"product_tag":[],"class_list":{"0":"post-37278","1":"product","2":"type-product","3":"status-publish","4":"has-post-thumbnail","6":"product_cat-books","7":"product_cat-literature-en","8":"product_cat-novels-short-stories-en","9":"pa_auteur-poitavin-matthieu-en","10":"pa_editeur-lauceu-libre-en","11":"pa_langue-occitan-provencau-en","12":"pa_langue-occitan-francais-en","13":"entry","15":"first","16":"instock","17":"shipping-taxable","18":"purchasable","19":"product-type-simple"},"acf":[],"_links":{"self":[{"href":"https:\/\/www.libraria-occitana.org\/en\/wp-json\/wp\/v2\/product\/37278","targetHints":{"allow":["GET"]}}],"collection":[{"href":"https:\/\/www.libraria-occitana.org\/en\/wp-json\/wp\/v2\/product"}],"about":[{"href":"https:\/\/www.libraria-occitana.org\/en\/wp-json\/wp\/v2\/types\/product"}],"wp:featuredmedia":[{"embeddable":true,"href":"https:\/\/www.libraria-occitana.org\/en\/wp-json\/wp\/v2\/media\/37276"}],"wp:attachment":[{"href":"https:\/\/www.libraria-occitana.org\/en\/wp-json\/wp\/v2\/media?parent=37278"}],"wp:term":[{"taxonomy":"product_brand","embeddable":true,"href":"https:\/\/www.libraria-occitana.org\/en\/wp-json\/wp\/v2\/product_brand?post=37278"},{"taxonomy":"product_cat","embeddable":true,"href":"https:\/\/www.libraria-occitana.org\/en\/wp-json\/wp\/v2\/product_cat?post=37278"},{"taxonomy":"product_tag","embeddable":true,"href":"https:\/\/www.libraria-occitana.org\/en\/wp-json\/wp\/v2\/product_tag?post=37278"}],"curies":[{"name":"wp","href":"https:\/\/api.w.org\/{rel}","templated":true}]}}

<p>Ce conte a été publié en feuilleton et en temps réel sur le blog Tam-Tam, d’octobre 2013 à août 2014. Merci aux lecteurs qui ont suivi, chaque jour, ces « words in progress ». Les personnages et les situations de ce conte sont fiction : toute ressemblance avec des personnes ou des situations qui pourraient vous parler sont le fruit du hasard.</p>

<p>Ce conte a été publié en feuilleton et en temps réel sur le blog Tam-Tam, d’octobre 2013 à août 2014. Merci aux lecteurs qui ont suivi, chaque jour, ces « words in progress ». Les personnages et les situations de ce conte sont fiction : toute ressemblance avec des personnes ou des situations qui pourraient [&hellip;]</p>
