{"id":37820,"date":"2026-08-31T17:24:12","date_gmt":"2026-08-31T15:24:12","guid":{"rendered":"http:\/\/www.libraria-occitana.org\/produit\/peiraguda-le-concert-des-40-ans\/"},"modified":"2026-08-31T17:24:25","modified_gmt":"2026-08-31T15:24:25","slug":"peiraguda-le-concert-des-40-ans","status":"publish","type":"product","link":"https:\/\/www.libraria-occitana.org\/en\/product\/peiraguda-le-concert-des-40-ans\/","title":{"rendered":"PEIRAGUDA : LE CONCERT DES 40 ANS !"},"content":{"rendered":"<p style=\"margin:0;\"><span style=\"font-family:'Times New Roman';font-size:12pt;\">Avec Patrick Salini\u00e9, Jean Bonnefon, Laurent Chopin, Patrick Descamps, Pascal Bonnefon et Jacques Gandon.<br \/>Invit\u00e9s : Francis Cabrel, Joan de Nadau, Los Pagalhos, Daniel Chavaroche, Daniel L&#8217;Homond&#8230;<\/p>\n<p>Les 13 et 14 octobre 2017 le groupe Peiraguda a donn\u00e9 2 concerts exceptionnels au Centre Culturel de Sarlat, pour f\u00eater 40 ans de chanson occitane en P\u00e9rigord.<br \/>Francis Cabrel, Joan de Nadau, los Pagalhos, Daniel L&#8217;Homond et Daniel Chavaroche \u00e9taient de la f\u00eate pour participer \u00e0 cet \u00e9v\u00e9nement.<br \/>Cet enregistrement est le t\u00e9moin de la vitalit\u00e9 de Peiraguda, de la langue et de la culture occitanes en ce d\u00e9but de 21e si\u00e8cle.<\/p>\n<p>Concert int\u00e9gral. Dur\u00e9e : 2h25 + bonus.<\/p>\n<p>Autor : Peiraguda<br \/>Linga : Franc\u00e9s, occitan <wbr>(lemosin)<br \/>Parucion : 12\/2017<br \/>Editor : Compagnie des Arts Modestes ; IEO Perig\u00f2rd Novelum ; Lo Bornat dau Perig\u00f2rd<br \/>Durada : 2h25<br \/>Format : 13,5 x 19 cm<br \/>P\u00e9s : 88 g<\/span><\/p>\n","protected":false},"excerpt":{"rendered":"<p>Avec Patrick Salini\u00e9, Jean Bonnefon, Laurent Chopin, Patrick Descamps, Pascal Bonnefon et Jacques Gandon.Invit\u00e9s : Francis Cabrel, Joan de Nadau, Los Pagalhos, Daniel Chavaroche, Daniel L&#8217;Homond&#8230; Les 13 et 14 octobre 2017 le groupe Peiraguda a donn\u00e9 2 concerts exceptionnels au Centre Culturel de Sarlat, pour f\u00eater 40 ans de chanson occitane en P\u00e9rigord.Francis Cabrel, [&hellip;]<\/p>\n","protected":false},"featured_media":0,"template":"","meta":{"_acf_changed":false,"_genesis_hide_title":false,"_genesis_hide_breadcrumbs":false,"_genesis_hide_singular_image":false,"_genesis_hide_footer_widgets":false,"_genesis_custom_body_class":"","_genesis_custom_post_class":"","_genesis_layout":""},"product_brand":[],"product_cat":[7216,7247,16135,7249,7218],"product_tag":[],"class_list":["post-37820","product","type-product","status-publish","product_cat-music-en","product_cat-music-literature-en","product_cat-non-classe-en","product_cat-videos-3-en","product_cat-voice-en","pa_auteur-peiraguda-en","pa_editeur-compagnie-des-arts-modestes-en","pa_editeur-ieo-perigord-novelum-en","pa_editeur-lo-bornat-dau-perigord-en","pa_editeurs-compagnie-des-arts-modestes-ieo-perigord-novelum","pa_langue-francais-en","pa_langue-occitan-en","pa_langue-occitan-lengadocian-en","entry","has-post-thumbnail","first","instock","purchasable","product-type-simple"],"acf":[],"_links":{"self":[{"href":"https:\/\/www.libraria-occitana.org\/en\/wp-json\/wp\/v2\/product\/37820","targetHints":{"allow":["GET"]}}],"collection":[{"href":"https:\/\/www.libraria-occitana.org\/en\/wp-json\/wp\/v2\/product"}],"about":[{"href":"https:\/\/www.libraria-occitana.org\/en\/wp-json\/wp\/v2\/types\/product"}],"wp:attachment":[{"href":"https:\/\/www.libraria-occitana.org\/en\/wp-json\/wp\/v2\/media?parent=37820"}],"wp:term":[{"taxonomy":"product_brand","embeddable":true,"href":"https:\/\/www.libraria-occitana.org\/en\/wp-json\/wp\/v2\/product_brand?post=37820"},{"taxonomy":"product_cat","embeddable":true,"href":"https:\/\/www.libraria-occitana.org\/en\/wp-json\/wp\/v2\/product_cat?post=37820"},{"taxonomy":"product_tag","embeddable":true,"href":"https:\/\/www.libraria-occitana.org\/en\/wp-json\/wp\/v2\/product_tag?post=37820"}],"curies":[{"name":"wp","href":"https:\/\/api.w.org\/{rel}","templated":true}]}}

<p style="margin:0;"><span style="font-family:'Times New Roman';font-size:12pt;">Avec Patrick Salinié, Jean Bonnefon, Laurent Chopin, Patrick Descamps, Pascal Bonnefon et Jacques Gandon.<br />Invités : Francis Cabrel, Joan de Nadau, Los Pagalhos, Daniel Chavaroche, Daniel L&#8217;Homond&#8230;</p>
<p>Les 13 et 14 octobre 2017 le groupe Peiraguda a donné 2 concerts exceptionnels au Centre Culturel de Sarlat, pour fêter 40 ans de chanson occitane en Périgord.<br />Francis Cabrel, Joan de Nadau, los Pagalhos, Daniel L&#8217;Homond et Daniel Chavaroche étaient de la fête pour participer à cet événement.<br />Cet enregistrement est le témoin de la vitalité de Peiraguda, de la langue et de la culture occitanes en ce début de 21e siècle.</p>
<p>Concert intégral. Durée : 2h25 + bonus.</p>
<p>Autor : Peiraguda<br />Linga : Francés, occitan <wbr>(lemosin)<br />Parucion : 12/2017<br />Editor : Compagnie des Arts Modestes ; IEO Perigòrd Novelum ; Lo Bornat dau Perigòrd<br />Durada : 2h25<br />Format : 13,5 x 19 cm<br />Pés : 88 g</span></p>

<p>Avec Patrick Salinié, Jean Bonnefon, Laurent Chopin, Patrick Descamps, Pascal Bonnefon et Jacques Gandon.Invités : Francis Cabrel, Joan de Nadau, Los Pagalhos, Daniel Chavaroche, Daniel L&#8217;Homond&#8230; Les 13 et 14 octobre 2017 le groupe Peiraguda a donné 2 concerts exceptionnels au Centre Culturel de Sarlat, pour fêter 40 ans de chanson occitane en Périgord.Francis Cabrel, [&hellip;]</p>
