{"id":38451,"date":"2018-05-09T19:33:04","date_gmt":"2018-05-09T17:33:04","guid":{"rendered":"http:\/\/www.libraria-occitana.org\/product\/le-maquis-de-grammont-saint-sylvestre-un-pays-dans-la-guerre-suivi-de-vivre-a-saint-sylvestre-au-temps-du-maquis\/"},"modified":"2026-04-29T11:11:27","modified_gmt":"2026-04-29T09:11:27","slug":"le-maquis-de-grammont-saint-sylvestre-un-pays-dans-la-guerre-suivi-de-vivre-a-saint-sylvestre-au-temps-du-maquis","status":"publish","type":"product","link":"https:\/\/www.libraria-occitana.org\/en\/product\/le-maquis-de-grammont-saint-sylvestre-un-pays-dans-la-guerre-suivi-de-vivre-a-saint-sylvestre-au-temps-du-maquis\/","title":{"rendered":"Le Maquis de Grammont : Saint-Sylvestre, un pays dans la guerre suivi de Vivre \u00e0 Saint-Sylvestre au temps du Maquis"},"content":{"rendered":"<p>1940 &#8211; La\u00a0\u00ab zone libre \u00bb semble vivre une p\u00e9riode de calme. Pourtant de petits groupes de r\u00e9sistance voient le jour en Limousin et les premiers maquis naissent fin 1942.<\/p>\n<p>Maurice Castaing (1920-2009), retir\u00e9 \u00e0 Saint-Sylvestre, dans les monts d&#8217;Ambazac, a voulu redonner toute sa place au Maquis de Grammont dans l&#8217;histoire de la R\u00e9sistance, en s&#8217;appuyant sur des documents, des \u00e9crits et des t\u00e9moignages d&#8217;enfants de la guerre, dont les r\u00e9cits ind\u00e9pendants se recoupent.<\/p>\n<p>Il a confi\u00e9 son manuscrit \u00e0 l&#8217;historienne Martine Larigauderie-Beijeaud qui, gr\u00e2ce \u00e0 des photos, \u00e0 des documents priv\u00e9s in\u00e9dits, ainsi qu&#8217;aux travaux d&#8217;enqu\u00eate et souvenirs d&#8217;enfance de Marthe Moreau, a su le resituer dans le contexte de la vie quotidienne des campagnes limousines en ces temps troubl\u00e9s.<\/p>\n<p>Les maquis, la milice, les restrictions, les victimes du 3 ao\u00fbt, mais aussi l&#8217;accueil chaleureux des r\u00e9fugi\u00e9s : c&#8217;est une page m\u00e9connue de la R\u00e9sistance qui nous est racont\u00e9e ici.<\/p>\n","protected":false},"excerpt":{"rendered":"<p>1940 &#8211; La\u00a0\u00ab zone libre \u00bb semble vivre une p\u00e9riode de calme. Pourtant de petits groupes de r\u00e9sistance voient le jour en Limousin et les premiers maquis naissent fin 1942. Maurice Castaing (1920-2009), retir\u00e9 \u00e0 Saint-Sylvestre, dans les monts d&#8217;Ambazac, a voulu redonner toute sa place au Maquis de Grammont dans l&#8217;histoire de la R\u00e9sistance, [&hellip;]<\/p>\n","protected":false},"featured_media":38448,"template":"","meta":{"_acf_changed":false,"_genesis_hide_title":false,"_genesis_hide_breadcrumbs":false,"_genesis_hide_singular_image":false,"_genesis_hide_footer_widgets":false,"_genesis_custom_body_class":"","_genesis_custom_post_class":"","_genesis_layout":""},"product_brand":[],"product_cat":[7132,7148,7158],"product_tag":[],"class_list":{"0":"post-38451","1":"product","2":"type-product","3":"status-publish","4":"has-post-thumbnail","6":"product_cat-books","7":"product_cat-history-geography-en","8":"product_cat-modern-and-contemporary-history-en","9":"pa_auteur-castaing-maurice-en","10":"pa_auteur-larigauderie-beijeaud-martine-en","11":"pa_editeur-maiade-en","12":"pa_langue-francais-en","13":"entry","15":"first","16":"instock","17":"shipping-taxable","18":"purchasable","19":"product-type-simple"},"acf":[],"_links":{"self":[{"href":"https:\/\/www.libraria-occitana.org\/en\/wp-json\/wp\/v2\/product\/38451","targetHints":{"allow":["GET"]}}],"collection":[{"href":"https:\/\/www.libraria-occitana.org\/en\/wp-json\/wp\/v2\/product"}],"about":[{"href":"https:\/\/www.libraria-occitana.org\/en\/wp-json\/wp\/v2\/types\/product"}],"wp:featuredmedia":[{"embeddable":true,"href":"https:\/\/www.libraria-occitana.org\/en\/wp-json\/wp\/v2\/media\/38448"}],"wp:attachment":[{"href":"https:\/\/www.libraria-occitana.org\/en\/wp-json\/wp\/v2\/media?parent=38451"}],"wp:term":[{"taxonomy":"product_brand","embeddable":true,"href":"https:\/\/www.libraria-occitana.org\/en\/wp-json\/wp\/v2\/product_brand?post=38451"},{"taxonomy":"product_cat","embeddable":true,"href":"https:\/\/www.libraria-occitana.org\/en\/wp-json\/wp\/v2\/product_cat?post=38451"},{"taxonomy":"product_tag","embeddable":true,"href":"https:\/\/www.libraria-occitana.org\/en\/wp-json\/wp\/v2\/product_tag?post=38451"}],"curies":[{"name":"wp","href":"https:\/\/api.w.org\/{rel}","templated":true}]}}

Le Maquis de Grammont : Saint-Sylvestre, un pays dans la guerre suivi de Vivre à Saint-Sylvestre au temps du Maquis

<p>1940 &#8211; La « zone libre » semble vivre une période de calme. Pourtant de petits groupes de résistance voient le jour en Limousin et les premiers maquis naissent fin 1942.</p>
<p>Maurice Castaing (1920-2009), retiré à Saint-Sylvestre, dans les monts d&#8217;Ambazac, a voulu redonner toute sa place au Maquis de Grammont dans l&#8217;histoire de la Résistance, en s&#8217;appuyant sur des documents, des écrits et des témoignages d&#8217;enfants de la guerre, dont les récits indépendants se recoupent.</p>
<p>Il a confié son manuscrit à l&#8217;historienne Martine Larigauderie-Beijeaud qui, grâce à des photos, à des documents privés inédits, ainsi qu&#8217;aux travaux d&#8217;enquête et souvenirs d&#8217;enfance de Marthe Moreau, a su le resituer dans le contexte de la vie quotidienne des campagnes limousines en ces temps troublés.</p>
<p>Les maquis, la milice, les restrictions, les victimes du 3 août, mais aussi l&#8217;accueil chaleureux des réfugiés : c&#8217;est une page méconnue de la Résistance qui nous est racontée ici.</p>

<p>1940 &#8211; La « zone libre » semble vivre une période de calme. Pourtant de petits groupes de résistance voient le jour en Limousin et les premiers maquis naissent fin 1942. Maurice Castaing (1920-2009), retiré à Saint-Sylvestre, dans les monts d&#8217;Ambazac, a voulu redonner toute sa place au Maquis de Grammont dans l&#8217;histoire de la Résistance, [&hellip;]</p>
