{"id":38511,"date":"2007-01-06T11:28:34","date_gmt":"2007-01-06T10:28:34","guid":{"rendered":"http:\/\/www.libraria-occitana.org\/product\/lo-brec-la-blanche-nef-poema\/"},"modified":"2026-04-26T23:46:26","modified_gmt":"2026-04-26T21:46:26","slug":"lo-brec-la-blanche-nef-poema","status":"publish","type":"product","link":"https:\/\/www.libraria-occitana.org\/en\/product\/lo-brec-la-blanche-nef-poema\/","title":{"rendered":"Lo Br\u00e8c &#8211; La Blanche Nef : Po\u00e8ma"},"content":{"rendered":"<p>Men\u00e9e par une blanche nef, <em>Lo Br\u00e8c<\/em> (l&#8217;\u00c9glantine), une flotte mystique se rassemble au large de Saint-Jacques-de-Compostelle pour livrer bataille de Vigo \u00e0 l&#8217;estuaire de la Gironde. Dans un ultime combat, elle va, plus au large, affronter les Tours mal\u00e9fiques \u2013 de verre et d&#8217;acier, elles ne refl\u00e8tent pas la lumi\u00e8re mais l&#8217;absorbent, plongeant le monde dans l&#8217;obscurit\u00e9 et la mis\u00e8re \u00ab arithm\u00e9tique\u00a0\u00bb \u2013 avant de partir vers le Nord, en qu\u00eate de l&#8217;ambre.<\/p>\n<p>\u00c9pop\u00e9e hors du temps, <em>Lo Br\u00e8c<\/em> est aussi une parabole \u00e9chevel\u00e9e sur notre monde, l&#8217;arrogance des puissants et le silence des peuples d&#8217;o\u00f9 naissent pourtant les r\u00e9voltes salvatrices. Il est enfin le testament po\u00e9tique longuement \u00e9labor\u00e9 de son auteur, disparu en juin 2005.<\/p>\n","protected":false},"excerpt":{"rendered":"<p>Men\u00e9e par une blanche nef, Lo Br\u00e8c (l&#8217;\u00c9glantine), une flotte mystique se rassemble au large de Saint-Jacques-de-Compostelle pour livrer bataille de Vigo \u00e0 l&#8217;estuaire de la Gironde. Dans un ultime combat, elle va, plus au large, affronter les Tours mal\u00e9fiques \u2013 de verre et d&#8217;acier, elles ne refl\u00e8tent pas la lumi\u00e8re mais l&#8217;absorbent, plongeant le [&hellip;]<\/p>\n","protected":false},"featured_media":38509,"template":"","meta":{"_acf_changed":false,"_genesis_hide_title":false,"_genesis_hide_breadcrumbs":false,"_genesis_hide_singular_image":false,"_genesis_hide_footer_widgets":false,"_genesis_custom_body_class":"","_genesis_custom_post_class":"","_genesis_layout":""},"product_brand":[],"product_cat":[7132,7174,7180,7238],"product_tag":[],"class_list":{"0":"post-38511","1":"product","2":"type-product","3":"status-publish","4":"has-post-thumbnail","6":"product_cat-books","7":"product_cat-literature-en","8":"product_cat-poetry-en","9":"product_cat-promotions-en","10":"pa_auteur-manciet-bernat-manciet-bernard-en","11":"pa_editeur-reclams-en","12":"pa_langue-occitan-gascon-en","13":"pa_langue-occitan-francais-en","14":"entry","16":"first","17":"instock","18":"shipping-taxable","19":"purchasable","20":"product-type-simple"},"acf":[],"_links":{"self":[{"href":"https:\/\/www.libraria-occitana.org\/en\/wp-json\/wp\/v2\/product\/38511","targetHints":{"allow":["GET"]}}],"collection":[{"href":"https:\/\/www.libraria-occitana.org\/en\/wp-json\/wp\/v2\/product"}],"about":[{"href":"https:\/\/www.libraria-occitana.org\/en\/wp-json\/wp\/v2\/types\/product"}],"wp:featuredmedia":[{"embeddable":true,"href":"https:\/\/www.libraria-occitana.org\/en\/wp-json\/wp\/v2\/media\/38509"}],"wp:attachment":[{"href":"https:\/\/www.libraria-occitana.org\/en\/wp-json\/wp\/v2\/media?parent=38511"}],"wp:term":[{"taxonomy":"product_brand","embeddable":true,"href":"https:\/\/www.libraria-occitana.org\/en\/wp-json\/wp\/v2\/product_brand?post=38511"},{"taxonomy":"product_cat","embeddable":true,"href":"https:\/\/www.libraria-occitana.org\/en\/wp-json\/wp\/v2\/product_cat?post=38511"},{"taxonomy":"product_tag","embeddable":true,"href":"https:\/\/www.libraria-occitana.org\/en\/wp-json\/wp\/v2\/product_tag?post=38511"}],"curies":[{"name":"wp","href":"https:\/\/api.w.org\/{rel}","templated":true}]}}

Lo Brèc &#8211; La Blanche Nef : Poèma

<p>Menée par une blanche nef, <em>Lo Brèc</em> (l&#8217;Églantine), une flotte mystique se rassemble au large de Saint-Jacques-de-Compostelle pour livrer bataille de Vigo à l&#8217;estuaire de la Gironde. Dans un ultime combat, elle va, plus au large, affronter les Tours maléfiques – de verre et d&#8217;acier, elles ne reflètent pas la lumière mais l&#8217;absorbent, plongeant le monde dans l&#8217;obscurité et la misère « arithmétique » – avant de partir vers le Nord, en quête de l&#8217;ambre.</p>
<p>Épopée hors du temps, <em>Lo Brèc</em> est aussi une parabole échevelée sur notre monde, l&#8217;arrogance des puissants et le silence des peuples d&#8217;où naissent pourtant les révoltes salvatrices. Il est enfin le testament poétique longuement élaboré de son auteur, disparu en juin 2005.</p>

<p>Menée par une blanche nef, Lo Brèc (l&#8217;Églantine), une flotte mystique se rassemble au large de Saint-Jacques-de-Compostelle pour livrer bataille de Vigo à l&#8217;estuaire de la Gironde. Dans un ultime combat, elle va, plus au large, affronter les Tours maléfiques – de verre et d&#8217;acier, elles ne reflètent pas la lumière mais l&#8217;absorbent, plongeant le [&hellip;]</p>
