{"id":42581,"date":"2016-08-03T17:10:23","date_gmt":"2016-08-03T15:10:23","guid":{"rendered":"http:\/\/www.libraria-occitana.org\/product\/bodega-en-viatge-2-cd\/"},"modified":"2026-04-29T02:31:09","modified_gmt":"2026-04-29T00:31:09","slug":"bodega-en-viatge-2-cd","status":"publish","type":"product","link":"https:\/\/www.libraria-occitana.org\/en\/product\/bodega-en-viatge-2-cd\/","title":{"rendered":"Bodega en viatge (2 CD)"},"content":{"rendered":"<p>\u00ab Apr\u00e8s la publication du double DVD <em>Bodega, buf de vida !<\/em>, j\u2019ai souhait\u00e9 aujourd\u2019hui partager les diff\u00e9rentes rencontres professionnelles et humaines qui m\u2019ont construites. Ainsi vous d\u00e9couvrirez au cours de ces deux CD mon travail au sein de formations telles que Montanha Negra, Rasim do\u00e7 (avec P\u00e8ire Boissi\u00e8re et Coco Le Meur), le Bal du Griffe (avec Laurent Audemard, Aimat Brees et Mat\u00e8u Vies), le Duo Nadalenc (avec Aimat Brees) ou encore Une Anche Passe comme aussi le reflet d\u2019un travail plus p\u00e9dagogique avec l\u2019Esc\u00f2la de Bodega ou Mar e Montanha.<\/p>\n<p>Vous y trouverez aussi l\u2019illustration du collectage de Carbonada (Lo\u00eds Mas) par Didier Olive comme quelques rares traces \u00e9crites sur l\u2019instrument \u00e0 travers les sonnets de Prosper Estiu dits par Claude Marti. Le voyage se concr\u00e9tisera \u00e0 travers les diff\u00e9rentes rencontres faites par la bodega et qui lui ont permis de d\u00e9couvrir d\u2019autres univers ou d\u2019autres cultures comme les fecas du carnaval de Limoux, la gaita galicienne ou la zampogna calabraise pour ne citer que celles-l\u00e0. Mais celui qui voyage part de chez lui et le r\u00e9pertoire propre de l\u2019instrument sera \u00e9voqu\u00e9 notamment dans un conte en lenga n\u00f2stra illustr\u00e9 musicalement.\u00a0\u00bb<\/p>\n<p>2 CD, 46 titres.<\/p>\n","protected":false},"excerpt":{"rendered":"<p>\u00ab Apr\u00e8s la publication du double DVD Bodega, buf de vida !, j\u2019ai souhait\u00e9 aujourd\u2019hui partager les diff\u00e9rentes rencontres professionnelles et humaines qui m\u2019ont construites. Ainsi vous d\u00e9couvrirez au cours de ces deux CD mon travail au sein de formations telles que Montanha Negra, Rasim do\u00e7 (avec P\u00e8ire Boissi\u00e8re et Coco Le Meur), le Bal [&hellip;]<\/p>\n","protected":false},"featured_media":42576,"template":"","meta":{"_acf_changed":false,"_genesis_hide_title":false,"_genesis_hide_breadcrumbs":false,"_genesis_hide_singular_image":false,"_genesis_hide_footer_widgets":false,"_genesis_custom_body_class":"","_genesis_custom_post_class":"","_genesis_layout":""},"product_brand":[],"product_cat":[7228,7216],"product_tag":[],"class_list":{"0":"post-42581","1":"product","2":"type-product","3":"status-publish","4":"has-post-thumbnail","6":"product_cat-modern-folk-en","7":"product_cat-music-en","8":"pa_auteur-jacques-sophie-en","9":"pa_editeur-coquina-mesclanha-latina-en","10":"pa_langue-occitan-en","11":"pa_langue-occitan-lengadocian-en","12":"entry","14":"first","15":"instock","16":"shipping-taxable","17":"purchasable","18":"product-type-simple"},"acf":[],"_links":{"self":[{"href":"https:\/\/www.libraria-occitana.org\/en\/wp-json\/wp\/v2\/product\/42581","targetHints":{"allow":["GET"]}}],"collection":[{"href":"https:\/\/www.libraria-occitana.org\/en\/wp-json\/wp\/v2\/product"}],"about":[{"href":"https:\/\/www.libraria-occitana.org\/en\/wp-json\/wp\/v2\/types\/product"}],"wp:featuredmedia":[{"embeddable":true,"href":"https:\/\/www.libraria-occitana.org\/en\/wp-json\/wp\/v2\/media\/42576"}],"wp:attachment":[{"href":"https:\/\/www.libraria-occitana.org\/en\/wp-json\/wp\/v2\/media?parent=42581"}],"wp:term":[{"taxonomy":"product_brand","embeddable":true,"href":"https:\/\/www.libraria-occitana.org\/en\/wp-json\/wp\/v2\/product_brand?post=42581"},{"taxonomy":"product_cat","embeddable":true,"href":"https:\/\/www.libraria-occitana.org\/en\/wp-json\/wp\/v2\/product_cat?post=42581"},{"taxonomy":"product_tag","embeddable":true,"href":"https:\/\/www.libraria-occitana.org\/en\/wp-json\/wp\/v2\/product_tag?post=42581"}],"curies":[{"name":"wp","href":"https:\/\/api.w.org\/{rel}","templated":true}]}}

<p>« Après la publication du double DVD <em>Bodega, buf de vida !</em>, j’ai souhaité aujourd’hui partager les différentes rencontres professionnelles et humaines qui m’ont construites. Ainsi vous découvrirez au cours de ces deux CD mon travail au sein de formations telles que Montanha Negra, Rasim doç (avec Pèire Boissière et Coco Le Meur), le Bal du Griffe (avec Laurent Audemard, Aimat Brees et Matèu Vies), le Duo Nadalenc (avec Aimat Brees) ou encore Une Anche Passe comme aussi le reflet d’un travail plus pédagogique avec l’Escòla de Bodega ou Mar e Montanha.</p>
<p>Vous y trouverez aussi l’illustration du collectage de Carbonada (Loís Mas) par Didier Olive comme quelques rares traces écrites sur l’instrument à travers les sonnets de Prosper Estiu dits par Claude Marti. Le voyage se concrétisera à travers les différentes rencontres faites par la bodega et qui lui ont permis de découvrir d’autres univers ou d’autres cultures comme les fecas du carnaval de Limoux, la gaita galicienne ou la zampogna calabraise pour ne citer que celles-là. Mais celui qui voyage part de chez lui et le répertoire propre de l’instrument sera évoqué notamment dans un conte en lenga nòstra illustré musicalement. »</p>
<p>2 CD, 46 titres.</p>

<p>« Après la publication du double DVD Bodega, buf de vida !, j’ai souhaité aujourd’hui partager les différentes rencontres professionnelles et humaines qui m’ont construites. Ainsi vous découvrirez au cours de ces deux CD mon travail au sein de formations telles que Montanha Negra, Rasim doç (avec Pèire Boissière et Coco Le Meur), le Bal [&hellip;]</p>
