{"id":42943,"date":"2014-02-25T20:09:35","date_gmt":"2014-02-25T19:09:35","guid":{"rendered":"http:\/\/www.libraria-occitana.org\/product\/troc-de-concert\/"},"modified":"2026-04-29T02:16:15","modified_gmt":"2026-04-29T00:16:15","slug":"troc-de-concert","status":"publish","type":"product","link":"https:\/\/www.libraria-occitana.org\/en\/product\/troc-de-concert\/","title":{"rendered":"Tr\u00f2\u00e7 de conc\u00e8rt"},"content":{"rendered":"<p>Philippe Vialard est n\u00e9 sur l&#8217;Aubrac, il revendique cette origine. L&#8217;occitan est une de ses langues maternelles. Toute sa famille le parle encore aujourd&#8217;hui.<br \/>\nIl fait ses \u00e9tudes musicales \u00e0 Paris. L\u00e0, il prend conscience de l&#8217;importance de la langue occitane pour ses racines. Il commence donc \u00e0 retrouver intacts dans sa m\u00e9moire des airs traditionnels de son enfance qu&#8217;il chante \u00e0 nouveau et arrange ; puis il en vient tout naturellement \u00e0 cr\u00e9er des chansons sur des textes d&#8217;auteurs contemporains.<br \/>\nIl a publi\u00e9 plusieurs albums et obtenu de nombreux prix chacun saluant son sens de la m\u00e9lodie et de l&#8217;adaptation de po\u00e8mes et textes en occitan.<\/p>\n<p>Cet album a \u00e9t\u00e9 enregistr\u00e9 en concert le 22 mars 2013 \u00e0 Clermont l&#8217;H\u00e9rault (34).<br \/>\nOn y retrouve des titres des albums pr\u00e9c\u00e9dents. Philippe est accompagn\u00e9 par ses musiciens habituels (Florence, Fran\u00e7ois-Xavier, J\u00e9r\u00f4me, S\u00e9bastien, Antoine). Un album <em>live<\/em> aux sonorit\u00e9s plus acoustiques avec quelques petites surprises&#8230;<\/p>\n<p><strong>Titres :<\/strong><br \/>\n1. Son davalats los gar\u00e7ons de la montanha 2&#8217;19<br \/>\n2. D&#8217;aigo \u00e8 de vin 3&#8217;37<br \/>\n3. Lagui 3&#8217;19<br \/>\n4. Catarina 2&#8217;42<br \/>\n5. La levr\u00e8ta 2&#8217;46<br \/>\n6. Somi de vent 3&#8217;22<br \/>\n7. Creit me jovent 2&#8217;51<br \/>\n8. Le buron 3&#8217;42<br \/>\n9. L&#8217;estaca 4&#8217;31<br \/>\n10. Paz sus la t\u00e8rra de mos aujols (Alaikimini salam) 4&#8217;33<br \/>\n11. Lo rivat\u00e8l 3&#8217;52<br \/>\n12. La Valentinon 4&#8217;52<\/p>\n<p>13. Titre bonus : A la v\u00e8rge de la montanha 4&#8217;26<\/p>\n","protected":false},"excerpt":{"rendered":"<p>Philippe Vialard est n\u00e9 sur l&#8217;Aubrac, il revendique cette origine. L&#8217;occitan est une de ses langues maternelles. Toute sa famille le parle encore aujourd&#8217;hui. Il fait ses \u00e9tudes musicales \u00e0 Paris. L\u00e0, il prend conscience de l&#8217;importance de la langue occitane pour ses racines. Il commence donc \u00e0 retrouver intacts dans sa m\u00e9moire des airs [&hellip;]<\/p>\n","protected":false},"featured_media":42938,"template":"","meta":{"_acf_changed":false,"_genesis_hide_title":false,"_genesis_hide_breadcrumbs":false,"_genesis_hide_singular_image":false,"_genesis_hide_footer_widgets":false,"_genesis_custom_body_class":"","_genesis_custom_post_class":"","_genesis_layout":""},"product_brand":[],"product_cat":[7216,7218],"product_tag":[],"class_list":{"0":"post-42943","1":"product","2":"type-product","3":"status-publish","4":"has-post-thumbnail","6":"product_cat-music-en","7":"product_cat-voice-en","8":"pa_auteur-vialard-philippe-en","9":"pa_editeur-philippe-vialard-en","10":"pa_langue-autras-lingas-en","11":"pa_langue-francais-en","12":"pa_langue-occitan-en","13":"pa_langue-occitan-lengadocian-en","14":"entry","16":"first","17":"outofstock","18":"shipping-taxable","19":"purchasable","20":"product-type-simple"},"acf":[],"_links":{"self":[{"href":"https:\/\/www.libraria-occitana.org\/en\/wp-json\/wp\/v2\/product\/42943","targetHints":{"allow":["GET"]}}],"collection":[{"href":"https:\/\/www.libraria-occitana.org\/en\/wp-json\/wp\/v2\/product"}],"about":[{"href":"https:\/\/www.libraria-occitana.org\/en\/wp-json\/wp\/v2\/types\/product"}],"wp:featuredmedia":[{"embeddable":true,"href":"https:\/\/www.libraria-occitana.org\/en\/wp-json\/wp\/v2\/media\/42938"}],"wp:attachment":[{"href":"https:\/\/www.libraria-occitana.org\/en\/wp-json\/wp\/v2\/media?parent=42943"}],"wp:term":[{"taxonomy":"product_brand","embeddable":true,"href":"https:\/\/www.libraria-occitana.org\/en\/wp-json\/wp\/v2\/product_brand?post=42943"},{"taxonomy":"product_cat","embeddable":true,"href":"https:\/\/www.libraria-occitana.org\/en\/wp-json\/wp\/v2\/product_cat?post=42943"},{"taxonomy":"product_tag","embeddable":true,"href":"https:\/\/www.libraria-occitana.org\/en\/wp-json\/wp\/v2\/product_tag?post=42943"}],"curies":[{"name":"wp","href":"https:\/\/api.w.org\/{rel}","templated":true}]}}

Tròç de concèrt

<p>Philippe Vialard est né sur l&#8217;Aubrac, il revendique cette origine. L&#8217;occitan est une de ses langues maternelles. Toute sa famille le parle encore aujourd&#8217;hui.<br />
Il fait ses études musicales à Paris. Là, il prend conscience de l&#8217;importance de la langue occitane pour ses racines. Il commence donc à retrouver intacts dans sa mémoire des airs traditionnels de son enfance qu&#8217;il chante à nouveau et arrange ; puis il en vient tout naturellement à créer des chansons sur des textes d&#8217;auteurs contemporains.<br />
Il a publié plusieurs albums et obtenu de nombreux prix chacun saluant son sens de la mélodie et de l&#8217;adaptation de poèmes et textes en occitan.</p>
<p>Cet album a été enregistré en concert le 22 mars 2013 à Clermont l&#8217;Hérault (34).<br />
On y retrouve des titres des albums précédents. Philippe est accompagné par ses musiciens habituels (Florence, François-Xavier, Jérôme, Sébastien, Antoine). Un album <em>live</em> aux sonorités plus acoustiques avec quelques petites surprises&#8230;</p>
<p><strong>Titres :</strong><br />
1. Son davalats los garçons de la montanha 2&#8217;19<br />
2. D&#8217;aigo è de vin 3&#8217;37<br />
3. Lagui 3&#8217;19<br />
4. Catarina 2&#8217;42<br />
5. La levrèta 2&#8217;46<br />
6. Somi de vent 3&#8217;22<br />
7. Creit me jovent 2&#8217;51<br />
8. Le buron 3&#8217;42<br />
9. L&#8217;estaca 4&#8217;31<br />
10. Paz sus la tèrra de mos aujols (Alaikimini salam) 4&#8217;33<br />
11. Lo rivatèl 3&#8217;52<br />
12. La Valentinon 4&#8217;52</p>
<p>13. Titre bonus : A la vèrge de la montanha 4&#8217;26</p>

<p>Philippe Vialard est né sur l&#8217;Aubrac, il revendique cette origine. L&#8217;occitan est une de ses langues maternelles. Toute sa famille le parle encore aujourd&#8217;hui. Il fait ses études musicales à Paris. Là, il prend conscience de l&#8217;importance de la langue occitane pour ses racines. Il commence donc à retrouver intacts dans sa mémoire des airs [&hellip;]</p>
