{"id":43030,"date":"1990-09-27T17:23:37","date_gmt":"1990-09-27T15:23:37","guid":{"rendered":"http:\/\/www.libraria-occitana.org\/?post_type=product&#038;p=43030"},"modified":"2026-04-29T03:27:00","modified_gmt":"2026-04-29T01:27:00","slug":"contes-de-gasconha-darrera-garba","status":"publish","type":"product","link":"https:\/\/www.libraria-occitana.org\/en\/product\/contes-de-gasconha-darrera-garba\/","title":{"rendered":"Contes de Gasconha Darr\u00e8ra garba"},"content":{"rendered":"<p>Avec cette derni\u00e8re \u00ab gerbe \u00bb s&#8217;ach\u00e8vent les <em>Contes de Gascogne<\/em> recueillis par Jean-Fran\u00e7ois Blad\u00e8r. Apr\u00e8s les deux volumes \u00ab s\u00e9rieux \u00bb consacr\u00e9s aux grandes traditions \u00e9piques et religieuses du pays gascon, nous avons ici d&#8217;autres aventures plus souriantes avec les <em>p\u00e8cs<\/em> (les sots) et les <em>avisats<\/em> (les malins), les b\u00eates qui parlent ainsi que toutes les histoires moqueuses qui enchantaient les veill\u00e9es d&#8217;autrefois.<br \/>\nIl faut rendre hommage au grand Lectourais que fut Jean-Fran\u00e7ois Blad\u00e8r, anc\u00eatre et premier ma\u00eetre des \u00e9tudes ethnographiques de Gascogne qui \u00e9difia, pour l&#8217;honneur de notre pays, ce monument que sont ses <em>Contes de Gascogne<\/em>.<\/p>\n<p><em><a href=\"http:\/\/www.libraria-occitana.org\/produit\/contes-de-gasconha-prumera-garba-contes-epics\/\">Contes de Gasconha Prum\u00e8ra garba (Contes epics)<\/a><br \/>\n<a href=\"http:\/\/www.libraria-occitana.org\/produit\/contes-de-gasconha-segonda-garba\/\">Contes de Gasconha Segonda garba<\/a><\/em><\/p>\n","protected":false},"excerpt":{"rendered":"<p>Avec cette derni\u00e8re \u00ab gerbe \u00bb s&#8217;ach\u00e8vent les Contes de Gascogne recueillis par Jean-Fran\u00e7ois Blad\u00e8r. Apr\u00e8s les deux volumes \u00ab s\u00e9rieux \u00bb consacr\u00e9s aux grandes traditions \u00e9piques et religieuses du pays gascon, nous avons ici d&#8217;autres aventures plus souriantes avec les p\u00e8cs (les sots) et les avisats (les malins), les b\u00eates qui parlent ainsi que [&hellip;]<\/p>\n","protected":false},"featured_media":43033,"template":"","meta":{"_acf_changed":false,"_genesis_hide_title":false,"_genesis_hide_breadcrumbs":false,"_genesis_hide_singular_image":false,"_genesis_hide_footer_widgets":false,"_genesis_custom_body_class":"","_genesis_custom_post_class":"","_genesis_layout":""},"product_brand":[],"product_cat":[7132,7174,7176],"product_tag":[],"class_list":{"0":"post-43030","1":"product","2":"type-product","3":"status-publish","4":"has-post-thumbnail","6":"product_cat-books","7":"product_cat-literature-en","8":"product_cat-tales-fables-en","9":"pa_auteur-blader-joan-frances-en","10":"pa_editeur-ieo-fr-en","11":"pa_langue-occitan-en","12":"pa_langue-occitan-gascon-en","13":"entry","15":"first","16":"instock","17":"shipping-taxable","18":"purchasable","19":"product-type-simple"},"acf":[],"_links":{"self":[{"href":"https:\/\/www.libraria-occitana.org\/en\/wp-json\/wp\/v2\/product\/43030","targetHints":{"allow":["GET"]}}],"collection":[{"href":"https:\/\/www.libraria-occitana.org\/en\/wp-json\/wp\/v2\/product"}],"about":[{"href":"https:\/\/www.libraria-occitana.org\/en\/wp-json\/wp\/v2\/types\/product"}],"wp:featuredmedia":[{"embeddable":true,"href":"https:\/\/www.libraria-occitana.org\/en\/wp-json\/wp\/v2\/media\/43033"}],"wp:attachment":[{"href":"https:\/\/www.libraria-occitana.org\/en\/wp-json\/wp\/v2\/media?parent=43030"}],"wp:term":[{"taxonomy":"product_brand","embeddable":true,"href":"https:\/\/www.libraria-occitana.org\/en\/wp-json\/wp\/v2\/product_brand?post=43030"},{"taxonomy":"product_cat","embeddable":true,"href":"https:\/\/www.libraria-occitana.org\/en\/wp-json\/wp\/v2\/product_cat?post=43030"},{"taxonomy":"product_tag","embeddable":true,"href":"https:\/\/www.libraria-occitana.org\/en\/wp-json\/wp\/v2\/product_tag?post=43030"}],"curies":[{"name":"wp","href":"https:\/\/api.w.org\/{rel}","templated":true}]}}

Contes de Gasconha Darrèra garba

<p>Avec cette dernière « gerbe » s&#8217;achèvent les <em>Contes de Gascogne</em> recueillis par Jean-François Bladèr. Après les deux volumes « sérieux » consacrés aux grandes traditions épiques et religieuses du pays gascon, nous avons ici d&#8217;autres aventures plus souriantes avec les <em>pècs</em> (les sots) et les <em>avisats</em> (les malins), les bêtes qui parlent ainsi que toutes les histoires moqueuses qui enchantaient les veillées d&#8217;autrefois.<br />
Il faut rendre hommage au grand Lectourais que fut Jean-François Bladèr, ancêtre et premier maître des études ethnographiques de Gascogne qui édifia, pour l&#8217;honneur de notre pays, ce monument que sont ses <em>Contes de Gascogne</em>.</p>
<p><em><a href="http://www.libraria-occitana.org/produit/contes-de-gasconha-prumera-garba-contes-epics/">Contes de Gasconha Prumèra garba (Contes epics)</a><br />
<a href="http://www.libraria-occitana.org/produit/contes-de-gasconha-segonda-garba/">Contes de Gasconha Segonda garba</a></em></p>

<p>Avec cette dernière « gerbe » s&#8217;achèvent les Contes de Gascogne recueillis par Jean-François Bladèr. Après les deux volumes « sérieux » consacrés aux grandes traditions épiques et religieuses du pays gascon, nous avons ici d&#8217;autres aventures plus souriantes avec les pècs (les sots) et les avisats (les malins), les bêtes qui parlent ainsi que [&hellip;]</p>
