{"id":43446,"date":"2026-08-31T16:41:42","date_gmt":"2026-08-31T14:41:42","guid":{"rendered":"http:\/\/www.libraria-occitana.org\/?post_type=product&#038;p=43446"},"modified":"2026-08-31T16:42:02","modified_gmt":"2026-08-31T14:42:02","slug":"fables-et-poesies-francaises-et-provencales-tome-2-edition-bilingue","status":"publish","type":"product","link":"https:\/\/www.libraria-occitana.org\/en\/product\/fables-et-poesies-francaises-et-provencales-tome-2-edition-bilingue\/","title":{"rendered":"FABLES ET POESIES &#8211; FRANCAISES ET PROVENCALES TOME 2 &#8211; EDITION BILINGUE"},"content":{"rendered":"<p style=\"margin:0;\"><span style=\"font-family:'Times New Roman';font-size:12pt;\">Fables et Po\u00e9sies : Fran\u00e7aises et proven\u00e7ales <wbr>(Tome 2)<\/p>\n<p>Autor : Fabre, Jean Henri<br \/>Traductor : L&#8217;auc\u00e8u libre<br \/>Linga : Occitan <wbr>(proven\u00e7au) &#8211; franc\u00e9s<br \/>Parucion : 05\/2018<br \/>Editor : L&#8217;auc\u00e8u libre<br \/>Nb de pajas : 100<br \/>Format : 10 x 17,5 cm<br \/>P\u00e9s : 98 g<br \/>EAN 13 : 9782952053068<br \/><\/span><\/p>\n","protected":false},"excerpt":{"rendered":"<p>Fables et Po\u00e9sies : Fran\u00e7aises et proven\u00e7ales (Tome 2) Autor : Fabre, Jean HenriTraductor : L&#8217;auc\u00e8u libreLinga : Occitan (proven\u00e7au) &#8211; franc\u00e9sParucion : 05\/2018Editor : L&#8217;auc\u00e8u libreNb de pajas : 100Format : 10 x 17,5 cmP\u00e9s : 98 gEAN 13 : 9782952053068<\/p>\n","protected":false},"featured_media":0,"template":"","meta":{"_acf_changed":false,"_genesis_hide_title":false,"_genesis_hide_breadcrumbs":false,"_genesis_hide_singular_image":false,"_genesis_hide_footer_widgets":false,"_genesis_custom_body_class":"","_genesis_custom_post_class":"","_genesis_layout":""},"product_brand":[],"product_cat":[7132,7174,16135,7180],"product_tag":[],"class_list":["post-43446","product","type-product","status-publish","product_cat-books","product_cat-literature-en","product_cat-non-classe-en","product_cat-poetry-en","pa_auteur-fabre-jean-henri-en","pa_auteurs-fabre-martin-granel","pa_editeur-lauceu-libre-en","pa_illustrateur-martin-granel-vincent-en","pa_langue-occitan-provencau-en","pa_langue-occitan-francais-en","entry","has-post-thumbnail","first","instock","purchasable","product-type-simple"],"acf":[],"_links":{"self":[{"href":"https:\/\/www.libraria-occitana.org\/en\/wp-json\/wp\/v2\/product\/43446","targetHints":{"allow":["GET"]}}],"collection":[{"href":"https:\/\/www.libraria-occitana.org\/en\/wp-json\/wp\/v2\/product"}],"about":[{"href":"https:\/\/www.libraria-occitana.org\/en\/wp-json\/wp\/v2\/types\/product"}],"wp:attachment":[{"href":"https:\/\/www.libraria-occitana.org\/en\/wp-json\/wp\/v2\/media?parent=43446"}],"wp:term":[{"taxonomy":"product_brand","embeddable":true,"href":"https:\/\/www.libraria-occitana.org\/en\/wp-json\/wp\/v2\/product_brand?post=43446"},{"taxonomy":"product_cat","embeddable":true,"href":"https:\/\/www.libraria-occitana.org\/en\/wp-json\/wp\/v2\/product_cat?post=43446"},{"taxonomy":"product_tag","embeddable":true,"href":"https:\/\/www.libraria-occitana.org\/en\/wp-json\/wp\/v2\/product_tag?post=43446"}],"curies":[{"name":"wp","href":"https:\/\/api.w.org\/{rel}","templated":true}]}}

<p style="margin:0;"><span style="font-family:'Times New Roman';font-size:12pt;">Fables et Poésies : Françaises et provençales <wbr>(Tome 2)</p>
<p>Autor : Fabre, Jean Henri<br />Traductor : L&#8217;aucèu libre<br />Linga : Occitan <wbr>(provençau) &#8211; francés<br />Parucion : 05/2018<br />Editor : L&#8217;aucèu libre<br />Nb de pajas : 100<br />Format : 10 x 17,5 cm<br />Pés : 98 g<br />EAN 13 : 9782952053068<br /></span></p>

<p>Fables et Poésies : Françaises et provençales (Tome 2) Autor : Fabre, Jean HenriTraductor : L&#8217;aucèu libreLinga : Occitan (provençau) &#8211; francésParucion : 05/2018Editor : L&#8217;aucèu libreNb de pajas : 100Format : 10 x 17,5 cmPés : 98 gEAN 13 : 9782952053068</p>
