{"id":43529,"date":"2009-09-18T14:51:01","date_gmt":"2009-09-18T12:51:01","guid":{"rendered":"http:\/\/www.libraria-occitana.org\/?post_type=product&#038;p=43529"},"modified":"2026-04-26T01:21:09","modified_gmt":"2026-04-25T23:21:09","slug":"lou-camin-de-la-crous-di-gardian-le-chemin-de-la-croix-des-gardians","status":"publish","type":"product","link":"https:\/\/www.libraria-occitana.org\/en\/product\/lou-camin-de-la-crous-di-gardian-le-chemin-de-la-croix-des-gardians\/","title":{"rendered":"Lou Camin de la Crous di Gardian &#8211; Le Chemin de la Croix des Gardians"},"content":{"rendered":"<p>En proven\u00e7al graphie mistralienne avec la traduction fran\u00e7aise en regard.<\/p>\n<p>Voici rassembl\u00e9s ici les po\u00e8mes que le grand po\u00e8te proven\u00e7al a consacr\u00e9s aux gardians, dans une belle \u00e9dition pr\u00e9par\u00e9e par Claude Mauron.<br \/>\nIndispensable aux amoureux de la Camargue, aux admirateurs de l\u2019incomparable po\u00e8te que publia Jos\u00e9 Corti, comme \u00e0 toutes celles et ceux qui, ne le connaissant pas encore, veulent le d\u00e9couvrir.<\/p>\n","protected":false},"excerpt":{"rendered":"<p>En proven\u00e7al graphie mistralienne avec la traduction fran\u00e7aise en regard. Voici rassembl\u00e9s ici les po\u00e8mes que le grand po\u00e8te proven\u00e7al a consacr\u00e9s aux gardians, dans une belle \u00e9dition pr\u00e9par\u00e9e par Claude Mauron. Indispensable aux amoureux de la Camargue, aux admirateurs de l\u2019incomparable po\u00e8te que publia Jos\u00e9 Corti, comme \u00e0 toutes celles et ceux qui, ne [&hellip;]<\/p>\n","protected":false},"featured_media":52393,"template":"","meta":{"_acf_changed":false,"_genesis_hide_title":false,"_genesis_hide_breadcrumbs":false,"_genesis_hide_singular_image":false,"_genesis_hide_footer_widgets":false,"_genesis_custom_body_class":"","_genesis_custom_post_class":"","_genesis_layout":""},"product_brand":[],"product_cat":[7132,7174,7180],"product_tag":[],"class_list":{"0":"post-43529","1":"product","2":"type-product","3":"status-publish","4":"has-post-thumbnail","6":"product_cat-books","7":"product_cat-literature-en","8":"product_cat-poetry-en","9":"pa_auteur-delavouet-mas-felipe-en","10":"pa_editeur-lauceu-libre-en","11":"pa_illustrateur-mauron-claude-en","12":"pa_langue-occitan-provencau-en","13":"pa_langue-occitan-francais-en","14":"entry","16":"first","17":"outofstock","18":"shipping-taxable","19":"purchasable","20":"product-type-simple"},"acf":[],"_links":{"self":[{"href":"https:\/\/www.libraria-occitana.org\/en\/wp-json\/wp\/v2\/product\/43529","targetHints":{"allow":["GET"]}}],"collection":[{"href":"https:\/\/www.libraria-occitana.org\/en\/wp-json\/wp\/v2\/product"}],"about":[{"href":"https:\/\/www.libraria-occitana.org\/en\/wp-json\/wp\/v2\/types\/product"}],"wp:featuredmedia":[{"embeddable":true,"href":"https:\/\/www.libraria-occitana.org\/en\/wp-json\/wp\/v2\/media\/52393"}],"wp:attachment":[{"href":"https:\/\/www.libraria-occitana.org\/en\/wp-json\/wp\/v2\/media?parent=43529"}],"wp:term":[{"taxonomy":"product_brand","embeddable":true,"href":"https:\/\/www.libraria-occitana.org\/en\/wp-json\/wp\/v2\/product_brand?post=43529"},{"taxonomy":"product_cat","embeddable":true,"href":"https:\/\/www.libraria-occitana.org\/en\/wp-json\/wp\/v2\/product_cat?post=43529"},{"taxonomy":"product_tag","embeddable":true,"href":"https:\/\/www.libraria-occitana.org\/en\/wp-json\/wp\/v2\/product_tag?post=43529"}],"curies":[{"name":"wp","href":"https:\/\/api.w.org\/{rel}","templated":true}]}}

<p>En provençal graphie mistralienne avec la traduction française en regard.</p>
<p>Voici rassemblés ici les poèmes que le grand poète provençal a consacrés aux gardians, dans une belle édition préparée par Claude Mauron.<br />
Indispensable aux amoureux de la Camargue, aux admirateurs de l’incomparable poète que publia José Corti, comme à toutes celles et ceux qui, ne le connaissant pas encore, veulent le découvrir.</p>

<p>En provençal graphie mistralienne avec la traduction française en regard. Voici rassemblés ici les poèmes que le grand poète provençal a consacrés aux gardians, dans une belle édition préparée par Claude Mauron. Indispensable aux amoureux de la Camargue, aux admirateurs de l’incomparable poète que publia José Corti, comme à toutes celles et ceux qui, ne [&hellip;]</p>
