{"id":43583,"date":"2014-05-18T16:27:55","date_gmt":"2014-05-18T14:27:55","guid":{"rendered":"http:\/\/www.libraria-occitana.org\/?post_type=product&#038;p=43583"},"modified":"2026-04-29T10:11:30","modified_gmt":"2026-04-29T08:11:30","slug":"flors-daus-sucs-la-litterature-ecrite-en-occitan-dans-le-nord-est-de-la-haute-loire-entre-1850-et-1950-morceaux-choisis","status":"publish","type":"product","link":"https:\/\/www.libraria-occitana.org\/en\/product\/flors-daus-sucs-la-litterature-ecrite-en-occitan-dans-le-nord-est-de-la-haute-loire-entre-1850-et-1950-morceaux-choisis\/","title":{"rendered":"Flors daus sucs : La litt\u00e9rature \u00e9crite en occitan dans le Nord-Est de la Haute-Loire entre 1850 et 1950. Morceaux choisis"},"content":{"rendered":"<p><em>Flors daus sucs<\/em> (\u00ab\u00a0Fleurs des sucs\u00a0\u00bb) est un floril\u00e8ge de po\u00e9sies et de textes en prose \u00e9crits en occitan vivaro-alpin entre le milieu du XIX<sup>e<\/sup> et le milieu du XX<sup>e<\/sup> si\u00e8cle dans le Nord-Est de la Haute-Loire, qui est le pays des sucs. Ce mot r\u00e9gional, utilis\u00e9 aussi bien \u00e0 l\u2019oral qu\u2019\u00e0 l\u2019\u00e9crit (c\u2019est le cas dans les textes ici pr\u00e9sent\u00e9s), d\u00e9signe les monticules volcaniques qui donnent un aspect si particulier au paysage de cette r\u00e9gion.<\/p>\n<p>Cet ouvrage, qui regroupe des textes de dix-huit auteurs, r\u00e9v\u00e8le la richesse de la production litt\u00e9raire en vers et en prose de cette \u00e9poque qui, gr\u00e2ce notamment au courant f\u00e9libr\u00e9en, fut particuli\u00e8rement faste.<\/p>\n<p>Les textes sont pr\u00e9sent\u00e9s dans la version originale de leur auteur et sont accompagn\u00e9s d\u2019une traduction en fran\u00e7ais et d\u2019une transcription en graphie occitane classique. Ils rev\u00eatent un int\u00e9r\u00eat sur le plan litt\u00e9raire et linguistique, mais aussi sur le plan ethnologique, car ils r\u00e9v\u00e8lent des conditions de vie et les aspirations des personnes de cette \u00e9poque dont beaucoup devaient aller chercher du travail dans le bassin st\u00e9phanois voisin.<\/p>\n","protected":false},"excerpt":{"rendered":"<p>Flors daus sucs (\u00ab\u00a0Fleurs des sucs\u00a0\u00bb) est un floril\u00e8ge de po\u00e9sies et de textes en prose \u00e9crits en occitan vivaro-alpin entre le milieu du XIXe et le milieu du XXe si\u00e8cle dans le Nord-Est de la Haute-Loire, qui est le pays des sucs. Ce mot r\u00e9gional, utilis\u00e9 aussi bien \u00e0 l\u2019oral qu\u2019\u00e0 l\u2019\u00e9crit (c\u2019est le [&hellip;]<\/p>\n","protected":false},"featured_media":43581,"template":"","meta":{"_acf_changed":false,"_genesis_hide_title":false,"_genesis_hide_breadcrumbs":false,"_genesis_hide_singular_image":false,"_genesis_hide_footer_widgets":false,"_genesis_custom_body_class":"","_genesis_custom_post_class":"","_genesis_layout":""},"product_brand":[],"product_cat":[7132,7174,7180,7176],"product_tag":[],"class_list":{"0":"post-43583","1":"product","2":"type-product","3":"status-publish","4":"has-post-thumbnail","6":"product_cat-books","7":"product_cat-literature-en","8":"product_cat-poetry-en","9":"product_cat-tales-fables-en","10":"pa_auteur-collectiu-en-2","11":"pa_auteur-martin-jean-baptiste-en","12":"pa_editeur-editions-emcc-en","13":"pa_langue-occitan-vivaroaupenc-en","14":"pa_langue-occitan-francais-en","15":"entry","17":"first","18":"outofstock","19":"shipping-taxable","20":"purchasable","21":"product-type-simple"},"acf":[],"_links":{"self":[{"href":"https:\/\/www.libraria-occitana.org\/en\/wp-json\/wp\/v2\/product\/43583","targetHints":{"allow":["GET"]}}],"collection":[{"href":"https:\/\/www.libraria-occitana.org\/en\/wp-json\/wp\/v2\/product"}],"about":[{"href":"https:\/\/www.libraria-occitana.org\/en\/wp-json\/wp\/v2\/types\/product"}],"wp:featuredmedia":[{"embeddable":true,"href":"https:\/\/www.libraria-occitana.org\/en\/wp-json\/wp\/v2\/media\/43581"}],"wp:attachment":[{"href":"https:\/\/www.libraria-occitana.org\/en\/wp-json\/wp\/v2\/media?parent=43583"}],"wp:term":[{"taxonomy":"product_brand","embeddable":true,"href":"https:\/\/www.libraria-occitana.org\/en\/wp-json\/wp\/v2\/product_brand?post=43583"},{"taxonomy":"product_cat","embeddable":true,"href":"https:\/\/www.libraria-occitana.org\/en\/wp-json\/wp\/v2\/product_cat?post=43583"},{"taxonomy":"product_tag","embeddable":true,"href":"https:\/\/www.libraria-occitana.org\/en\/wp-json\/wp\/v2\/product_tag?post=43583"}],"curies":[{"name":"wp","href":"https:\/\/api.w.org\/{rel}","templated":true}]}}

Flors daus sucs : La littérature écrite en occitan dans le Nord-Est de la Haute-Loire entre 1850 et 1950. Morceaux choisis

<p><em>Flors daus sucs</em> (« Fleurs des sucs ») est un florilège de poésies et de textes en prose écrits en occitan vivaro-alpin entre le milieu du XIX<sup>e</sup> et le milieu du XX<sup>e</sup> siècle dans le Nord-Est de la Haute-Loire, qui est le pays des sucs. Ce mot régional, utilisé aussi bien à l’oral qu’à l’écrit (c’est le cas dans les textes ici présentés), désigne les monticules volcaniques qui donnent un aspect si particulier au paysage de cette région.</p>
<p>Cet ouvrage, qui regroupe des textes de dix-huit auteurs, révèle la richesse de la production littéraire en vers et en prose de cette époque qui, grâce notamment au courant félibréen, fut particulièrement faste.</p>
<p>Les textes sont présentés dans la version originale de leur auteur et sont accompagnés d’une traduction en français et d’une transcription en graphie occitane classique. Ils revêtent un intérêt sur le plan littéraire et linguistique, mais aussi sur le plan ethnologique, car ils révèlent des conditions de vie et les aspirations des personnes de cette époque dont beaucoup devaient aller chercher du travail dans le bassin stéphanois voisin.</p>

<p>Flors daus sucs (« Fleurs des sucs ») est un florilège de poésies et de textes en prose écrits en occitan vivaro-alpin entre le milieu du XIXe et le milieu du XXe siècle dans le Nord-Est de la Haute-Loire, qui est le pays des sucs. Ce mot régional, utilisé aussi bien à l’oral qu’à l’écrit (c’est le [&hellip;]</p>
