{"id":44268,"date":"2018-11-23T14:49:02","date_gmt":"2018-11-23T13:49:02","guid":{"rendered":"http:\/\/www.libraria-occitana.org\/product\/contes-pebrats-e-salats-anthologie-du-conte-populaire-occitan-6\/"},"modified":"2026-04-29T01:16:36","modified_gmt":"2026-04-28T23:16:36","slug":"contes-pebrats-e-salats-anthologie-du-conte-populaire-occitan-6","status":"publish","type":"product","link":"https:\/\/www.libraria-occitana.org\/en\/product\/contes-pebrats-e-salats-anthologie-du-conte-populaire-occitan-6\/","title":{"rendered":"Contes pebrats e salats &#8211; Anthologie du conte populaire occitan 6"},"content":{"rendered":"<p>Curieusement on fait souvent appel \u00e0 des r\u00e9f\u00e9rences gustatives pour qualifier des r\u00e9cits \u00e9rotiques ou scatologiques,m\u00eame si quelquefois on les qualifie aussi de <em>contes calh\u00f2ls<\/em>, terme visuel, parfois chromatique. \u00c0 vous d\u2019en d\u00e9couvrir la raison en vous glissant entre les pages de ce nouveau recueil sp\u00e9cialement concoct\u00e9 par Daniel Loddo et l\u2019association CORDAE La Talvera.<br \/>\nMais attention : beaucoup \u00ab passan l&#8217;\u00f2sca \u00bb, d\u00e9passent les bonnes convenances, et ne doivent pas \u00eatre laiss\u00e9s \u00e0 la port\u00e9e de n&#8217;importe qui, notamment des enfants ou des oreilles trop sensibles. Ils ont \u00e9t\u00e9 collect\u00e9s entre 1979 et 2018 en langue occitane et sont pr\u00e9sent\u00e9s ici dans leur version originale, accompagn\u00e9s de commentaires et d&#8217;une traduction en fran\u00e7ais.<br \/>\nLa litt\u00e9rature licencieuse, \u00e9crite ou orale, bien que souvent d\u00e9daign\u00e9e par les chercheurs, est pr\u00e9sente depuis longtemps en Occitanie et d\u00e9j\u00e0 en leur temps les troubadours n&#8217;avaient pas manqu\u00e9 de s&#8217;y adonner. Mais ne dit-on pas qu&#8217;en occitan un tel humour passerait bien mieux ?<br \/>\nAlors faites comme les conteurs qui nous ont transmis ces contes, lisez-les, apprenez-les et racontez-les \u00e0 votre tour, mais en occitan de pr\u00e9f\u00e9rence&#8230;<\/p>\n","protected":false},"excerpt":{"rendered":"<p>Curieusement on fait souvent appel \u00e0 des r\u00e9f\u00e9rences gustatives pour qualifier des r\u00e9cits \u00e9rotiques ou scatologiques,m\u00eame si quelquefois on les qualifie aussi de contes calh\u00f2ls, terme visuel, parfois chromatique. \u00c0 vous d\u2019en d\u00e9couvrir la raison en vous glissant entre les pages de ce nouveau recueil sp\u00e9cialement concoct\u00e9 par Daniel Loddo et l\u2019association CORDAE La Talvera. [&hellip;]<\/p>\n","protected":false},"featured_media":44266,"template":"","meta":{"_acf_changed":false,"_genesis_hide_title":false,"_genesis_hide_breadcrumbs":false,"_genesis_hide_singular_image":false,"_genesis_hide_footer_widgets":false,"_genesis_custom_body_class":"","_genesis_custom_post_class":"","_genesis_layout":""},"product_brand":[],"product_cat":[7132,7174,7176],"product_tag":[],"class_list":{"0":"post-44268","1":"product","2":"type-product","3":"status-publish","4":"has-post-thumbnail","6":"product_cat-books","7":"product_cat-literature-en","8":"product_cat-tales-fables-en","9":"pa_auteur-loddo-daniel-en","10":"pa_editeur-cordae-la-talvera-en","11":"pa_langue-occitan-lengadocian-en","12":"pa_langue-occitan-francais-en","13":"entry","15":"first","16":"instock","17":"shipping-taxable","18":"purchasable","19":"product-type-simple"},"acf":[],"_links":{"self":[{"href":"https:\/\/www.libraria-occitana.org\/en\/wp-json\/wp\/v2\/product\/44268","targetHints":{"allow":["GET"]}}],"collection":[{"href":"https:\/\/www.libraria-occitana.org\/en\/wp-json\/wp\/v2\/product"}],"about":[{"href":"https:\/\/www.libraria-occitana.org\/en\/wp-json\/wp\/v2\/types\/product"}],"wp:featuredmedia":[{"embeddable":true,"href":"https:\/\/www.libraria-occitana.org\/en\/wp-json\/wp\/v2\/media\/44266"}],"wp:attachment":[{"href":"https:\/\/www.libraria-occitana.org\/en\/wp-json\/wp\/v2\/media?parent=44268"}],"wp:term":[{"taxonomy":"product_brand","embeddable":true,"href":"https:\/\/www.libraria-occitana.org\/en\/wp-json\/wp\/v2\/product_brand?post=44268"},{"taxonomy":"product_cat","embeddable":true,"href":"https:\/\/www.libraria-occitana.org\/en\/wp-json\/wp\/v2\/product_cat?post=44268"},{"taxonomy":"product_tag","embeddable":true,"href":"https:\/\/www.libraria-occitana.org\/en\/wp-json\/wp\/v2\/product_tag?post=44268"}],"curies":[{"name":"wp","href":"https:\/\/api.w.org\/{rel}","templated":true}]}}

<p>Curieusement on fait souvent appel à des références gustatives pour qualifier des récits érotiques ou scatologiques,même si quelquefois on les qualifie aussi de <em>contes calhòls</em>, terme visuel, parfois chromatique. À vous d’en découvrir la raison en vous glissant entre les pages de ce nouveau recueil spécialement concocté par Daniel Loddo et l’association CORDAE La Talvera.<br />
Mais attention : beaucoup « passan l&#8217;òsca », dépassent les bonnes convenances, et ne doivent pas être laissés à la portée de n&#8217;importe qui, notamment des enfants ou des oreilles trop sensibles. Ils ont été collectés entre 1979 et 2018 en langue occitane et sont présentés ici dans leur version originale, accompagnés de commentaires et d&#8217;une traduction en français.<br />
La littérature licencieuse, écrite ou orale, bien que souvent dédaignée par les chercheurs, est présente depuis longtemps en Occitanie et déjà en leur temps les troubadours n&#8217;avaient pas manqué de s&#8217;y adonner. Mais ne dit-on pas qu&#8217;en occitan un tel humour passerait bien mieux ?<br />
Alors faites comme les conteurs qui nous ont transmis ces contes, lisez-les, apprenez-les et racontez-les à votre tour, mais en occitan de préférence&#8230;</p>

<p>Curieusement on fait souvent appel à des références gustatives pour qualifier des récits érotiques ou scatologiques,même si quelquefois on les qualifie aussi de contes calhòls, terme visuel, parfois chromatique. À vous d’en découvrir la raison en vous glissant entre les pages de ce nouveau recueil spécialement concocté par Daniel Loddo et l’association CORDAE La Talvera. [&hellip;]</p>
