{"id":44712,"date":"1984-11-19T13:59:28","date_gmt":"1984-11-19T12:59:28","guid":{"rendered":"http:\/\/www.libraria-occitana.org\/?post_type=product&#038;p=44712"},"modified":"2026-04-29T06:06:32","modified_gmt":"2026-04-29T04:06:32","slug":"visages-de-mon-pays-2","status":"publish","type":"product","link":"https:\/\/www.libraria-occitana.org\/en\/product\/visages-de-mon-pays-2\/","title":{"rendered":"Visages de mon pays"},"content":{"rendered":"<p>Ce livre, centr\u00e9 sur la Catalogne fran\u00e7aise, rassemble des textes que Ludovic Mass\u00e9 (1900-1982) avait lui-m\u00eame projet\u00e9 de publier en volume dans les ann\u00e9es 1945-46. Ce projet ne put alors voir le jour.<\/p>\n<p>Le reprenant aujourd&#8217;hui, nous y adjoignons un texte de 1956 qui constitue une sorte de \u00ab testament \u00bb en la mati\u00e8re. Mais \u00e0 cette exception pr\u00e8s les pages r\u00e9unies ici sont contemporaines \u00e0 la fois de la p\u00e9riode la plus intense de cr\u00e9ation litt\u00e9raire de Mass\u00e9 \u2013 celle qui va du <em>Mas des Oubells<\/em> au <em>Vin pur<\/em> et aux premi\u00e8res esquisses des <em>Gr\u00e9goire<\/em> \u2013 et de l&#8217;\u00e9poque o\u00f9 il eut des contacts multiples avec les milieux de la \u00ab litt\u00e9rature prol\u00e9tarienne \u00bb.<\/p>\n<p>Quelque distance qu&#8217;il ait prise par rapport aux doctrines de cette derni\u00e8re, au moins y reconnaissait-il \u00ab des \u0153uvres marqu\u00e9es de fraternit\u00e9 et d&#8217;authenticit\u00e9, des t\u00e9moignages vivaces d&#8217;hommes probes et libres \u00bb. C&#8217;\u00e9tait l\u00e0 l&#8217;essentiel de son art po\u00e9tique : <em>Visages de mon pays<\/em>, enfin publi\u00e9, en t\u00e9moigne \u00e0 sa fa\u00e7on.<\/p>\n","protected":false},"excerpt":{"rendered":"<p>Ce livre, centr\u00e9 sur la Catalogne fran\u00e7aise, rassemble des textes que Ludovic Mass\u00e9 (1900-1982) avait lui-m\u00eame projet\u00e9 de publier en volume dans les ann\u00e9es 1945-46. Ce projet ne put alors voir le jour. Le reprenant aujourd&#8217;hui, nous y adjoignons un texte de 1956 qui constitue une sorte de \u00ab testament \u00bb en la mati\u00e8re. Mais [&hellip;]<\/p>\n","protected":false},"featured_media":44706,"template":"","meta":{"_acf_changed":false,"_genesis_hide_title":false,"_genesis_hide_breadcrumbs":false,"_genesis_hide_singular_image":false,"_genesis_hide_footer_widgets":false,"_genesis_custom_body_class":"","_genesis_custom_post_class":"","_genesis_layout":""},"product_brand":[],"product_cat":[7132,7174,7182],"product_tag":[],"class_list":{"0":"post-44712","1":"product","2":"type-product","3":"status-publish","4":"has-post-thumbnail","6":"product_cat-books","7":"product_cat-literature-en","8":"product_cat-novels-short-stories-en","9":"pa_auteur-masse-ludovic-en","10":"pa_editeur-plein-chant-en","11":"pa_langue-francais-en","12":"entry","14":"first","15":"outofstock","16":"shipping-taxable","17":"purchasable","18":"product-type-simple"},"acf":[],"_links":{"self":[{"href":"https:\/\/www.libraria-occitana.org\/en\/wp-json\/wp\/v2\/product\/44712","targetHints":{"allow":["GET"]}}],"collection":[{"href":"https:\/\/www.libraria-occitana.org\/en\/wp-json\/wp\/v2\/product"}],"about":[{"href":"https:\/\/www.libraria-occitana.org\/en\/wp-json\/wp\/v2\/types\/product"}],"wp:featuredmedia":[{"embeddable":true,"href":"https:\/\/www.libraria-occitana.org\/en\/wp-json\/wp\/v2\/media\/44706"}],"wp:attachment":[{"href":"https:\/\/www.libraria-occitana.org\/en\/wp-json\/wp\/v2\/media?parent=44712"}],"wp:term":[{"taxonomy":"product_brand","embeddable":true,"href":"https:\/\/www.libraria-occitana.org\/en\/wp-json\/wp\/v2\/product_brand?post=44712"},{"taxonomy":"product_cat","embeddable":true,"href":"https:\/\/www.libraria-occitana.org\/en\/wp-json\/wp\/v2\/product_cat?post=44712"},{"taxonomy":"product_tag","embeddable":true,"href":"https:\/\/www.libraria-occitana.org\/en\/wp-json\/wp\/v2\/product_tag?post=44712"}],"curies":[{"name":"wp","href":"https:\/\/api.w.org\/{rel}","templated":true}]}}

<p>Ce livre, centré sur la Catalogne française, rassemble des textes que Ludovic Massé (1900-1982) avait lui-même projeté de publier en volume dans les années 1945-46. Ce projet ne put alors voir le jour.</p>
<p>Le reprenant aujourd&#8217;hui, nous y adjoignons un texte de 1956 qui constitue une sorte de « testament » en la matière. Mais à cette exception près les pages réunies ici sont contemporaines à la fois de la période la plus intense de création littéraire de Massé – celle qui va du <em>Mas des Oubells</em> au <em>Vin pur</em> et aux premières esquisses des <em>Grégoire</em> – et de l&#8217;époque où il eut des contacts multiples avec les milieux de la « littérature prolétarienne ».</p>
<p>Quelque distance qu&#8217;il ait prise par rapport aux doctrines de cette dernière, au moins y reconnaissait-il « des œuvres marquées de fraternité et d&#8217;authenticité, des témoignages vivaces d&#8217;hommes probes et libres ». C&#8217;était là l&#8217;essentiel de son art poétique : <em>Visages de mon pays</em>, enfin publié, en témoigne à sa façon.</p>

<p>Ce livre, centré sur la Catalogne française, rassemble des textes que Ludovic Massé (1900-1982) avait lui-même projeté de publier en volume dans les années 1945-46. Ce projet ne put alors voir le jour. Le reprenant aujourd&#8217;hui, nous y adjoignons un texte de 1956 qui constitue une sorte de « testament » en la matière. Mais [&hellip;]</p>
