{"id":45338,"date":"2019-09-11T13:25:48","date_gmt":"2019-09-11T11:25:48","guid":{"rendered":"http:\/\/www.libraria-occitana.org\/product\/laventure-de-limprimerie-crauffon-et-du-journal-le-correzien-lemouzi-n222\/"},"modified":"2026-04-29T03:06:54","modified_gmt":"2026-04-29T01:06:54","slug":"laventure-de-limprimerie-crauffon-et-du-journal-le-correzien-lemouzi-n222","status":"publish","type":"product","link":"https:\/\/www.libraria-occitana.org\/en\/product\/laventure-de-limprimerie-crauffon-et-du-journal-le-correzien-lemouzi-n222\/","title":{"rendered":"L&#8217;aventure de l&#8217;imprimerie Crauffon et du journal Le Corr\u00e9zien \/ Lemouzi N\u00b0223"},"content":{"rendered":"<p>C&#8217;est \u00e0 la naissance de la presse corr\u00e9zienne que Gilles Quincy nous invite \u00e0 assister dans ce <em>Lemouzi<\/em> N\u00b0223 consacr\u00e9, dans son int\u00e9gralit\u00e9, \u00e0 une famille d&#8217;imprimeurs et de libraires, les Crauffon.<br \/>\nPourtant, \u00e0 la veille de la R\u00e9volution, dans ce Bas-Limousin profond\u00e9ment agricole, rien ne pr\u00e9destinait cette famille de la bourgeoisie rurale, bien enracin\u00e9e dans la paroisse de Curemonte, \u00e0 se consacrer au monde de l&#8217;imprimerie et de la presse.<\/p>\n","protected":false},"excerpt":{"rendered":"<p>C&#8217;est \u00e0 la naissance de la presse corr\u00e9zienne que Gilles Quincy nous invite \u00e0 assister dans ce Lemouzi N\u00b0223 consacr\u00e9, dans son int\u00e9gralit\u00e9, \u00e0 une famille d&#8217;imprimeurs et de libraires, les Crauffon. Pourtant, \u00e0 la veille de la R\u00e9volution, dans ce Bas-Limousin profond\u00e9ment agricole, rien ne pr\u00e9destinait cette famille de la bourgeoisie rurale, bien enracin\u00e9e [&hellip;]<\/p>\n","protected":false},"featured_media":45322,"template":"","meta":{"_acf_changed":false,"_genesis_hide_title":false,"_genesis_hide_breadcrumbs":false,"_genesis_hide_singular_image":false,"_genesis_hide_footer_widgets":false,"_genesis_custom_body_class":"","_genesis_custom_post_class":"","_genesis_layout":""},"product_brand":[],"product_cat":[7132,7148,7158],"product_tag":[],"class_list":{"0":"post-45338","1":"product","2":"type-product","3":"status-publish","4":"has-post-thumbnail","6":"product_cat-books","7":"product_cat-history-geography-en","8":"product_cat-modern-and-contemporary-history-en","9":"pa_auteur-quincy-gilles-en","10":"pa_editeur-lemouzi-en","11":"pa_langue-francais-en","12":"entry","14":"first","15":"instock","16":"shipping-taxable","17":"purchasable","18":"product-type-simple"},"acf":[],"_links":{"self":[{"href":"https:\/\/www.libraria-occitana.org\/en\/wp-json\/wp\/v2\/product\/45338","targetHints":{"allow":["GET"]}}],"collection":[{"href":"https:\/\/www.libraria-occitana.org\/en\/wp-json\/wp\/v2\/product"}],"about":[{"href":"https:\/\/www.libraria-occitana.org\/en\/wp-json\/wp\/v2\/types\/product"}],"wp:featuredmedia":[{"embeddable":true,"href":"https:\/\/www.libraria-occitana.org\/en\/wp-json\/wp\/v2\/media\/45322"}],"wp:attachment":[{"href":"https:\/\/www.libraria-occitana.org\/en\/wp-json\/wp\/v2\/media?parent=45338"}],"wp:term":[{"taxonomy":"product_brand","embeddable":true,"href":"https:\/\/www.libraria-occitana.org\/en\/wp-json\/wp\/v2\/product_brand?post=45338"},{"taxonomy":"product_cat","embeddable":true,"href":"https:\/\/www.libraria-occitana.org\/en\/wp-json\/wp\/v2\/product_cat?post=45338"},{"taxonomy":"product_tag","embeddable":true,"href":"https:\/\/www.libraria-occitana.org\/en\/wp-json\/wp\/v2\/product_tag?post=45338"}],"curies":[{"name":"wp","href":"https:\/\/api.w.org\/{rel}","templated":true}]}}

L&#8217;aventure de l&#8217;imprimerie Crauffon et du journal Le Corrézien / Lemouzi N°223

<p>C&#8217;est à la naissance de la presse corrézienne que Gilles Quincy nous invite à assister dans ce <em>Lemouzi</em> N°223 consacré, dans son intégralité, à une famille d&#8217;imprimeurs et de libraires, les Crauffon.<br />
Pourtant, à la veille de la Révolution, dans ce Bas-Limousin profondément agricole, rien ne prédestinait cette famille de la bourgeoisie rurale, bien enracinée dans la paroisse de Curemonte, à se consacrer au monde de l&#8217;imprimerie et de la presse.</p>

<p>C&#8217;est à la naissance de la presse corrézienne que Gilles Quincy nous invite à assister dans ce Lemouzi N°223 consacré, dans son intégralité, à une famille d&#8217;imprimeurs et de libraires, les Crauffon. Pourtant, à la veille de la Révolution, dans ce Bas-Limousin profondément agricole, rien ne prédestinait cette famille de la bourgeoisie rurale, bien enracinée [&hellip;]</p>
