{"id":45426,"date":"2018-07-30T20:10:06","date_gmt":"2018-07-30T18:10:06","guid":{"rendered":"http:\/\/www.libraria-occitana.org\/?post_type=product&#038;p=45426"},"modified":"2025-03-09T01:52:35","modified_gmt":"2025-03-09T00:52:35","slug":"souvenirs-de-guerre-et-de-captivite","status":"publish","type":"product","link":"https:\/\/www.libraria-occitana.org\/en\/product\/souvenirs-de-guerre-et-de-captivite\/","title":{"rendered":"Souvenirs de guerre et de captivit\u00e9"},"content":{"rendered":"<p>Le t\u00e9moignage de Jean Vinatier ne reste qu&#8217;un t\u00e9moignage mais il nous donne des \u00e9l\u00e9ments r\u00e9els sur l&#8217;\u00e9poque et les lieux : la &#8220;dr\u00f4le de guerre&#8221; comme le Stalag VI-B. Sa comparaison avec son pass\u00e9 \u00e0 Veix ou en Corr\u00e8ze nous est \u00e9videmment pr\u00e9cieuse. Ainsi, son t\u00e9moignage prend toute sa place dans la m\u00e9moire collective de cette \u00e9poque m\u00eame s&#8217;il n&#8217;a pas la pr\u00e9tention de tout nous dire sur cette p\u00e9riode.<\/p>\n","protected":false},"excerpt":{"rendered":"<p>Le t\u00e9moignage de Jean Vinatier ne reste qu&#8217;un t\u00e9moignage mais il nous donne des \u00e9l\u00e9ments r\u00e9els sur l&#8217;\u00e9poque et les lieux : la &#8220;dr\u00f4le de guerre&#8221; comme le Stalag VI-B. Sa comparaison avec son pass\u00e9 \u00e0 Veix ou en Corr\u00e8ze nous est \u00e9videmment pr\u00e9cieuse. Ainsi, son t\u00e9moignage prend toute sa place dans la m\u00e9moire collective [&hellip;]<\/p>\n","protected":false},"featured_media":45430,"template":"","meta":{"_acf_changed":false,"_genesis_hide_title":false,"_genesis_hide_breadcrumbs":false,"_genesis_hide_singular_image":false,"_genesis_hide_footer_widgets":false,"_genesis_custom_body_class":"","_genesis_custom_post_class":"","_genesis_layout":""},"product_brand":[],"product_cat":[],"product_tag":[],"class_list":{"0":"post-45426","1":"product","2":"type-product","3":"status-publish","4":"has-post-thumbnail","6":"pa_auteur-vinatier-jean-en","7":"pa_editeur-lesperluette-en","8":"pa_langue-francais-en","9":"entry","11":"first","12":"outofstock","13":"shipping-taxable","14":"purchasable","15":"product-type-simple"},"acf":[],"_links":{"self":[{"href":"https:\/\/www.libraria-occitana.org\/en\/wp-json\/wp\/v2\/product\/45426","targetHints":{"allow":["GET"]}}],"collection":[{"href":"https:\/\/www.libraria-occitana.org\/en\/wp-json\/wp\/v2\/product"}],"about":[{"href":"https:\/\/www.libraria-occitana.org\/en\/wp-json\/wp\/v2\/types\/product"}],"wp:featuredmedia":[{"embeddable":true,"href":"https:\/\/www.libraria-occitana.org\/en\/wp-json\/wp\/v2\/media\/45430"}],"wp:attachment":[{"href":"https:\/\/www.libraria-occitana.org\/en\/wp-json\/wp\/v2\/media?parent=45426"}],"wp:term":[{"taxonomy":"product_brand","embeddable":true,"href":"https:\/\/www.libraria-occitana.org\/en\/wp-json\/wp\/v2\/product_brand?post=45426"},{"taxonomy":"product_cat","embeddable":true,"href":"https:\/\/www.libraria-occitana.org\/en\/wp-json\/wp\/v2\/product_cat?post=45426"},{"taxonomy":"product_tag","embeddable":true,"href":"https:\/\/www.libraria-occitana.org\/en\/wp-json\/wp\/v2\/product_tag?post=45426"}],"curies":[{"name":"wp","href":"https:\/\/api.w.org\/{rel}","templated":true}]}}

Souvenirs de guerre et de captivité

<p>Le témoignage de Jean Vinatier ne reste qu&#8217;un témoignage mais il nous donne des éléments réels sur l&#8217;époque et les lieux : la &#8220;drôle de guerre&#8221; comme le Stalag VI-B. Sa comparaison avec son passé à Veix ou en Corrèze nous est évidemment précieuse. Ainsi, son témoignage prend toute sa place dans la mémoire collective de cette époque même s&#8217;il n&#8217;a pas la prétention de tout nous dire sur cette période.</p>

<p>Le témoignage de Jean Vinatier ne reste qu&#8217;un témoignage mais il nous donne des éléments réels sur l&#8217;époque et les lieux : la &#8220;drôle de guerre&#8221; comme le Stalag VI-B. Sa comparaison avec son passé à Veix ou en Corrèze nous est évidemment précieuse. Ainsi, son témoignage prend toute sa place dans la mémoire collective [&hellip;]</p>
