{"id":45974,"date":"2017-07-02T19:21:05","date_gmt":"2017-07-02T17:21:05","guid":{"rendered":"http:\/\/www.libraria-occitana.org\/product\/jeantou-le-macon-creusois\/"},"modified":"2026-04-27T22:11:15","modified_gmt":"2026-04-27T20:11:15","slug":"jeantou-le-macon-creusois","status":"publish","type":"product","link":"https:\/\/www.libraria-occitana.org\/en\/product\/jeantou-le-macon-creusois\/","title":{"rendered":"Jeantou, le ma\u00e7on creusois"},"content":{"rendered":"<p>1830 dans la Creuse. Les paysans survivent laborieusement entre hivers rudes et menaces de famine qui obligent les hommes \u00e0 \u00e9migrer vers Paris. En attendant son p\u00e8re absent pour de longs mois, Jean Blanchon, dit Jeantou, d\u00e9couvre le plaisir des \u00e9tudes. Mais bient\u00f4t vient son tour de partir, laissant derri\u00e8re lui famille, amis et le pays qu&#8217;il aime&#8230; En s&#8217;inspirant des r\u00e9cits de son p\u00e8re et de son grand-p\u00e8re, Georges Nigremont nous raconte ici combien fut p\u00e9nible la vie d&#8217;innombrables Creusois tout au long du XIXe si\u00e8cle : p\u00e9rilleux voyages \u00e0 pied lors des campagnes, vie mis\u00e9rable dans la promiscuit\u00e9 des garnis, hantise de la maladie ou de l&#8217;accident sur les chantiers, disputes entre clans, salaires pr\u00e9caires&#8230;<\/p>\n<p><em>Le moment de partir pour ma premi\u00e8re campagne \u00e9tait venu. Durant tout l&#8217;hiver, mon p\u00e8re avait remu\u00e9 dans sa t\u00eate cette question : m&#8217;emm\u00e8nerait-il avec lui \u00e0 Paris, \u00ab aux ma\u00e7ons \u00bb ?<\/em><em>Ou bien irais-je \u00e0 Nevers, \u00ab aux tuiliers \u00bb ?<br \/>\n<\/em><em>&#8211; Bien s\u00fbr \u00e0 Paris, j&#8217;aurais l&#8217;\u0153il sur lui, disait-il \u00e0 ma m\u00e8re en me regardant&#8230; Mais il faudra tout de suite monter \u00e0 l&#8217;\u00e9chelle&#8230; l&#8217;auge est lourde, on ne m\u00e9nage pas les gar\u00e7ons qui servent les ma\u00e7ons !<br \/>\n<\/em><em>&#8211; Eh bien ! Envoie-le aux tuiliers, g\u00e9missait ma m\u00e8re&#8230;<\/em><\/p>\n<p>Voici, tout juste 80 ans, Jeantou, le ma\u00e7on creusois recevait, au lendemain de sa publication, le Prix jeunesse. Le roman n&#8217;a pas pris une seule ride. Il invite aujourd&#8217;hui encore les Creusois \u00e0 renouer avec leurs racines et avec leur histoire. Il nous parle, avec les mots de la litt\u00e9rature classique, de la vraie vie dans les ann\u00e9es 1830, du quotidien dans les villages de la Creuse et sur les chantiers des villes. Jeantou le petit gar\u00e7on, avide d&#8217;apprendre et de r\u00e9ussir par le travail, est devenu le temps du roman de Georges Nigremont, un homme. Sa le\u00e7on de vie a pris une dimension universelle. Elle nous interpelle comme jamais.<\/p>\n","protected":false},"excerpt":{"rendered":"<p>1830 dans la Creuse. Les paysans survivent laborieusement entre hivers rudes et menaces de famine qui obligent les hommes \u00e0 \u00e9migrer vers Paris. En attendant son p\u00e8re absent pour de longs mois, Jean Blanchon, dit Jeantou, d\u00e9couvre le plaisir des \u00e9tudes. Mais bient\u00f4t vient son tour de partir, laissant derri\u00e8re lui famille, amis et le [&hellip;]<\/p>\n","protected":false},"featured_media":45252,"template":"","meta":{"_acf_changed":false,"_genesis_hide_title":false,"_genesis_hide_breadcrumbs":false,"_genesis_hide_singular_image":false,"_genesis_hide_footer_widgets":false,"_genesis_custom_body_class":"","_genesis_custom_post_class":"","_genesis_layout":""},"product_brand":[],"product_cat":[],"product_tag":[],"class_list":{"0":"post-45974","1":"product","2":"type-product","3":"status-publish","4":"has-post-thumbnail","6":"pa_auteur-nigremont-georges-en","7":"pa_editeur-de-boree-en","8":"pa_langue-francais-en","9":"entry","11":"first","12":"outofstock","13":"shipping-taxable","14":"purchasable","15":"product-type-simple"},"acf":[],"_links":{"self":[{"href":"https:\/\/www.libraria-occitana.org\/en\/wp-json\/wp\/v2\/product\/45974","targetHints":{"allow":["GET"]}}],"collection":[{"href":"https:\/\/www.libraria-occitana.org\/en\/wp-json\/wp\/v2\/product"}],"about":[{"href":"https:\/\/www.libraria-occitana.org\/en\/wp-json\/wp\/v2\/types\/product"}],"wp:featuredmedia":[{"embeddable":true,"href":"https:\/\/www.libraria-occitana.org\/en\/wp-json\/wp\/v2\/media\/45252"}],"wp:attachment":[{"href":"https:\/\/www.libraria-occitana.org\/en\/wp-json\/wp\/v2\/media?parent=45974"}],"wp:term":[{"taxonomy":"product_brand","embeddable":true,"href":"https:\/\/www.libraria-occitana.org\/en\/wp-json\/wp\/v2\/product_brand?post=45974"},{"taxonomy":"product_cat","embeddable":true,"href":"https:\/\/www.libraria-occitana.org\/en\/wp-json\/wp\/v2\/product_cat?post=45974"},{"taxonomy":"product_tag","embeddable":true,"href":"https:\/\/www.libraria-occitana.org\/en\/wp-json\/wp\/v2\/product_tag?post=45974"}],"curies":[{"name":"wp","href":"https:\/\/api.w.org\/{rel}","templated":true}]}}

Jeantou, le maçon creusois

<p>1830 dans la Creuse. Les paysans survivent laborieusement entre hivers rudes et menaces de famine qui obligent les hommes à émigrer vers Paris. En attendant son père absent pour de longs mois, Jean Blanchon, dit Jeantou, découvre le plaisir des études. Mais bientôt vient son tour de partir, laissant derrière lui famille, amis et le pays qu&#8217;il aime&#8230; En s&#8217;inspirant des récits de son père et de son grand-père, Georges Nigremont nous raconte ici combien fut pénible la vie d&#8217;innombrables Creusois tout au long du XIXe siècle : périlleux voyages à pied lors des campagnes, vie misérable dans la promiscuité des garnis, hantise de la maladie ou de l&#8217;accident sur les chantiers, disputes entre clans, salaires précaires&#8230;</p>
<p><em>Le moment de partir pour ma première campagne était venu. Durant tout l&#8217;hiver, mon père avait remué dans sa tête cette question : m&#8217;emmènerait-il avec lui à Paris, « aux maçons » ?</em><em>Ou bien irais-je à Nevers, « aux tuiliers » ?<br />
</em><em>&#8211; Bien sûr à Paris, j&#8217;aurais l&#8217;œil sur lui, disait-il à ma mère en me regardant&#8230; Mais il faudra tout de suite monter à l&#8217;échelle&#8230; l&#8217;auge est lourde, on ne ménage pas les garçons qui servent les maçons !<br />
</em><em>&#8211; Eh bien ! Envoie-le aux tuiliers, gémissait ma mère&#8230;</em></p>
<p>Voici, tout juste 80 ans, Jeantou, le maçon creusois recevait, au lendemain de sa publication, le Prix jeunesse. Le roman n&#8217;a pas pris une seule ride. Il invite aujourd&#8217;hui encore les Creusois à renouer avec leurs racines et avec leur histoire. Il nous parle, avec les mots de la littérature classique, de la vraie vie dans les années 1830, du quotidien dans les villages de la Creuse et sur les chantiers des villes. Jeantou le petit garçon, avide d&#8217;apprendre et de réussir par le travail, est devenu le temps du roman de Georges Nigremont, un homme. Sa leçon de vie a pris une dimension universelle. Elle nous interpelle comme jamais.</p>

<p>1830 dans la Creuse. Les paysans survivent laborieusement entre hivers rudes et menaces de famine qui obligent les hommes à émigrer vers Paris. En attendant son père absent pour de longs mois, Jean Blanchon, dit Jeantou, découvre le plaisir des études. Mais bientôt vient son tour de partir, laissant derrière lui famille, amis et le [&hellip;]</p>
