{"id":47005,"date":"2024-04-22T12:54:22","date_gmt":"2024-04-22T10:54:22","guid":{"rendered":"http:\/\/www.libraria-occitana.org\/product\/blagues-proverbes-contes-et-chansons-en-limousin-manieres-de-dire\/"},"modified":"2026-04-26T02:07:05","modified_gmt":"2026-04-26T00:07:05","slug":"blagues-proverbes-contes-et-chansons-en-limousin-manieres-de-dire","status":"publish","type":"product","link":"https:\/\/www.libraria-occitana.org\/en\/product\/blagues-proverbes-contes-et-chansons-en-limousin-manieres-de-dire\/","title":{"rendered":"Blagues, proverbes, contes et chansons en Limousin : Mani\u00e8res de dire"},"content":{"rendered":"<p>En occitan, graphies alternativement patoisante ou normalis\u00e9e, avec traduction fran\u00e7aise.<\/p>\n<p>\u00ab Fran\u00e7ais, langue d&#8217;oc et limousin ont une commune origine, mais la constitution d&#8217;un puissant royaume, \u00e0 partir de l&#8217;\u00cele-de-France, imposera la langue du pouvoir, le francien. Fran\u00e7ois Ier, en 1539, imposera \u00e0 son tour le fran\u00e7ais \u00e0 tout le royaume. Tous les dialectes ne seront plus alors que, p\u00e9jorativement, des patois que la R\u00e9volution fran\u00e7aise tentera de r\u00e9duire encore au profit de la langue nationale.<\/p>\n<p>Les langues r\u00e9gionales, porteuses des cultures vernaculaires, r\u00e9sisteront avec les patoisants, et marqueront une \u201crenaissance\u201d \u00e0 partir des XVIIIe et XIXe si\u00e8cles, jusqu&#8217;\u00e0 la r\u00e9forme occitane qui, vers le milieu du XXe si\u00e8cle, proposera une r\u00e9forme graphique susceptible de provoquer un sentiment national dans une Occitanie unitaire.<\/p>\n<p>L&#8217;ouvrage illustre par des proverbes (<em>routinas<\/em>), des contes et blagues (<em>nhorlas<\/em>), des tournures (<em>biais de dire<\/em>), des chansons traditionnelles (<em>chan\u00e7ous<\/em>), sur l&#8217;exemple du Limousin, la culture de cette terre d\u2019oc, berceau de la langue des troubadours. Une v\u00e9ritable saga linguistique. \u00bb<\/p>\n","protected":false},"excerpt":{"rendered":"<p>En occitan, graphies alternativement patoisante ou normalis\u00e9e, avec traduction fran\u00e7aise. \u00ab Fran\u00e7ais, langue d&#8217;oc et limousin ont une commune origine, mais la constitution d&#8217;un puissant royaume, \u00e0 partir de l&#8217;\u00cele-de-France, imposera la langue du pouvoir, le francien. Fran\u00e7ois Ier, en 1539, imposera \u00e0 son tour le fran\u00e7ais \u00e0 tout le royaume. Tous les dialectes ne [&hellip;]<\/p>\n","protected":false},"featured_media":60606,"template":"","meta":{"_acf_changed":false,"_genesis_hide_title":false,"_genesis_hide_breadcrumbs":false,"_genesis_hide_singular_image":false,"_genesis_hide_footer_widgets":false,"_genesis_custom_body_class":"","_genesis_custom_post_class":"","_genesis_layout":""},"product_brand":[],"product_cat":[7132,7136,7146],"product_tag":[],"class_list":{"0":"post-47005","1":"product","2":"type-product","3":"status-publish","4":"has-post-thumbnail","6":"product_cat-books","7":"product_cat-dictionaries-language-educational-en","8":"product_cat-vocabulary-idioms-en","9":"pa_auteur-robert-maurice-en","10":"pa_editeur-geste-en","11":"pa_langue-occitan-lemosin-en","12":"pa_langue-occitan-francais-en","13":"entry","15":"first","16":"instock","17":"shipping-taxable","18":"purchasable","19":"product-type-simple"},"acf":[],"_links":{"self":[{"href":"https:\/\/www.libraria-occitana.org\/en\/wp-json\/wp\/v2\/product\/47005","targetHints":{"allow":["GET"]}}],"collection":[{"href":"https:\/\/www.libraria-occitana.org\/en\/wp-json\/wp\/v2\/product"}],"about":[{"href":"https:\/\/www.libraria-occitana.org\/en\/wp-json\/wp\/v2\/types\/product"}],"wp:featuredmedia":[{"embeddable":true,"href":"https:\/\/www.libraria-occitana.org\/en\/wp-json\/wp\/v2\/media\/60606"}],"wp:attachment":[{"href":"https:\/\/www.libraria-occitana.org\/en\/wp-json\/wp\/v2\/media?parent=47005"}],"wp:term":[{"taxonomy":"product_brand","embeddable":true,"href":"https:\/\/www.libraria-occitana.org\/en\/wp-json\/wp\/v2\/product_brand?post=47005"},{"taxonomy":"product_cat","embeddable":true,"href":"https:\/\/www.libraria-occitana.org\/en\/wp-json\/wp\/v2\/product_cat?post=47005"},{"taxonomy":"product_tag","embeddable":true,"href":"https:\/\/www.libraria-occitana.org\/en\/wp-json\/wp\/v2\/product_tag?post=47005"}],"curies":[{"name":"wp","href":"https:\/\/api.w.org\/{rel}","templated":true}]}}

Blagues, proverbes, contes et chansons en Limousin : Manières de dire

<p>En occitan, graphies alternativement patoisante ou normalisée, avec traduction française.</p>
<p>« Français, langue d&#8217;oc et limousin ont une commune origine, mais la constitution d&#8217;un puissant royaume, à partir de l&#8217;Île-de-France, imposera la langue du pouvoir, le francien. François Ier, en 1539, imposera à son tour le français à tout le royaume. Tous les dialectes ne seront plus alors que, péjorativement, des patois que la Révolution française tentera de réduire encore au profit de la langue nationale.</p>
<p>Les langues régionales, porteuses des cultures vernaculaires, résisteront avec les patoisants, et marqueront une “renaissance” à partir des XVIIIe et XIXe siècles, jusqu&#8217;à la réforme occitane qui, vers le milieu du XXe siècle, proposera une réforme graphique susceptible de provoquer un sentiment national dans une Occitanie unitaire.</p>
<p>L&#8217;ouvrage illustre par des proverbes (<em>routinas</em>), des contes et blagues (<em>nhorlas</em>), des tournures (<em>biais de dire</em>), des chansons traditionnelles (<em>chançous</em>), sur l&#8217;exemple du Limousin, la culture de cette terre d’oc, berceau de la langue des troubadours. Une véritable saga linguistique. »</p>

<p>En occitan, graphies alternativement patoisante ou normalisée, avec traduction française. « Français, langue d&#8217;oc et limousin ont une commune origine, mais la constitution d&#8217;un puissant royaume, à partir de l&#8217;Île-de-France, imposera la langue du pouvoir, le francien. François Ier, en 1539, imposera à son tour le français à tout le royaume. Tous les dialectes ne [&hellip;]</p>
