{"id":51775,"date":"2020-03-10T18:24:31","date_gmt":"2020-03-10T17:24:31","guid":{"rendered":"http:\/\/www.libraria-occitana.org\/product\/la-correze-dhier-a-aujourdhui\/"},"modified":"2024-07-05T00:26:07","modified_gmt":"2024-07-04T22:26:07","slug":"la-correze-dhier-a-aujourdhui","status":"publish","type":"product","link":"https:\/\/www.libraria-occitana.org\/en\/product\/la-correze-dhier-a-aujourdhui\/","title":{"rendered":"La Corr\u00e8ze d&#8217;hier \u00e0 aujourd&#8217;hui&#8230;"},"content":{"rendered":"<p>Une red\u00e9couverte de l\u2019histoire de la Corr\u00e8ze par l\u2019image. Une double vision, gr\u00e2ce \u00e0 des documents anciens et r\u00e9cents, mis face \u00e0 face.Des monuments et constructions importants de 71 communes corr\u00e9ziennes sont repr\u00e9sent\u00e9s pour d\u00e9finir l\u2019identit\u00e9 du d\u00e9partement et de ses habitants. De Beynat \u00e0 Varetz, de Sainte-F\u00e9r\u00e9ole \u00e0 Brive-la-Gaillarde, ou encore de Chamberet \u00e0 Neuvic, Rudi Molleman invite au voyage dans une Corr\u00e8ze transform\u00e9e par le temps.<\/p>\n","protected":false},"excerpt":{"rendered":"<p>Une red\u00e9couverte de l\u2019histoire de la Corr\u00e8ze par l\u2019image. Une double vision, gr\u00e2ce \u00e0 des documents anciens et r\u00e9cents, mis face \u00e0 face.Des monuments et constructions importants de 71 communes corr\u00e9ziennes sont repr\u00e9sent\u00e9s pour d\u00e9finir l\u2019identit\u00e9 du d\u00e9partement et de ses habitants. De Beynat \u00e0 Varetz, de Sainte-F\u00e9r\u00e9ole \u00e0 Brive-la-Gaillarde, ou encore de Chamberet \u00e0 [&hellip;]<\/p>\n","protected":false},"featured_media":51773,"template":"","meta":{"_acf_changed":false,"_genesis_hide_title":false,"_genesis_hide_breadcrumbs":false,"_genesis_hide_singular_image":false,"_genesis_hide_footer_widgets":false,"_genesis_custom_body_class":"","_genesis_custom_post_class":"","_genesis_layout":""},"product_brand":[],"product_cat":[7132,7148,7158],"product_tag":[],"class_list":{"0":"post-51775","1":"product","2":"type-product","3":"status-publish","4":"has-post-thumbnail","6":"product_cat-books","7":"product_cat-history-geography-en","8":"product_cat-modern-and-contemporary-history-en","9":"pa_auteur-molleman-rudi-en","10":"pa_editeur-geste-en","11":"pa_langue-francais-en","12":"entry","14":"first","15":"outofstock","16":"shipping-taxable","17":"purchasable","18":"product-type-simple"},"acf":[],"_links":{"self":[{"href":"https:\/\/www.libraria-occitana.org\/en\/wp-json\/wp\/v2\/product\/51775","targetHints":{"allow":["GET"]}}],"collection":[{"href":"https:\/\/www.libraria-occitana.org\/en\/wp-json\/wp\/v2\/product"}],"about":[{"href":"https:\/\/www.libraria-occitana.org\/en\/wp-json\/wp\/v2\/types\/product"}],"wp:featuredmedia":[{"embeddable":true,"href":"https:\/\/www.libraria-occitana.org\/en\/wp-json\/wp\/v2\/media\/51773"}],"wp:attachment":[{"href":"https:\/\/www.libraria-occitana.org\/en\/wp-json\/wp\/v2\/media?parent=51775"}],"wp:term":[{"taxonomy":"product_brand","embeddable":true,"href":"https:\/\/www.libraria-occitana.org\/en\/wp-json\/wp\/v2\/product_brand?post=51775"},{"taxonomy":"product_cat","embeddable":true,"href":"https:\/\/www.libraria-occitana.org\/en\/wp-json\/wp\/v2\/product_cat?post=51775"},{"taxonomy":"product_tag","embeddable":true,"href":"https:\/\/www.libraria-occitana.org\/en\/wp-json\/wp\/v2\/product_tag?post=51775"}],"curies":[{"name":"wp","href":"https:\/\/api.w.org\/{rel}","templated":true}]}}

La Corrèze d&#8217;hier à aujourd&#8217;hui&#8230;

<p>Une redécouverte de l’histoire de la Corrèze par l’image. Une double vision, grâce à des documents anciens et récents, mis face à face.Des monuments et constructions importants de 71 communes corréziennes sont représentés pour définir l’identité du département et de ses habitants. De Beynat à Varetz, de Sainte-Féréole à Brive-la-Gaillarde, ou encore de Chamberet à Neuvic, Rudi Molleman invite au voyage dans une Corrèze transformée par le temps.</p>

<p>Une redécouverte de l’histoire de la Corrèze par l’image. Une double vision, grâce à des documents anciens et récents, mis face à face.Des monuments et constructions importants de 71 communes corréziennes sont représentés pour définir l’identité du département et de ses habitants. De Beynat à Varetz, de Sainte-Féréole à Brive-la-Gaillarde, ou encore de Chamberet à [&hellip;]</p>
