{"id":52346,"date":"1976-03-30T16:30:30","date_gmt":"1976-03-30T14:30:30","guid":{"rendered":"http:\/\/www.libraria-occitana.org\/product\/la-pluja-lo-camin-de-terra\/"},"modified":"2026-04-29T03:51:21","modified_gmt":"2026-04-29T01:51:21","slug":"la-pluja-lo-camin-de-terra","status":"publish","type":"product","link":"https:\/\/www.libraria-occitana.org\/en\/product\/la-pluja-lo-camin-de-terra\/","title":{"rendered":"La pluja &#038; Lo camin de terra"},"content":{"rendered":"<p>Ces deux courts romans font suite au <a href=\"http:\/\/www.libraria-occitana.org\/produit\/lo-gojat-de-noveme-le-jeune-homme-de-novembre\/\"><em>Gojat de noveme<\/em><\/a>. Mais ici la famille s&#8217;\u00e9largit au village et \u00e0 toute la Grande Lande. Le tableau qu&#8217;en donne Manciet est fid\u00e8le. C&#8217;est le <em>pinhadar<\/em> (pin\u00e8de) des ann\u00e9es 20 alors que l&#8217;airial gascon (propri\u00e9t\u00e9 type de la Gascogne landaise) est d\u00e9j\u00e0 menac\u00e9 dans ses fondations.<\/p>\n<p>Un ma\u00eetre-livre assur\u00e9ment de la prose occitane actuelle.<\/p>\n","protected":false},"excerpt":{"rendered":"<p>Ces deux courts romans font suite au Gojat de noveme. Mais ici la famille s&#8217;\u00e9largit au village et \u00e0 toute la Grande Lande. Le tableau qu&#8217;en donne Manciet est fid\u00e8le. C&#8217;est le pinhadar (pin\u00e8de) des ann\u00e9es 20 alors que l&#8217;airial gascon (propri\u00e9t\u00e9 type de la Gascogne landaise) est d\u00e9j\u00e0 menac\u00e9 dans ses fondations. Un ma\u00eetre-livre [&hellip;]<\/p>\n","protected":false},"featured_media":52350,"template":"","meta":{"_acf_changed":false,"_genesis_hide_title":false,"_genesis_hide_breadcrumbs":false,"_genesis_hide_singular_image":false,"_genesis_hide_footer_widgets":false,"_genesis_custom_body_class":"","_genesis_custom_post_class":"","_genesis_layout":""},"product_brand":[],"product_cat":[7132,7174,7182],"product_tag":[],"class_list":{"0":"post-52346","1":"product","2":"type-product","3":"status-publish","4":"has-post-thumbnail","6":"product_cat-books","7":"product_cat-literature-en","8":"product_cat-novels-short-stories-en","9":"pa_auteur-manciet-bernat-manciet-bernard-en","10":"pa_editeur-per-noste-en","11":"pa_langue-occitan-en","12":"pa_langue-occitan-gascon-en","13":"entry","15":"first","16":"instock","17":"shipping-taxable","18":"purchasable","19":"product-type-simple"},"acf":[],"_links":{"self":[{"href":"https:\/\/www.libraria-occitana.org\/en\/wp-json\/wp\/v2\/product\/52346","targetHints":{"allow":["GET"]}}],"collection":[{"href":"https:\/\/www.libraria-occitana.org\/en\/wp-json\/wp\/v2\/product"}],"about":[{"href":"https:\/\/www.libraria-occitana.org\/en\/wp-json\/wp\/v2\/types\/product"}],"wp:featuredmedia":[{"embeddable":true,"href":"https:\/\/www.libraria-occitana.org\/en\/wp-json\/wp\/v2\/media\/52350"}],"wp:attachment":[{"href":"https:\/\/www.libraria-occitana.org\/en\/wp-json\/wp\/v2\/media?parent=52346"}],"wp:term":[{"taxonomy":"product_brand","embeddable":true,"href":"https:\/\/www.libraria-occitana.org\/en\/wp-json\/wp\/v2\/product_brand?post=52346"},{"taxonomy":"product_cat","embeddable":true,"href":"https:\/\/www.libraria-occitana.org\/en\/wp-json\/wp\/v2\/product_cat?post=52346"},{"taxonomy":"product_tag","embeddable":true,"href":"https:\/\/www.libraria-occitana.org\/en\/wp-json\/wp\/v2\/product_tag?post=52346"}],"curies":[{"name":"wp","href":"https:\/\/api.w.org\/{rel}","templated":true}]}}

<p>Ces deux courts romans font suite au <a href="http://www.libraria-occitana.org/produit/lo-gojat-de-noveme-le-jeune-homme-de-novembre/"><em>Gojat de noveme</em></a>. Mais ici la famille s&#8217;élargit au village et à toute la Grande Lande. Le tableau qu&#8217;en donne Manciet est fidèle. C&#8217;est le <em>pinhadar</em> (pinède) des années 20 alors que l&#8217;airial gascon (propriété type de la Gascogne landaise) est déjà menacé dans ses fondations.</p>
<p>Un maître-livre assurément de la prose occitane actuelle.</p>

<p>Ces deux courts romans font suite au Gojat de noveme. Mais ici la famille s&#8217;élargit au village et à toute la Grande Lande. Le tableau qu&#8217;en donne Manciet est fidèle. C&#8217;est le pinhadar (pinède) des années 20 alors que l&#8217;airial gascon (propriété type de la Gascogne landaise) est déjà menacé dans ses fondations. Un maître-livre [&hellip;]</p>
