{"id":53058,"date":"2020-11-18T17:53:25","date_gmt":"2020-11-18T16:53:25","guid":{"rendered":"http:\/\/www.libraria-occitana.org\/product\/le-parler-marchois-doradour-saint-genest-haute-vienne-abrege-grammatical-et-lexique-thematique\/"},"modified":"2026-04-29T10:09:33","modified_gmt":"2026-04-29T08:09:33","slug":"le-parler-marchois-doradour-saint-genest-haute-vienne-abrege-grammatical-et-lexique-thematique","status":"publish","type":"product","link":"https:\/\/www.libraria-occitana.org\/en\/product\/le-parler-marchois-doradour-saint-genest-haute-vienne-abrege-grammatical-et-lexique-thematique\/","title":{"rendered":"Le parler marchois d&#8217;Oradour-Saint-Genest (Haute-Vienne) : Abr\u00e9g\u00e9 grammatical et lexique th\u00e9matique"},"content":{"rendered":"<p>Le parler d&#8217;Oradour-Saint-Genest (Haute-Vienne), ou radounaud, est pratiqu\u00e9 dans l&#8217;aire linguistique dite du Croissant. Dans cette zone, qui correspond \u00e0 la frange nord du Massif central, on pratique traditionnellement des parlers gallo-romans de transition, pr\u00e9sentant simultan\u00e9ment des traits typiques des vari\u00e9t\u00e9s d&#8217;oc (occitan limousin et auvergnat) et d&#8217;o\u00efl (fran\u00e7ais, poitevin-saintongeais, berrichon, bourbonnais d&#8217;o\u00efl). Au sein du Croissant, le parler d&#8217;Oradour-Saint-Genest peut \u00eatre consid\u00e9r\u00e9 comme un parler marchois (partie limousine du Croissant), ou plus sp\u00e9cifiquement bas-marchois.<\/p>\n<p>Cet ouvrage se fonde sur des donn\u00e9es de premi\u00e8re main, recueillies en 2017 aupr\u00e8s de locuteurs natifs. Il s&#8217;agit d&#8217;un abr\u00e9g\u00e9 grammatical de la langue, \u00e9labor\u00e9 selon la m\u00e9thodologie actuelle en linguistique descriptive. L&#8217;ouvrage propose \u00e9galement un lexique th\u00e9matique radounaud-fran\u00e7ais.<\/p>\n<p>L&#8217;ouvrage s&#8217;adresse tout autant aux linguistes, notamment romanistes, qu&#8217;aux sp\u00e9cialistes de typologie ou de comparatisme.<br \/>\nIl pourra int\u00e9resser les locuteurs du bas-marchois, mais \u00e9galement les enfants ou petits-enfants de ces locuteurs qui souhaitent d\u00e9couvrir ou red\u00e9couvrir leur langue familiale.<\/p>\n","protected":false},"excerpt":{"rendered":"<p>Le parler d&#8217;Oradour-Saint-Genest (Haute-Vienne), ou radounaud, est pratiqu\u00e9 dans l&#8217;aire linguistique dite du Croissant. Dans cette zone, qui correspond \u00e0 la frange nord du Massif central, on pratique traditionnellement des parlers gallo-romans de transition, pr\u00e9sentant simultan\u00e9ment des traits typiques des vari\u00e9t\u00e9s d&#8217;oc (occitan limousin et auvergnat) et d&#8217;o\u00efl (fran\u00e7ais, poitevin-saintongeais, berrichon, bourbonnais d&#8217;o\u00efl). Au sein [&hellip;]<\/p>\n","protected":false},"featured_media":53056,"template":"","meta":{"_acf_changed":false,"_genesis_hide_title":false,"_genesis_hide_breadcrumbs":false,"_genesis_hide_singular_image":false,"_genesis_hide_footer_widgets":false,"_genesis_custom_body_class":"","_genesis_custom_post_class":"","_genesis_layout":""},"product_brand":[],"product_cat":[7132,7138,7136],"product_tag":[],"class_list":{"0":"post-53058","1":"product","2":"type-product","3":"status-publish","4":"has-post-thumbnail","6":"product_cat-books","7":"product_cat-dictionaries-grammars-en","8":"product_cat-dictionaries-language-educational-en","9":"pa_auteur-guerin-maximilien-en","10":"pa_editeur-lharmattan-en","11":"pa_langue-francais-en","12":"pa_langue-occitan-en","13":"pa_langue-occitan-lemosin-en","14":"entry","16":"first","17":"instock","18":"shipping-taxable","19":"purchasable","20":"product-type-simple"},"acf":[],"_links":{"self":[{"href":"https:\/\/www.libraria-occitana.org\/en\/wp-json\/wp\/v2\/product\/53058","targetHints":{"allow":["GET"]}}],"collection":[{"href":"https:\/\/www.libraria-occitana.org\/en\/wp-json\/wp\/v2\/product"}],"about":[{"href":"https:\/\/www.libraria-occitana.org\/en\/wp-json\/wp\/v2\/types\/product"}],"wp:featuredmedia":[{"embeddable":true,"href":"https:\/\/www.libraria-occitana.org\/en\/wp-json\/wp\/v2\/media\/53056"}],"wp:attachment":[{"href":"https:\/\/www.libraria-occitana.org\/en\/wp-json\/wp\/v2\/media?parent=53058"}],"wp:term":[{"taxonomy":"product_brand","embeddable":true,"href":"https:\/\/www.libraria-occitana.org\/en\/wp-json\/wp\/v2\/product_brand?post=53058"},{"taxonomy":"product_cat","embeddable":true,"href":"https:\/\/www.libraria-occitana.org\/en\/wp-json\/wp\/v2\/product_cat?post=53058"},{"taxonomy":"product_tag","embeddable":true,"href":"https:\/\/www.libraria-occitana.org\/en\/wp-json\/wp\/v2\/product_tag?post=53058"}],"curies":[{"name":"wp","href":"https:\/\/api.w.org\/{rel}","templated":true}]}}

Le parler marchois d&#8217;Oradour-Saint-Genest (Haute-Vienne) : Abrégé grammatical et lexique thématique

<p>Le parler d&#8217;Oradour-Saint-Genest (Haute-Vienne), ou radounaud, est pratiqué dans l&#8217;aire linguistique dite du Croissant. Dans cette zone, qui correspond à la frange nord du Massif central, on pratique traditionnellement des parlers gallo-romans de transition, présentant simultanément des traits typiques des variétés d&#8217;oc (occitan limousin et auvergnat) et d&#8217;oïl (français, poitevin-saintongeais, berrichon, bourbonnais d&#8217;oïl). Au sein du Croissant, le parler d&#8217;Oradour-Saint-Genest peut être considéré comme un parler marchois (partie limousine du Croissant), ou plus spécifiquement bas-marchois.</p>
<p>Cet ouvrage se fonde sur des données de première main, recueillies en 2017 auprès de locuteurs natifs. Il s&#8217;agit d&#8217;un abrégé grammatical de la langue, élaboré selon la méthodologie actuelle en linguistique descriptive. L&#8217;ouvrage propose également un lexique thématique radounaud-français.</p>
<p>L&#8217;ouvrage s&#8217;adresse tout autant aux linguistes, notamment romanistes, qu&#8217;aux spécialistes de typologie ou de comparatisme.<br />
Il pourra intéresser les locuteurs du bas-marchois, mais également les enfants ou petits-enfants de ces locuteurs qui souhaitent découvrir ou redécouvrir leur langue familiale.</p>

<p>Le parler d&#8217;Oradour-Saint-Genest (Haute-Vienne), ou radounaud, est pratiqué dans l&#8217;aire linguistique dite du Croissant. Dans cette zone, qui correspond à la frange nord du Massif central, on pratique traditionnellement des parlers gallo-romans de transition, présentant simultanément des traits typiques des variétés d&#8217;oc (occitan limousin et auvergnat) et d&#8217;oïl (français, poitevin-saintongeais, berrichon, bourbonnais d&#8217;oïl). Au sein [&hellip;]</p>
