{"id":53084,"date":"2020-11-20T13:56:32","date_gmt":"2020-11-20T12:56:32","guid":{"rendered":"http:\/\/www.libraria-occitana.org\/product\/vent-de-sable\/"},"modified":"2026-04-25T23:16:37","modified_gmt":"2026-04-25T21:16:37","slug":"vent-de-sable","status":"publish","type":"product","link":"https:\/\/www.libraria-occitana.org\/en\/product\/vent-de-sable\/","title":{"rendered":"Vent de sable"},"content":{"rendered":"<blockquote>\n<p>[&#8230;]<br \/>\nUn niflament furi\u00f3s e una odor acra de fumada anonciet la \u2019ribada dau medecin Masdelb\u00f2sc, legista plan conegut per son umor macabre e sa propension a prener fu\u00f2c tres c\u00f2ps per jorn per causa de cigarretas rosselardas que laissavan tombar lutas e papier mau tuat sus de las chamisas traucadas come per dau pitit plomb tirat a bot tucant. \u00ab Merda, mas quo es Rodilha\u2026 \u00bb Eu tanben l\u2019aimava bien lo vielh trainamis\u00e8ria que \u2019vi\u00e1 menat de sab\u2019 pas ente un pil\u00f2t de nh\u00f2rlas pebradas e vulgaras que lo medecin, a l\u2019ocasion, aimava se far contar per las tornar dire quante, d\u2019astre, era convidat dins lo monde. Despacientat, se doblet per dess\u00fas las bandas rossas e rojas e aguet lo mesme geste que Le Goff. \u00ab Filh de vessa, l\u2019a pas mancat\u2026 \u00bb Son uelh, \u2019bituat a la mis\u00e8ria, avi\u00e1 tanben conegut de las marcas de viol\u00e9ncia sus la chara desj\u00e0 naturalament ben pro uflada dau paubre tipe. Deguet pertant esperar que los dos dan\u00e7aires de claquetas aguessen \u2019chabat lor rec\u00f2lta per rentrar sus la scena dau crime. Le Goff se desviret per pas veire las \u00f2rras manipulacions que lo medecin s\u2019i liurava, aprep aver desfach lo badalhon.<br \/>\nLo pitit Riublandon avi\u00e1 desj\u00e0 quauqua id\u00e8ia sus \u00e7\u00f2 que s\u2019era passat.<br \/>\n[&#8230;]<\/p>\n<\/blockquote>\n<p>Qui ha\u00efssait tellement le pauvre Rodilha, vagabond et indicateur pr\u00e9f\u00e9r\u00e9 du commissariat de Maraval, au point de l&#8217;\u00e9gorger sur un tas d&#8217;ordures ? Un \u00e9trange tatouage met le commissaire Darnaudguilhem sur une piste qui va faire \u00e9merger de vieux souvenirs.<br \/>\nQui se rappelle du Bengara, ce bout de d\u00e9sert conquis par l&#8217;Occitanie au XIX\u00e8me si\u00e8cle ? C&#8217;est pourtant de l\u00e0-bas que s&#8217;est lev\u00e9 un mauvais vent de sable.<\/p>\n","protected":false},"excerpt":{"rendered":"<p>[&#8230;] Un niflament furi\u00f3s e una odor acra de fumada anonciet la \u2019ribada dau medecin Masdelb\u00f2sc, legista plan conegut per son umor macabre e sa propension a prener fu\u00f2c tres c\u00f2ps per jorn per causa de cigarretas rosselardas que laissavan tombar lutas e papier mau tuat sus de las chamisas traucadas come per dau pitit [&hellip;]<\/p>\n","protected":false},"featured_media":53082,"template":"","meta":{"_acf_changed":false,"_genesis_hide_title":false,"_genesis_hide_breadcrumbs":false,"_genesis_hide_singular_image":false,"_genesis_hide_footer_widgets":false,"_genesis_custom_body_class":"","_genesis_custom_post_class":"","_genesis_layout":""},"product_brand":[],"product_cat":[7132,7174,7182],"product_tag":[],"class_list":{"0":"post-53084","1":"product","2":"type-product","3":"status-publish","4":"has-post-thumbnail","6":"product_cat-books","7":"product_cat-literature-en","8":"product_cat-novels-short-stories-en","9":"pa_auteur-ganhaire-joan-en","10":"pa_editeur-ieo-fr-en","11":"pa_editeur-ieo-perigord-novelum-en","12":"pa_langue-occitan-en","13":"pa_langue-occitan-lemosin-en","14":"entry","16":"first","17":"instock","18":"shipping-taxable","19":"purchasable","20":"product-type-simple"},"acf":[],"_links":{"self":[{"href":"https:\/\/www.libraria-occitana.org\/en\/wp-json\/wp\/v2\/product\/53084","targetHints":{"allow":["GET"]}}],"collection":[{"href":"https:\/\/www.libraria-occitana.org\/en\/wp-json\/wp\/v2\/product"}],"about":[{"href":"https:\/\/www.libraria-occitana.org\/en\/wp-json\/wp\/v2\/types\/product"}],"wp:featuredmedia":[{"embeddable":true,"href":"https:\/\/www.libraria-occitana.org\/en\/wp-json\/wp\/v2\/media\/53082"}],"wp:attachment":[{"href":"https:\/\/www.libraria-occitana.org\/en\/wp-json\/wp\/v2\/media?parent=53084"}],"wp:term":[{"taxonomy":"product_brand","embeddable":true,"href":"https:\/\/www.libraria-occitana.org\/en\/wp-json\/wp\/v2\/product_brand?post=53084"},{"taxonomy":"product_cat","embeddable":true,"href":"https:\/\/www.libraria-occitana.org\/en\/wp-json\/wp\/v2\/product_cat?post=53084"},{"taxonomy":"product_tag","embeddable":true,"href":"https:\/\/www.libraria-occitana.org\/en\/wp-json\/wp\/v2\/product_tag?post=53084"}],"curies":[{"name":"wp","href":"https:\/\/api.w.org\/{rel}","templated":true}]}}

<blockquote>
<p>[&#8230;]<br />
Un niflament furiós e una odor acra de fumada anonciet la ’ribada dau medecin Masdelbòsc, legista plan conegut per son umor macabre e sa propension a prener fuòc tres còps per jorn per causa de cigarretas rosselardas que laissavan tombar lutas e papier mau tuat sus de las chamisas traucadas come per dau pitit plomb tirat a bot tucant. « Merda, mas quo es Rodilha… » Eu tanben l’aimava bien lo vielh trainamisèria que ’viá menat de sab’ pas ente un pilòt de nhòrlas pebradas e vulgaras que lo medecin, a l’ocasion, aimava se far contar per las tornar dire quante, d’astre, era convidat dins lo monde. Despacientat, se doblet per dessús las bandas rossas e rojas e aguet lo mesme geste que Le Goff. « Filh de vessa, l’a pas mancat… » Son uelh, ’bituat a la misèria, aviá tanben conegut de las marcas de violéncia sus la chara desjà naturalament ben pro uflada dau paubre tipe. Deguet pertant esperar que los dos dançaires de claquetas aguessen ’chabat lor recòlta per rentrar sus la scena dau crime. Le Goff se desviret per pas veire las òrras manipulacions que lo medecin s’i liurava, aprep aver desfach lo badalhon.<br />
Lo pitit Riublandon aviá desjà quauqua idèia sus çò que s’era passat.<br />
[&#8230;]</p>
</blockquote>
<p>Qui haïssait tellement le pauvre Rodilha, vagabond et indicateur préféré du commissariat de Maraval, au point de l&#8217;égorger sur un tas d&#8217;ordures ? Un étrange tatouage met le commissaire Darnaudguilhem sur une piste qui va faire émerger de vieux souvenirs.<br />
Qui se rappelle du Bengara, ce bout de désert conquis par l&#8217;Occitanie au XIXème siècle ? C&#8217;est pourtant de là-bas que s&#8217;est levé un mauvais vent de sable.</p>

<p>[&#8230;] Un niflament furiós e una odor acra de fumada anonciet la ’ribada dau medecin Masdelbòsc, legista plan conegut per son umor macabre e sa propension a prener fuòc tres còps per jorn per causa de cigarretas rosselardas que laissavan tombar lutas e papier mau tuat sus de las chamisas traucadas come per dau pitit [&hellip;]</p>
